000
CXUS55 KPUB 201059
CF6LAA
PRELIMINARY LOCAL CLIMATOLOGICAL DATA (WS FORM: F-6)

                                          STATION:   LAMAR CO
                                          MONTH:     MAY
                                          YEAR:      2018
                                          LATITUDE:   38  4 N
                                          LONGITUDE: 102 41 W

  TEMPERATURE IN F:       :PCPN:    SNOW:  WIND      :SUNSHINE: SKY     :PK WND
================================================================================
1   2   3   4   5  6A  6B    7    8   9   10  11  12  13   14  15   16   17  18
                                     12Z  AVG MX 2MIN
DY MAX MIN AVG DEP HDD CDD  WTR  SNW DPTH SPD SPD DIR MIN PSBL S-S WX    SPD DR
================================================================================

 1  79  48  64   7   1   0 0.00  0.0    0 10.6 24  30   M    M   2        34  20
 2  71  51  61   3   4   0 0.00  0.0    0 11.0 24  80   M    M   6        33  80
 3  70  40  55  -3  10   0    T  0.0    0 13.8 37 300   M    M   4 18     45 300
 4  76  38  57  -1   8   0 0.00  0.0    0  5.1 20  40   M    M   1        25 340
 5  86  35  61   3   4   0 0.00  0.0    0  7.3 16 290   M    M   0        22 280
 6  89  43  66   7   0   1 0.00  0.0    0 10.1 21 110   M    M   0        31  90
 7  90  48  69  10   0   4 0.00  0.0    0  5.3 15 110   M    M   0        23 160
 8  88  52  70  10   0   5 0.00  0.0    0 11.6 20  10   M    M   0        32 360
 9  91  44  68   8   0   3 0.00  0.0    0  7.6 20 140   M    M   0        28 150
10  94  48  71  11   0   6 0.00  0.0    0 14.0 29 160   M    M   0        40 140
11  84  56  70   9   0   5 0.00  0.0    0 13.0 26  80   M    M   2        35  90
12  78  52  65   4   0   0 0.00  0.0    0 13.4 25  90   M    M   4 18     37  80
13  82  52  67   6   0   2    T  0.0    0 11.7 24  70   M    M   5 18     31  80
14  82  54  68   6   0   3 0.01  0.0    0  8.9 23  50   M    M   4        31  50
15  79  52  66   4   0   1 0.06  0.0    0 13.0 45 180   M    M   3        56 180
16  87  52  70   8   0   5 0.03  0.0    0 12.4 21 130   M    M   2        30 160
17  92  55  74  11   0   9 0.03  0.0    0 20.2 39 160   M    M   0        55 150
18  85  58  72   9   0   7 0.10  0.0    0 12.3 45 290   M    M   2        59 290
19  73  47  60  -3   5   0 0.03  0.0    0 11.1 24  10   M    M   6        32 350
================================================================================
SM 1576  925        32  51  0.26     0.0 212.4          M       41
================================================================================
AV 83.0 48.7                              11.2 FASTST   M    M   2    MAX(MPH)
                                 MISC ---->  # 45 180               # 59  290
================================================================================
NOTES:
# LAST OF SEVERAL OCCURRENCES

COLUMN 17 PEAK WIND IN M.P.H.

PRELIMINARY LOCAL CLIMATOLOGICAL DATA (WS FORM: F-6) , PAGE 2

                                          STATION:  LAMAR CO
                                          MONTH:    MAY
                                          YEAR:     2018
                                          LATITUDE:   38  4 N
                                          LONGITUDE: 102 41 W

[TEMPERATURE DATA]      [PRECIPITATION DATA]       SYMBOLS USED IN COLUMN 16

AVERAGE MONTHLY: 65.8   TOTAL FOR MONTH:   0.26    1 = FOG OR MIST
DPTR FM NORMAL:   5.6   DPTR FM NORMAL:   -0.72    2 = FOG REDUCING VISIBILITY
HIGHEST:    94 ON 10    GRTST 24HR  0.10 ON 18-18      TO 1/4 MILE OR LESS
LOWEST:     35 ON  5                               3 = THUNDER
                        SNOW, ICE PELLETS, HAIL    4 = ICE PELLETS
                        TOTAL MONTH:   0.0 INCH    5 = HAIL
                        GRTST 24HR     0.0         6 = FREEZING RAIN OR DRIZZLE
                        GRTST DEPTH:   0           7 = DUSTSTORM OR SANDSTORM:
                                                       VSBY 1/2 MILE OR LESS
                                                   8 = SMOKE OR HAZE
[NO. OF DAYS WITH]      [WEATHER - DAYS WITH]      9 = BLOWING SNOW
                                                   X = TORNADO
MAX 32 OR BELOW:   0    0.01 INCH OR MORE:   6
MAX 90 OR ABOVE:   4    0.10 INCH OR MORE:   1
MIN 32 OR BELOW:   0    0.50 INCH OR MORE:   0
MIN  0 OR BELOW:   0    1.00 INCH OR MORE:   0

[HDD (BASE 65) ]
TOTAL THIS MO.    32    CLEAR  (SCALE 0-3)  13
DPTR FM NORMAL   -80    PTCLDY (SCALE 4-7)   6
TOTAL FM JUL 1  5030    CLOUDY (SCALE 8-10)  0
DPTR FM NORMAL  -482

[CDD (BASE 65) ]
TOTAL THIS MO.    51
DPTR FM NORMAL    29    [PRESSURE DATA]
TOTAL FM JAN 1    61    HIGHEST SLP M ON M
DPTR FM NORMAL    34    LOWEST  SLP 29.56 ON 11

[REMARKS]
