000
CXUS54 KLCH 260930
CF6LCH
PRELIMINARY LOCAL CLIMATOLOGICAL DATA (WS FORM: F-6)

                                          STATION:   LAKE CHARLES
                                          MONTH:     APRIL
                                          YEAR:      2018
                                          LATITUDE:   30  7 N
                                          LONGITUDE:  93 13 W

  TEMPERATURE IN F:       :PCPN:    SNOW:  WIND      :SUNSHINE: SKY     :PK WND
================================================================================
1   2   3   4   5  6A  6B    7    8   9   10  11  12  13   14  15   16   17  18
                                     12Z  AVG MX 2MIN
DY MAX MIN AVG DEP HDD CDD  WTR  SNW DPTH SPD SPD DIR MIN PSBL S-S WX    SPD DR
================================================================================

 1  78  59  69   4   0   4 0.00  0.0    0  6.0 14 220   M    M   4        18 200
 2  82  63  73   8   0   8 0.00  0.0    0  7.6 15 160   M    M   6        22 180
 3  82  67  75  10   0  10    T  0.0    0 10.8 26 360   M    M   6 3      32 360
 4  74  53  64  -1   1   0 0.11  0.0    0 14.4 26  50   M    M   3 3      34  20
 5  71  50  61  -5   4   0    T  0.0    0  8.0 22 120   M    M   4        27 120
 6  80  60  70   4   0   5 0.00  0.0    0  9.2 20 190   M    M   8        30 210
 7  73  45  59  -7   6   0 1.76    M    0 12.3 24  20   M    M  10 13     30 360
 8  56  44  50 -16  15   0 0.00  0.0    0  7.5 16  40   M    M  10        19  40
 9  68  54  61  -5   4   0    T  0.0    0  9.2 15  30   M    M  10 1      20  30
10  78  53  66  -1   0   1 0.00  0.0    0 10.4 20  40   M    M   1        24  20
11  75  50  63  -4   2   0 0.00  0.0    0  6.1 12 200   M    M   0        15 220
12  79  52  66  -1   0   1 0.00  0.0    0 10.3 21 150   M    M   2        26 160
13  82  69  76   9   0  11 0.00  0.0    0 15.2 29 150   M    M   9        36 150
14  75  46  61  -7   4   0 0.29    M    0  9.7 33 300   M    M   7 13     43 300
15  67  46  57 -11   8   0 0.00  0.0    0 11.2 24 300   M    M   0        32 310
16  74  41  58 -10   7   0 0.00  0.0    0  3.0 10 210   M    M   0        16 230
17  77  52  65  -3   0   0 0.00  0.0    0  8.4 18 210   M    M   0        26 230
18  80  66  73   4   0   8 0.00  0.0    0  8.6 16 240   M    M   4 1      23 240
19  77  56  67  -2   0   2 0.00  0.0    0 10.4 20  20   M    M   3 1      27  10
20  70  48  59 -10   6   0 0.00  0.0    0  9.2 20  70   M    M   0        23  60
21  78  59  69   0   0   4 0.14  0.0    0 11.1 22 140   M    M   6 13     30 150
22  74  57  66  -4   0   1 1.06  0.0    0 10.5 24 320   M    M   5 13     30 320
23  77  53  65  -5   0   0 0.00  0.0    0  6.4 16 290   M    M   1        22 290
24  83  53  68  -2   0   3 0.00  0.0    0  4.9 15 310   M    M   0 8      20 320
25  83  58  71   1   0   6 0.00  0.0    0  5.8 14 250   M    M   3 123    20 250
================================================================================
SM 1893 1354        57  64  3.36     0.0 226.2          M      102
================================================================================
AV 75.7 54.2                               9.0 FASTST   M    M   4    MAX(MPH)
                                 MISC ---->  # 33 300               # 43  300
================================================================================
NOTES:
# LAST OF SEVERAL OCCURRENCES

COLUMN 17 PEAK WIND IN M.P.H.

PRELIMINARY LOCAL CLIMATOLOGICAL DATA (WS FORM: F-6) , PAGE 2

                                          STATION:  LAKE CHARLES
                                          MONTH:    APRIL
                                          YEAR:     2018
                                          LATITUDE:   30  7 N
                                          LONGITUDE:  93 13 W

[TEMPERATURE DATA]      [PRECIPITATION DATA]       SYMBOLS USED IN COLUMN 16

AVERAGE MONTHLY: 64.9   TOTAL FOR MONTH:   3.36    1 = FOG OR MIST
DPTR FM NORMAL:  -2.5   DPTR FM NORMAL:    0.62    2 = FOG REDUCING VISIBILITY
HIGHEST:    83 ON 25,24 GRTST 24HR  1.76 ON  7- 7      TO 1/4 MILE OR LESS
LOWEST:     41 ON 16                               3 = THUNDER
                        SNOW, ICE PELLETS, HAIL    4 = ICE PELLETS
                        TOTAL MONTH:   0.0 INCH    5 = HAIL
                        GRTST 24HR     0.0         6 = FREEZING RAIN OR DRIZZLE
                        GRTST DEPTH:   0           7 = DUSTSTORM OR SANDSTORM:
                                                       VSBY 1/2 MILE OR LESS
                                                   8 = SMOKE OR HAZE
[NO. OF DAYS WITH]      [WEATHER - DAYS WITH]      9 = BLOWING SNOW
                                                   X = TORNADO
MAX 32 OR BELOW:   0    0.01 INCH OR MORE:   5
MAX 90 OR ABOVE:   0    0.10 INCH OR MORE:   5
MIN 32 OR BELOW:   0    0.50 INCH OR MORE:   2
MIN  0 OR BELOW:   0    1.00 INCH OR MORE:   2

[HDD (BASE 65) ]
TOTAL THIS MO.    57    CLEAR  (SCALE 0-3)  12
DPTR FM NORMAL    13    PTCLDY (SCALE 4-7)   9
TOTAL FM JUL 1  1299    CLOUDY (SCALE 8-10)  4
DPTR FM NORMAL  -189

[CDD (BASE 65) ]
TOTAL THIS MO.    64
DPTR FM NORMAL   -41    [PRESSURE DATA]
TOTAL FM JAN 1   269    HIGHEST SLP M ON M
DPTR FM NORMAL    92    LOWEST  SLP 29.73 ON 14

[REMARKS]
