000
CXUS53 KLMK 190710
CF6LEX
PRELIMINARY LOCAL CLIMATOLOGICAL DATA (WS FORM: F-6)
STATION: LEXINGTON KY
MONTH: APRIL
YEAR: 2024
LATITUDE: 38 1 N
LONGITUDE: 84 36 W
TEMPERATURE IN F: :PCPN: SNOW: WIND :SUNSHINE: SKY :PK WND
================================================================================
1 2 3 4 5 6A 6B 7 8 9 10 11 12 13 14 15 16 17 18
12Z AVG MX 2MIN
DY MAX MIN AVG DEP HDD CDD WTR SNW DPTH SPD SPD DIR MIN PSBL S-S WX SPD DR
================================================================================
1 78 66 72 21 0 7 0.00 0.0 0 12.0 20 230 M M 6 26 210
2 75 53 64 12 1 0 0.95 0.0 0 16.0 32 320 M M 9 13 55 320
3 54 37 46 -6 19 0 0.02 0.0 0 14.8 35 260 M M 9 1 50 260
4 47 37 42 -10 23 0 0.04 0.0 0 13.9 24 270 M M 10 1 34 280
5 49 37 43 -9 22 0 0.05 0.0 0 7.4 20 280 M M 10 18 25 280
6 59 35 47 -6 18 0 0.00 0.0 0 7.0 16 50 M M 2 1 21 60
7 68 41 55 2 10 0 T 0.0 0 9.2 18 130 M M 1 24 110
8 75 55 65 11 0 0 0.00 0.0 0 10.1 18 190 M M 4 27 180
9 64 56 60 6 5 0 0.21 0.0 0 9.5 18 210 M M 6 1 25 210
10 70 56 63 9 2 0 0.74 0.0 0 8.1 16 190 M M 8 1 22 180
11 68 52 60 5 5 0 1.35 0.0 0 10.2 24 300 M M 9 1 40 280
12 55 48 52 -3 13 0 0.10 0.0 0 14.5 26 280 M M 8 40 280
13 70 45 58 3 7 0 0.00 0.0 0 8.3 18 260 M M 0 25 270
14 82 55 69 13 0 4 0.00 0.0 0 13.6 26 220 M M 0 39 220
15 83 60 72 16 0 7 0.01 0.0 0 8.6 16 340 M M 1 3 22 340
16 83 61 72 16 0 7 0.00 0.0 0 10.3 20 180 M M 1 28 180
17 79 63 71 14 0 6 0.09 0.0 0 14.7 31 200 M M 5 43 210
18 82 53 68 11 0 3 0.00 0.0 0 4.5 17 240 M M 0 26 240
================================================================================
SM 1241 910 125 34 3.56 0.0 192.7 M 89
================================================================================
AV 68.9 50.6 10.7 FASTST M M 5 MAX(MPH)
MISC ----> 35 260 55 320
================================================================================
NOTES:
# LAST OF SEVERAL OCCURRENCES
COLUMN 17 PEAK WIND IN M.P.H.
PRELIMINARY LOCAL CLIMATOLOGICAL DATA (WS FORM: F-6) , PAGE 2
STATION: LEXINGTON KY
MONTH: APRIL
YEAR: 2024
LATITUDE: 38 1 N
LONGITUDE: 84 36 W
[TEMPERATURE DATA] [PRECIPITATION DATA] SYMBOLS USED IN COLUMN 16
AVERAGE MONTHLY: 59.8 TOTAL FOR MONTH: 3.56 1 = FOG OR MIST
DPTR FM NORMAL: 5.6 DPTR FM NORMAL: 1.05 2 = FOG REDUCING VISIBILITY
HIGHEST: 83 ON 16,15 GRTST 24HR 1.36 ON 10-11 TO 1/4 MILE OR LESS
LOWEST: 35 ON 6 3 = THUNDER
SNOW, ICE PELLETS, HAIL 4 = ICE PELLETS
TOTAL MONTH: 0.0 INCH 5 = HAIL
GRTST 24HR 0.0 6 = FREEZING RAIN OR DRIZZLE
GRTST DEPTH: 0 7 = DUSTSTORM OR SANDSTORM:
VSBY 1/2 MILE OR LESS
8 = SMOKE OR HAZE
[NO. OF DAYS WITH] [WEATHER - DAYS WITH] 9 = BLOWING SNOW
X = TORNADO
MAX 32 OR BELOW: 0 0.01 INCH OR MORE: 10
MAX 90 OR ABOVE: 0 0.10 INCH OR MORE: 5
MIN 32 OR BELOW: 0 0.50 INCH OR MORE: 3
MIN 0 OR BELOW: 0 1.00 INCH OR MORE: 1
[HDD (BASE 65) ]
TOTAL THIS MO. 125 CLEAR (SCALE 0-3) 7
DPTR FM NORMAL -81 PTCLDY (SCALE 4-7) 5
TOTAL FM JUL 1 3393 CLOUDY (SCALE 8-10) 6
DPTR FM NORMAL -855
[CDD (BASE 65) ]
TOTAL THIS MO. 34
DPTR FM NORMAL 25 [PRESSURE DATA]
TOTAL FM JAN 1 40 HIGHEST SLP M ON M
DPTR FM NORMAL 27 LOWEST SLP 29.32 ON 11
[REMARKS]