000
CXHW51 PHFO 231250
CF6LIH
PRELIMINARY LOCAL CLIMATOLOGICAL DATA (WS FORM: F-6)

                                          STATION:   LIHUE HI
                                          MONTH:     MAY
                                          YEAR:      2018
                                          LATITUDE:   21 58 N
                                          LONGITUDE: 159 21 W

  TEMPERATURE IN F:       :PCPN:    SNOW:  WIND      :SUNSHINE: SKY     :PK WND
================================================================================
1   2   3   4   5  6A  6B    7    8   9   10  11  12  13   14  15   16   17  18
                                     12Z  AVG MX 2MIN
DY MAX MIN AVG DEP HDD CDD  WTR  SNW DPTH SPD SPD DIR MIN PSBL S-S WX    SPD DR
================================================================================

 1  78  61  70  -5   0   5    T  0.0    M  7.7 13 280   M    M   M        15  10
 2  77  67  72  -3   0   7 0.20  0.0    M  7.4 14  20   M    M   M 1      17 340
 3  75  67  71  -4   0   6 0.85  0.0    M  5.7 16  20   M    M   M 1      18  20
 4  76  69  73  -2   0   8 0.01  0.0    M  7.3 14  20   M    M   M        16  20
 5  80  68  74  -1   0   9 0.05  0.0    M 11.5 22  30   M    M   M 1      26  40
 6  80  65  73  -2   0   8 0.00  0.0    M 13.9 21  40   M    M   M        26  10
 7  78  71  75   0   0  10 0.00  0.0    M 18.5 24  40   M    M   M 8      28  40
 8  80  72  76   1   0  11 0.00  0.0    M 16.7 23  30   M    M   M        28  40
 9  81  73  77   2   0  12 0.00  0.0    M 13.8 20  70   M    M   M        24  60
10  82  75  79   4   0  14 0.00  0.0    M 10.6 16  70   M    M   M        19  80
11  81  69  75   0   0  10 0.00  0.0    M  8.4 17  40   M    M   M        20  30
12  82  73  78   3   0  13 0.02  0.0    M 14.7 22  40   M    M   M 1      26  40
13  81  72  77   1   0  12    T  0.0    M 17.6 24  30   M    M   M 1      29  30
14  77  71  74  -2   0   9 0.05  0.0    M 16.1 23  40   M    M   M 1      27  20
15  79  68  74  -2   0   9 0.00  0.0    M 10.9 16  40   M    M   M        19  50
16  81  66  74  -2   0   9 0.02  0.0    M 10.8 18  20   M    M   M 1      25  10
17  82  68  75  -1   0  10 0.00  0.0    M 10.2 16  60   M    M   M        19  60
18  83  76  80   4   0  15 0.00  0.0    M 13.7 17  60   M    M   M        21  60
19  82  72  77   1   0  12 0.01  0.0    M 17.0 25  80   M    M   M 1      32  60
20  82  74  78   2   0  13 0.02  0.0    M 17.4 22  50   M    M   M 1      28  50
21  82  74  78   2   0  13    T  0.0    M 16.3 21  50   M    M   M 1      26  40
22  81  71  76   0   0  11 0.04  0.0    M 18.6 28  50   M    M   M 18     33  60
================================================================================
SM 1760 1542         0 226  1.27     0.0 284.8          M        M
================================================================================
AV 80.0 70.1                              12.9 FASTST   M    M   0    MAX(MPH)
                                 MISC ---->  # 28  50               # 33   60
================================================================================
NOTES:
# LAST OF SEVERAL OCCURRENCES

COLUMN 17 PEAK WIND IN M.P.H.

PRELIMINARY LOCAL CLIMATOLOGICAL DATA (WS FORM: F-6) , PAGE 2

                                          STATION:  LIHUE HI
                                          MONTH:    MAY
                                          YEAR:     2018
                                          LATITUDE:   21 58 N
                                          LONGITUDE: 159 21 W

[TEMPERATURE DATA]      [PRECIPITATION DATA]       SYMBOLS USED IN COLUMN 16

AVERAGE MONTHLY: 75.1   TOTAL FOR MONTH:   1.27    1 = FOG OR MIST
DPTR FM NORMAL:  -0.4   DPTR FM NORMAL:   -0.33    2 = FOG REDUCING VISIBILITY
HIGHEST:    83 ON 18    GRTST 24HR  0.85 ON  3- 3      TO 1/4 MILE OR LESS
LOWEST:     61 ON  1                               3 = THUNDER
                        SNOW, ICE PELLETS, HAIL    4 = ICE PELLETS
                        TOTAL MONTH:   0.0 INCH    5 = HAIL
                        GRTST 24HR     0.0         6 = FREEZING RAIN OR DRIZZLE
                        GRTST DEPTH:  M  ON   M    7 = DUSTSTORM OR SANDSTORM:
                                                       VSBY 1/2 MILE OR LESS
                                                   8 = SMOKE OR HAZE
[NO. OF DAYS WITH]      [WEATHER - DAYS WITH]      9 = BLOWING SNOW
                                                   X = TORNADO
MAX 32 OR BELOW:   0    0.01 INCH OR MORE:  10
MAX 90 OR ABOVE:   0    0.10 INCH OR MORE:   2
MIN 32 OR BELOW:   0    0.50 INCH OR MORE:   1
MIN  0 OR BELOW:   0    1.00 INCH OR MORE:   0

[HDD (BASE 65) ]
TOTAL THIS MO.     0    CLEAR  (SCALE 0-3)   0
DPTR FM NORMAL     0    PTCLDY (SCALE 4-7)   0
TOTAL FM JUL 1     0    CLOUDY (SCALE 8-10)  0
DPTR FM NORMAL     0

[CDD (BASE 65) ]
TOTAL THIS MO.   226
DPTR FM NORMAL    -3    [PRESSURE DATA]
TOTAL FM JAN 1  1212    HIGHEST SLP M ON M
DPTR FM NORMAL    79    LOWEST  SLP 29.97 ON 15

[REMARKS]
