000
CXUS53 KDTX 240800
CF6MBS
PRELIMINARY LOCAL CLIMATOLOGICAL DATA (WS FORM: F-6)

                                          STATION:   TRI CITIES MI
                                          MONTH:     MAY
                                          YEAR:      2018
                                          LATITUDE:   43 31 N
                                          LONGITUDE:  84  5 W

  TEMPERATURE IN F:       :PCPN:    SNOW:  WIND      :SUNSHINE: SKY     :PK WND
================================================================================
1   2   3   4   5  6A  6B    7    8   9   10  11  12  13   14  15   16   17  18
                                     12Z  AVG MX 2MIN
DY MAX MIN AVG DEP HDD CDD  WTR  SNW DPTH SPD SPD DIR MIN PSBL S-S WX    SPD DR
================================================================================

 1  84  57  71  19   0   6 0.00  0.0    0 14.0 32 230   M    M   0        39 220
 2  82  62  72  20   0   7 0.05  0.0    0 13.8 26 230   M    M   4 3      34 230
 3  63  51  57   4   8   0 0.91  0.0    0  8.3 17  30   M    M   8 13     20  30
 4  73  53  63  10   2   0 0.19  0.0    0 17.4 52 220   M    M   4 1      63 220
 5  80  52  66  12   0   1 0.00  0.0    0  9.5 22  30   M    M   4        26  40
 6  63  43  53  -1  12   0    T  0.0    0 10.3 22  40   M    M   4        25  30
 7  68  41  55   1  10   0 0.00  0.0    0  5.1 10 170   M    M   0        14 160
 8  82  50  66  12   0   1 0.00  0.0    0  9.9 16 210   M    M   0        27 220
 9  80  58  69  14   0   4 0.30  0.0    0 15.3 22 160   M    M   2 13     33 160
10  66  45  56   1   9   0    T  0.0    0 14.4 22 310   M    M   7 1      27 310
11  47  37  42 -14  23   0 0.26  0.0    0  9.1 17  10   M    M   5 1      22  10
12  57  41  49  -7  16   0    T  0.0    0  9.6 21  40   M    M   6 1      25  40
13  70  43  57   1   8   0 0.00  0.0    0  5.8 14 220   M    M   2        17 230
14  76  53  65   8   0   0 0.67  0.0    0  6.7 20 230   M    M   4 138    22 220
15  71  51  61   4   4   0 0.20  0.0    0  7.6 28  40   M    M   6 1      31  40
16  79  46  63   6   2   0 0.00  0.0    0  4.9 12 240   M    M   1         M  M
17  63  50  57  -1   8   0 0.00  0.0    0 15.1 24  40   M    M   0        31  50
18  71  49  60   2   5   0    T  0.0    0 14.6 25  40   M    M   0        29  40
19  68  53  61   3   4   0 0.27  0.0    0  7.9 15 330   M    M  10 1      20 310
20  61  49  55  -4  10   0 0.00  0.0    0  6.8 16 340   M    M   6        19 340
21  65  44  55  -4  10   0 0.09  0.0    0  7.2 15 130   M    M   6 12     18 130
22  65  51  58  -1   7   0 0.09  0.0    0  4.2 12 340   M    M   8 1      14 360
23  81  50  66   6   0   1 0.00  0.0    0  5.2 13 220   M    M   1 12     14 220
================================================================================
SM 1615 1129       138  20  3.03     0.0 222.7          M       88
================================================================================
AV 70.2 49.1                               9.7 FASTST   M    M   4    MAX(MPH)
                                 MISC ---->  # 52 220               # 63  220
================================================================================
NOTES:
# LAST OF SEVERAL OCCURRENCES

COLUMN 17 PEAK WIND IN M.P.H.

PRELIMINARY LOCAL CLIMATOLOGICAL DATA (WS FORM: F-6) , PAGE 2

                                          STATION:  TRI CITIES MI
                                          MONTH:    MAY
                                          YEAR:     2018
                                          LATITUDE:   43 31 N
                                          LONGITUDE:  84  5 W

[TEMPERATURE DATA]      [PRECIPITATION DATA]       SYMBOLS USED IN COLUMN 16

AVERAGE MONTHLY: 59.7   TOTAL FOR MONTH:   3.03    1 = FOG OR MIST
DPTR FM NORMAL:   3.7   DPTR FM NORMAL:    0.48    2 = FOG REDUCING VISIBILITY
HIGHEST:    84 ON  1    GRTST 24HR  0.91 ON  3- 3      TO 1/4 MILE OR LESS
LOWEST:     37 ON 11                               3 = THUNDER
                        SNOW, ICE PELLETS, HAIL    4 = ICE PELLETS
                        TOTAL MONTH:   0.0 INCH    5 = HAIL
                        GRTST 24HR     0.0         6 = FREEZING RAIN OR DRIZZLE
                        GRTST DEPTH:   0           7 = DUSTSTORM OR SANDSTORM:
                                                       VSBY 1/2 MILE OR LESS
                                                   8 = SMOKE OR HAZE
[NO. OF DAYS WITH]      [WEATHER - DAYS WITH]      9 = BLOWING SNOW
                                                   X = TORNADO
MAX 32 OR BELOW:   0    0.01 INCH OR MORE:  10
MAX 90 OR ABOVE:   0    0.10 INCH OR MORE:   7
MIN 32 OR BELOW:   0    0.50 INCH OR MORE:   2
MIN  0 OR BELOW:   0    1.00 INCH OR MORE:   0

[HDD (BASE 65) ]
TOTAL THIS MO.   138    CLEAR  (SCALE 0-3)   9
DPTR FM NORMAL   -90    PTCLDY (SCALE 4-7)  13
TOTAL FM JUL 1  6763    CLOUDY (SCALE 8-10)  1
DPTR FM NORMAL  -105

[CDD (BASE 65) ]
TOTAL THIS MO.    20
DPTR FM NORMAL     5    [PRESSURE DATA]
TOTAL FM JAN 1    20    HIGHEST SLP M ON M
DPTR FM NORMAL     1    LOWEST  SLP 29.56 ON  4

[REMARKS]
