000
CXUS52 KFFC 201110
CF6MCN
PRELIMINARY LOCAL CLIMATOLOGICAL DATA (WS FORM: F-6)

                                          STATION:   MACON
                                          MONTH:     APRIL
                                          YEAR:      2018
                                          LATITUDE:   32 42 N
                                          LONGITUDE:  83 39 W

  TEMPERATURE IN F:       :PCPN:    SNOW:  WIND      :SUNSHINE: SKY     :PK WND
================================================================================
1   2   3   4   5  6A  6B    7    8   9   10  11  12  13   14  15   16   17  18
                                     12Z  AVG MX 2MIN
DY MAX MIN AVG DEP HDD CDD  WTR  SNW DPTH SPD SPD DIR MIN PSBL S-S WX    SPD DR
================================================================================

 1  78  41  60   0   5   0 0.00  0.0    0  2.9  9 200   M    M   0        13 170
 2  82  48  65   5   0   0 0.00  0.0    0  4.8 14 200   M    M   0 1      18 200
 3  86  53  70   9   0   5 0.00  0.0    0  8.5 21 210   M    M   2 18     28 210
 4  70  49  60  -1   5   0 0.06    M    0 10.2 18 300   M    M   2 1      25 330
 5  72  35  54  -7  11   0 0.00  0.0    0  3.7 12  80   M    M   0        16 330
 6  80  44  62   1   3   0 0.00  0.0    0  5.6 17 180   M    M   2        24 170
 7  71  49  60  -2   5   0 0.11    M    0  8.9 18 290   M    M   7 1      23 300
 8  58  42  50 -12  15   0 0.00  0.0    0  6.3 16 310   M    M   9        21 300
 9  59  50  55  -7  10   0 0.06  0.0    0  5.8 10  80   M    M  10 1      14 350
10  72  49  61  -1   4   0 0.00  0.0    0  4.6 14  30   M    M   4        18  40
11  75  41  58  -4   7   0 0.00  0.0    0  4.7 18 350   M    M   0 1      26 320
12  79  41  60  -2   5   0 0.00  0.0    0  3.9 15 160   M    M   0        19 140
13  83  49  66   3   0   1 0.00  0.0    0  8.3 18 160   M    M   2        26 140
14  85  57  71   8   0   6 0.00  0.0    0  9.1 20 210   M    M   3        26 170
15  70  49  60  -3   5   0 1.75  0.0    0 12.1 24 260   M    M   9 13     32 290
16  62  39  51 -12  14   0    T    M    0 14.5 26 260   M    M   2        35 280
17  77  36  57  -7   8   0 0.00  0.0    0  8.2 20 270   M    M   0        25 260
18  87  48  68   4   0   3 0.00  0.0    0 11.2 25 260   M    M   0        35 230
19  81  52  67   3   0   2 0.00  0.0    0 12.8 26 260   M    M   1        34 260
================================================================================
SM 1427  872        97  17  1.98     0.0 146.1          M       53
================================================================================
AV 75.1 45.9                               7.7 FASTST   M    M   3    MAX(MPH)
                                 MISC ---->  # 26 260               # 35  280
================================================================================
NOTES:
# LAST OF SEVERAL OCCURRENCES

COLUMN 17 PEAK WIND IN M.P.H.

PRELIMINARY LOCAL CLIMATOLOGICAL DATA (WS FORM: F-6) , PAGE 2

                                          STATION:  MACON
                                          MONTH:    APRIL
                                          YEAR:     2018
                                          LATITUDE:   32 42 N
                                          LONGITUDE:  83 39 W

[TEMPERATURE DATA]      [PRECIPITATION DATA]       SYMBOLS USED IN COLUMN 16

AVERAGE MONTHLY: 60.5   TOTAL FOR MONTH:   1.98    1 = FOG OR MIST
DPTR FM NORMAL:  -1.6   DPTR FM NORMAL:   -0.05    2 = FOG REDUCING VISIBILITY
HIGHEST:    87 ON 18    GRTST 24HR  1.75 ON 15-15      TO 1/4 MILE OR LESS
LOWEST:     35 ON  5                               3 = THUNDER
                        SNOW, ICE PELLETS, HAIL    4 = ICE PELLETS
                        TOTAL MONTH:   0.0 INCH    5 = HAIL
                        GRTST 24HR     0.0         6 = FREEZING RAIN OR DRIZZLE
                        GRTST DEPTH:   0           7 = DUSTSTORM OR SANDSTORM:
                                                       VSBY 1/2 MILE OR LESS
                                                   8 = SMOKE OR HAZE
[NO. OF DAYS WITH]      [WEATHER - DAYS WITH]      9 = BLOWING SNOW
                                                   X = TORNADO
MAX 32 OR BELOW:   0    0.01 INCH OR MORE:   4
MAX 90 OR ABOVE:   0    0.10 INCH OR MORE:   2
MIN 32 OR BELOW:   0    0.50 INCH OR MORE:   1
MIN  0 OR BELOW:   0    1.00 INCH OR MORE:   1

[HDD (BASE 65) ]
TOTAL THIS MO.    97    CLEAR  (SCALE 0-3)  14
DPTR FM NORMAL    11    PTCLDY (SCALE 4-7)   2
TOTAL FM JUL 1  2044    CLOUDY (SCALE 8-10)  3
DPTR FM NORMAL  -239

[CDD (BASE 65) ]
TOTAL THIS MO.    17
DPTR FM NORMAL   -13    [PRESSURE DATA]
TOTAL FM JAN 1    88    HIGHEST SLP M ON M
DPTR FM NORMAL    37    LOWEST  SLP 29.62 ON 15

[REMARKS]
