001
CXUS53 KDMX 230920
CF6MCW
PRELIMINARY LOCAL CLIMATOLOGICAL DATA (WS FORM: F-6)

                                          STATION:   MASON CITY IA
                                          MONTH:     MAY
                                          YEAR:      2018
                                          LATITUDE:   43  9 N
                                          LONGITUDE:  93 20 W

  TEMPERATURE IN F:       :PCPN:    SNOW:  WIND      :SUNSHINE: SKY     :PK WND
================================================================================
1   2   3   4   5  6A  6B    7    8   9   10  11  12  13   14  15   16   17  18
                                     12Z  AVG MX 2MIN
DY MAX MIN AVG DEP HDD CDD  WTR  SNW DPTH SPD SPD DIR MIN PSBL S-S WX    SPD DR
================================================================================

 1  77  56  67  14   0   2 0.76  0.0    0 12.7 30 230   M    M   8 138    40 230
 2  63  52  58   4   7   0 0.67  0.0    0  7.3 17  30   M    M   6 13     21  40
 3  67  42  55   1  10   0 1.82  0.0    0 10.1 28  10   M    M   6 123    31  10
 4  75  51  63   9   2   0 0.03  0.0    0 14.0 25 320   M    M   2        29 300
 5  81  49  65  10   0   0 0.00  0.0    0 10.4 29 260   M    M   1        38 240
 6  75  50  63   8   2   0 0.00  0.0    0  9.8 24  20   M    M   1        28  20
 7  80  48  64   9   1   0 0.00  0.0    0  8.6 20 210   M    M   0 8      23 260
 8  80  52  66  10   0   1 0.59  0.0    0 11.5 20 130   M    M   4 3      32 140
 9  66  51  59   3   6   0 0.16  0.0    0 12.5 30 360   M    M   4 13     37 360
10  64  47  56   0   9   0 0.02  0.0    0 11.3 23  20   M    M   5 1      27  20
11  49  45  47 -10  18   0 0.88  0.0    0 15.4 26  90   M    M   9 13     33 100
12  52  44  48  -9  17   0 0.39  0.0    0 13.1 26  90   M    M  10 1      32 100
13  60  48  54  -4  11   0    T  0.0    0  6.8 21 100   M    M   9 1      24 110
14  72  52  62   4   3   0 0.00  0.0    0  8.5 33  10   M    M   8 128    39  10
15  79  51  65   7   0   0 0.00  0.0    0  4.1 13 340   M    M   3 128    15 340
16  82  50  66   8   0   1 0.00  0.0    0  3.2 10 250   M    M   0 8      13 320
17  84  55  70  11   0   5 0.00  0.0    0  7.5 20 120   M    M   1 8      26 120
18  83  56  70  11   0   5 0.00  0.0    0 12.7 23 150   M    M   1        28 130
19  74  52  63   4   2   0 0.00  0.0    0 12.4 23  30   M    M   5 18     27  30
20  59  49  54  -6  11   0    T  0.0    0 12.6 20  50   M    M  10        24  30
21  61  52  57  -3   8   0 0.03  0.0    0  5.3 13 120   M    M  10 1      16 110
22  80  51  66   6   0   1 0.00  0.0    0  4.4 13 140   M    M   5 128    16 140
================================================================================
SM 1563 1103       107  15  5.35     0.0 214.2          M      108
================================================================================
AV 71.1 50.1                               9.7 FASTST   M    M   5    MAX(MPH)
                                 MISC ---->  # 33  10               # 40  230
================================================================================
NOTES:
# LAST OF SEVERAL OCCURRENCES

COLUMN 17 PEAK WIND IN M.P.H.

PRELIMINARY LOCAL CLIMATOLOGICAL DATA (WS FORM: F-6) , PAGE 2

                                          STATION:  MASON CITY IA
                                          MONTH:    MAY
                                          YEAR:     2018
                                          LATITUDE:   43  9 N
                                          LONGITUDE:  93 20 W

[TEMPERATURE DATA]      [PRECIPITATION DATA]       SYMBOLS USED IN COLUMN 16

AVERAGE MONTHLY: 60.6   TOTAL FOR MONTH:   5.35    1 = FOG OR MIST
DPTR FM NORMAL:   3.7   DPTR FM NORMAL:    2.09    2 = FOG REDUCING VISIBILITY
HIGHEST:    84 ON 17    GRTST 24HR  1.82 ON  3- 3      TO 1/4 MILE OR LESS
LOWEST:     42 ON  3                               3 = THUNDER
                        SNOW, ICE PELLETS, HAIL    4 = ICE PELLETS
                        TOTAL MONTH:   0.0 INCH    5 = HAIL
                        GRTST 24HR     0.0         6 = FREEZING RAIN OR DRIZZLE
                        GRTST DEPTH:   0           7 = DUSTSTORM OR SANDSTORM:
                                                       VSBY 1/2 MILE OR LESS
                                                   8 = SMOKE OR HAZE
[NO. OF DAYS WITH]      [WEATHER - DAYS WITH]      9 = BLOWING SNOW
                                                   X = TORNADO
MAX 32 OR BELOW:   0    0.01 INCH OR MORE:  10
MAX 90 OR ABOVE:   0    0.10 INCH OR MORE:   7
MIN 32 OR BELOW:   0    0.50 INCH OR MORE:   5
MIN  0 OR BELOW:   0    1.00 INCH OR MORE:   1

[HDD (BASE 65) ]
TOTAL THIS MO.   107    CLEAR  (SCALE 0-3)   8
DPTR FM NORMAL   -86    PTCLDY (SCALE 4-7)   9
TOTAL FM JUL 1  7814    CLOUDY (SCALE 8-10)  5
DPTR FM NORMAL   221

[CDD (BASE 65) ]
TOTAL THIS MO.    15
DPTR FM NORMAL     1    [PRESSURE DATA]
TOTAL FM JAN 1    16    HIGHEST SLP M ON M
DPTR FM NORMAL    -3    LOWEST  SLP 29.65 ON  3

[REMARKS]
