591
CXUS51 KPBZ 220804
CF6MGW
PRELIMINARY LOCAL CLIMATOLOGICAL DATA (WS FORM: F-6)

                                          STATION:   MORGANTOWN WV
                                          MONTH:     APRIL
                                          YEAR:      2018
                                          LATITUDE:   39 39 N
                                          LONGITUDE:  79 55 W

  TEMPERATURE IN F:       :PCPN:    SNOW:  WIND      :SUNSHINE: SKY     :PK WND
================================================================================
1   2   3   4   5  6A  6B    7    8   9   10  11  12  13   14  15   16   17  18
                                     12Z  AVG MX 2MIN
DY MAX MIN AVG DEP HDD CDD  WTR  SNW DPTH SPD SPD DIR MIN PSBL S-S WX    SPD DR
================================================================================

 1  50  37  44  -4  21   0 0.27    M    0  5.8 18 360   M    M   8 1      25  10
 2  43  32  38 -10  27   0 0.36    M    M  3.1 16 360   M    M   9 1      22 350
 3  64  40  52   4  13   0 0.80    M    M  4.8 15 300   M    M   8 13     25 290
 4  67  32  50   1  15   0 0.35    M    0 12.0 22 280   M    M  10 1      39 210
 5  47  30  39 -10  26   0    T    M    M  5.2 14 250   M    M   7 8      22 240
 6  60  34  47  -3  18   0 0.16    M    M  5.4 17 210   M    M   9 1      26 200
 7  38  27  33 -17  32   0 0.10    M    M  5.1 14 330   M    M   5 1      21 320
 8  45  24  35 -15  30   0 0.00    M    M  4.7 14 350   M    M   3        19 320
 9  37  28  33 -18  32   0 0.03    M    0  3.6  9 280   M    M  10 18     13 280
10  48  30  39 -12  26   0 0.00  0.0    0  3.6  9 360   M    M   8        12 360
11  57  35  46  -5  19   0 0.00  0.0    0  4.5 15 220   M    M   5        23 180
12  78  45  62  10   3   0 0.00  0.0    0  8.9 23 210   M    M   3        38 220
13  85  63  74  22   0   9 0.00  0.0    0  7.5 16 220   M    M   0        26 180
14  86  63  75  23   0  10 0.00  0.0    0  5.7 14 220   M    M   2        22 250
15  77  48  63  10   2   0 1.83    M    0  8.6 24 130   M    M   4 1      33 120
16  49  32  41 -12  24   0 0.60    M    0  8.0 16 290   M    M  10 1      27 250
17  36  29  33 -20  32   0 0.05    M    0  6.8 18 290   M    M   9 18     27 290
18  58  25  42 -12  23   0 0.17    M    0  3.1 14 360   M    M   3 1      19 360
19  46  35  41 -13  24   0 0.32    M    M  6.3 18 270   M    M   8 18     28 290
20  56  27  42 -12  23   0 0.00    M    M  4.9 15 350   M    M   0        21 290
21  59  29  44 -11  21   0 0.00    M    M  3.0 10 360   M    M   1        14 350
================================================================================
SM 1186  745       411  19  5.04     0.0 120.6          M      122
================================================================================
AV 56.5 35.5                               5.7 FASTST   M    M   6    MAX(MPH)
                                 MISC ---->  # 24 130               # 39  210
================================================================================
NOTES:
# LAST OF SEVERAL OCCURRENCES

COLUMN 17 PEAK WIND IN M.P.H.

PRELIMINARY LOCAL CLIMATOLOGICAL DATA (WS FORM: F-6) , PAGE 2

                                          STATION:  MORGANTOWN WV
                                          MONTH:    APRIL
                                          YEAR:     2018
                                          LATITUDE:   39 39 N
                                          LONGITUDE:  79 55 W

[TEMPERATURE DATA]      [PRECIPITATION DATA]       SYMBOLS USED IN COLUMN 16

AVERAGE MONTHLY: 46.0   TOTAL FOR MONTH:   5.04    1 = FOG OR MIST
DPTR FM NORMAL:  -5.3   DPTR FM NORMAL:    2.59    2 = FOG REDUCING VISIBILITY
HIGHEST:    86 ON 14    GRTST 24HR  1.83 ON 15-15      TO 1/4 MILE OR LESS
LOWEST:     24 ON  8                               3 = THUNDER
                        SNOW, ICE PELLETS, HAIL    4 = ICE PELLETS
                        TOTAL MONTH:   0.0 INCH    5 = HAIL
                        GRTST 24HR     0.0         6 = FREEZING RAIN OR DRIZZLE
                        GRTST DEPTH:   0           7 = DUSTSTORM OR SANDSTORM:
                                                       VSBY 1/2 MILE OR LESS
                                                   8 = SMOKE OR HAZE
[NO. OF DAYS WITH]      [WEATHER - DAYS WITH]      9 = BLOWING SNOW
                                                   X = TORNADO
MAX 32 OR BELOW:   0    0.01 INCH OR MORE:  12
MAX 90 OR ABOVE:   0    0.10 INCH OR MORE:  10
MIN 32 OR BELOW:  12    0.50 INCH OR MORE:   3
MIN  0 OR BELOW:   0    1.00 INCH OR MORE:   1

[HDD (BASE 65) ]
TOTAL THIS MO.   411    CLEAR  (SCALE 0-3)   5
DPTR FM NORMAL   117    PTCLDY (SCALE 4-7)   9
TOTAL FM JUL 1  4895    CLOUDY (SCALE 8-10)  7
DPTR FM NORMAL     0

[CDD (BASE 65) ]
TOTAL THIS MO.    19
DPTR FM NORMAL    16    [PRESSURE DATA]
TOTAL FM JAN 1    24    HIGHEST SLP M ON M
DPTR FM NORMAL    19    LOWEST  SLP 29.42 ON  4

[REMARKS]
