387
CXUS54 KTSA 260840
CF6MKO
PRELIMINARY LOCAL CLIMATOLOGICAL DATA (WS FORM: F-6)

                                          STATION:   MUSKOGEE OKLAHOMA
                                          MONTH:     MAY
                                          YEAR:      2018
                                          LATITUDE:   35 40 N
                                          LONGITUDE:  95 22 W

  TEMPERATURE IN F:       :PCPN:    SNOW:  WIND      :SUNSHINE: SKY     :PK WND
================================================================================
1   2   3   4   5  6A  6B    7    8   9   10  11  12  13   14  15   16   17  18
                                     12Z  AVG MX 2MIN
DY MAX MIN AVG DEP HDD CDD  WTR  SNW DPTH SPD SPD DIR MIN PSBL S-S WX    SPD DR
================================================================================

 1  77  63  70   6   0   5 0.00  0.0    0 12.1 22 160   M    M   8        31 150
 2  82  64  73   9   0   8 0.92  0.0    0 11.4 32 260   M    M  10 13     41 260
 3   M   M   M   M   M   M 0.94    M    0 10.9 16 200   M    M   9 13     27 200
 4   M   M   M   M   M   M 0.00  0.0    0  5.5  9 360   M    M   3 3       M  M
 5  81  51  66   1   0   1 0.00  0.0    0  4.6 14  10   M    M   1 12     17  10
 6  86  53  70   4   0   5 0.00  0.0    0  5.2 17 250   M    M   0        23 230
 7  89  57  73   7   0   8 0.00  0.0    0  4.4  8 150   M    M   0        11 150
 8  90  63  77  11   0  12 0.00  0.0    0 10.5 20 200   M    M   0        27 200
 9  88  70  79  13   0  14    T  0.0    0  9.4 20 160   M    M   0 3      29 160
10  85  65  75   8   0  10 0.00  0.0    0  9.9 23 190   M    M   0        28 190
11  86  65  76   9   0  11 0.00  0.0    0 13.9 30 190   M    M   0        39 200
12  86  69  78  11   0  13 0.00  0.0    0 11.7 25 190   M    M   2        35 190
13  88  66  77  10   0  12 0.00  0.0    0  9.5 20 180   M    M   0        26 200
14  89  69  79  11   0  14 0.00  0.0    0  8.7 17 190   M    M   0 3      24 190
15  81  64  73   5   0   8 2.06  0.0    0  7.4 32 360   M    M   4 13     42  10
16  78  62  70   2   0   5 2.01  0.0    0  5.0 26 280   M    M   5 123    33 280
17  86  59  73   5   0   8 0.00  0.0    0  4.2  9 340   M    M   1 12     12 350
18  87  64  76   7   0  11 0.00  0.0    0  5.8 13 140   M    M   0        19 140
19  88  70  79  10   0  14 0.00  0.0    0  7.3 20 200   M    M   0        26 200
20  81  67  74   5   0   9 0.23  0.0    0  6.7 12 280   M    M   3 13      M  M
21  85  66  76   6   0  11 0.00  0.0    0  3.6 12 360   M    M   4 8      14  20
22  88  66  77   7   0  12 0.00  0.0    0  4.5 13 150   M    M   0 1      16 160
23  88  69  79   9   0  14 0.00  0.0    0  5.9 18 120   M    M   2 3      24 120
24  88  66  77   7   0  12    T  0.0    0  6.2 17 140   M    M   1 3      22 140
25  86  66  76   5   0  11    T  0.0    0  5.6 15 320   M    M   0 1      19 180
================================================================================
SM 1963 1474         0 228  6.16     0.0 189.9          M       53
================================================================================
AV 85.4 64.1                               7.6 FASTST   M    M   2    MAX(MPH)
                                 MISC ---->  # 32 260               # 42   10
================================================================================
NOTES:
# LAST OF SEVERAL OCCURRENCES

COLUMN 17 PEAK WIND IN M.P.H.

PRELIMINARY LOCAL CLIMATOLOGICAL DATA (WS FORM: F-6) , PAGE 2

                                          STATION:  MUSKOGEE OKLAHOMA
                                          MONTH:    MAY
                                          YEAR:     2018
                                          LATITUDE:   35 40 N
                                          LONGITUDE:  95 22 W

[TEMPERATURE DATA]      [PRECIPITATION DATA]       SYMBOLS USED IN COLUMN 16

AVERAGE MONTHLY: 74.7   TOTAL FOR MONTH:   6.16    1 = FOG OR MIST
DPTR FM NORMAL:   7.3   DPTR FM NORMAL:    1.28    2 = FOG REDUCING VISIBILITY
HIGHEST:    90 ON  8    GRTST 24HR  2.06 ON 15-15      TO 1/4 MILE OR LESS
LOWEST:     51 ON  5                               3 = THUNDER
                        SNOW, ICE PELLETS, HAIL    4 = ICE PELLETS
                        TOTAL MONTH:   0.0 INCH    5 = HAIL
                        GRTST 24HR     0.0         6 = FREEZING RAIN OR DRIZZLE
                        GRTST DEPTH:   0           7 = DUSTSTORM OR SANDSTORM:
                                                       VSBY 1/2 MILE OR LESS
                                                   8 = SMOKE OR HAZE
[NO. OF DAYS WITH]      [WEATHER - DAYS WITH]      9 = BLOWING SNOW
                                                   X = TORNADO
MAX 32 OR BELOW:   0    0.01 INCH OR MORE:   5
MAX 90 OR ABOVE:   1    0.10 INCH OR MORE:   5
MIN 32 OR BELOW:   0    0.50 INCH OR MORE:   4
MIN  0 OR BELOW:   0    1.00 INCH OR MORE:   2

[HDD (BASE 65) ]
TOTAL THIS MO.     0    CLEAR  (SCALE 0-3)  19
DPTR FM NORMAL   -37    PTCLDY (SCALE 4-7)   4
TOTAL FM JUL 1  3446    CLOUDY (SCALE 8-10)  2
DPTR FM NORMAL   -54

[CDD (BASE 65) ]
TOTAL THIS MO.   228
DPTR FM NORMAL   130    [PRESSURE DATA]
TOTAL FM JAN 1   253    HIGHEST SLP M ON M
DPTR FM NORMAL   105    LOWEST  SLP 29.77 ON 18

[REMARKS]
