000
CXUS56 KMTR 231000
CF6MRY
PRELIMINARY LOCAL CLIMATOLOGICAL DATA (WS FORM: F-6)

                                          STATION:   MONTEREY AIRPORT
                                          MONTH:     APRIL
                                          YEAR:      2018
                                          LATITUDE:   36 34 N
                                          LONGITUDE: 121 51 W

  TEMPERATURE IN F:       :PCPN:    SNOW:  WIND      :SUNSHINE: SKY     :PK WND
================================================================================
1   2   3   4   5  6A  6B    7    8   9   10  11  12  13   14  15   16   17  18
                                     12Z  AVG MX 2MIN
DY MAX MIN AVG DEP HDD CDD  WTR  SNW DPTH SPD SPD DIR MIN PSBL S-S WX    SPD DR
================================================================================

 1  65  48  57   4   8   0 0.00  0.0    0  5.6 14 240   M    M   4        19 230
 2  61  50  56   3   9   0 0.00  0.0    0  8.4 15 240   M    M   7        20 240
 3  63  44  54   1  11   0 0.00  0.0    0  6.3 14 290   M    M   3 1      18 290
 4  62  49  56   3   9   0 0.00  0.0    0  6.0 15 280   M    M   2 1      18 280
 5  64  47  56   3   9   0 0.01    M    0  3.9 13 280   M    M   2        16 250
 6  67  56  62   9   3   0 0.39  0.0    0  1.9 14 220   M    M  10 1      21 190
 7  64  52  58   4   7   0 0.95  0.0    0  6.2 17 220   M    M   9 1      24 220
 8  61  49  55   1  10   0 0.00  0.0    0  5.8 18 270   M    M   3        27 270
 9  81  46  64  10   1   0 0.00  0.0    0  5.0 15 250   M    M   0        19 250
10  66  51  59   5   6   0    T  0.0    0  6.5 14 260   M    M   2 13     17 290
11  62  47  55   1  10   0 0.27    M    0  8.5 22 260   M    M   4 18     29 240
12  58  48  53  -1  12   0 0.01    M    0 10.3 23 270   M    M   3        35 270
13  62  42  52  -2  13   0 0.00  0.0    0  5.6 15 280   M    M   0        19 280
14  64  45  55   1  10   0 0.00  0.0    0  4.6 13 280   M    M   0 18     17 280
15  62  49  56   2   9   0 0.23    M    0  7.4 20 230   M    M   3 18     27 240
16  56  44  50  -4  15   0 0.65    M    0  8.0 22 270   M    M   6 18     30 280
17  59  42  51  -3  14   0 0.00  0.0    0  5.7 14 280   M    M   1        20 280
18  57  45  51  -3  14   0 0.00  0.0    0  5.3 17 250   M    M   1        21 240
19  60  44  52  -2  13   0 0.00  0.0    0  7.5 24 240   M    M   6 8      31 250
20  60  44  52  -2  13   0 0.00  0.0    0  5.2 14 250   M    M   4        18 270
21  65  50  58   3   7   0 0.00  0.0    0  4.7 12 290   M    M   3 18     14 280
22  68  50  59   4   6   0 0.00  0.0    0  3.5 12 280   M    M   3 128    15 300
================================================================================
SM 1387 1042       209   0  2.51     0.0 131.9          M       76
================================================================================
AV 63.1 47.4                               6.0 FASTST   M    M   3    MAX(MPH)
                                 MISC ---->  # 24 240               # 35  270
================================================================================
NOTES:
# LAST OF SEVERAL OCCURRENCES

COLUMN 17 PEAK WIND IN M.P.H.

PRELIMINARY LOCAL CLIMATOLOGICAL DATA (WS FORM: F-6) , PAGE 2

                                          STATION:  MONTEREY AIRPORT
                                          MONTH:    APRIL
                                          YEAR:     2018
                                          LATITUDE:   36 34 N
                                          LONGITUDE: 121 51 W

[TEMPERATURE DATA]      [PRECIPITATION DATA]       SYMBOLS USED IN COLUMN 16

AVERAGE MONTHLY: 55.2   TOTAL FOR MONTH:   2.51    1 = FOG OR MIST
DPTR FM NORMAL:   1.4   DPTR FM NORMAL:    1.62    2 = FOG REDUCING VISIBILITY
HIGHEST:    81 ON  9    GRTST 24HR  0.95 ON  7- 7      TO 1/4 MILE OR LESS
LOWEST:     42 ON 17,13                            3 = THUNDER
                        SNOW, ICE PELLETS, HAIL    4 = ICE PELLETS
                        TOTAL MONTH:   0.0 INCH    5 = HAIL
                        GRTST 24HR     0.0         6 = FREEZING RAIN OR DRIZZLE
                        GRTST DEPTH:   0           7 = DUSTSTORM OR SANDSTORM:
                                                       VSBY 1/2 MILE OR LESS
                                                   8 = SMOKE OR HAZE
[NO. OF DAYS WITH]      [WEATHER - DAYS WITH]      9 = BLOWING SNOW
                                                   X = TORNADO
MAX 32 OR BELOW:   0    0.01 INCH OR MORE:   7
MAX 90 OR ABOVE:   0    0.10 INCH OR MORE:   5
MIN 32 OR BELOW:   0    0.50 INCH OR MORE:   2
MIN  0 OR BELOW:   0    1.00 INCH OR MORE:   0

[HDD (BASE 65) ]
TOTAL THIS MO.   209    CLEAR  (SCALE 0-3)  12
DPTR FM NORMAL   -40    PTCLDY (SCALE 4-7)   8
TOTAL FM JUL 1  2013    CLOUDY (SCALE 8-10)  2
DPTR FM NORMAL  -703

[CDD (BASE 65) ]
TOTAL THIS MO.     0
DPTR FM NORMAL     0    [PRESSURE DATA]
TOTAL FM JAN 1     3    HIGHEST SLP M ON M
DPTR FM NORMAL     3    LOWEST  SLP 29.84 ON  7

[REMARKS]
