000
CXUS53 KDDC 191200
CF6P28
PRELIMINARY LOCAL CLIMATOLOGICAL DATA (WS FORM: F-6)

                                          STATION:   MEDICINE LODGE KS
                                          MONTH:     APRIL
                                          YEAR:      2018
                                          LATITUDE:   37 17 N
                                          LONGITUDE:  98 35 W

  TEMPERATURE IN F:       :PCPN:    SNOW:  WIND      :SUNSHINE: SKY     :PK WND
================================================================================
1   2   3   4   5  6A  6B    7    8   9   10  11  12  13   14  15   16   17  18
                                     12Z  AVG MX 2MIN
DY MAX MIN AVG DEP HDD CDD  WTR  SNW DPTH SPD SPD DIR MIN PSBL S-S WX    SPD DR
================================================================================

 1  36  26  31 -21  34   0 0.00  0.0    0 12.0 22  10   M    M   0        30  30
 2  58  22  40 -12  25   0 0.00  0.0    0 10.5 21 180   M    M   0        31 160
 3  53  27  40 -12  25   0 0.00  0.0    0 16.5 36 350   M    M   0        54  10
 4  60  19  40 -12  25   0 0.00    M    M 10.4 25 180   M    M   0        37 160
 5  70  43  57   4   8   0 0.00  0.0    0  6.6 16 190   M    M   0        23 170
 6  54  20  37 -16  28   0 0.14  0.0    0 19.3 35  30   M    M   0        49  30
 7  42  19  31 -22  34   0 0.02    M    0  9.0 24  10   M    M   0        33  20
 8  60  32  46  -8  19   0 0.00  0.0    0  9.7 25 180   M    M   0        35 200
 9  56  36  46  -8  19   0 0.02    M    0  7.7 17  20   M    M   0        23  30
10  77  26  52  -2  13   0 0.00  0.0    M  9.4 24 210   M    M   0        35 210
11  89  52  71  17   0   6 0.00  0.0    0 13.0 26 180   M    M   0        43 180
12  96  52  74  19   0   9 0.00  0.0    M 17.2 35 170   M    M   0        51 170
13  75  35  55   0  10   0 0.00  0.0    0 18.3 33 320   M    M   0        48 270
14  39  27  33 -23  32   0 0.00    M    M 25.9 39 320   M    M   0        57 320
15  56  25  41 -15  24   0 0.00  0.0    0 15.4 31 350   M    M   0        42 330
16  62  21  42 -14  23   0 0.00    M    M  8.4 17 140   M    M   0        28 100
17  93  41  67  11   0   2 0.00  0.0    0 13.0 43 330   M    M   0        62 340
18  68  42  55  -2  10   0 0.00  0.0    0 20.5 38 330   M    M   0        54 310
================================================================================
SM 1144  565       329  17  0.18     0.0 242.8          M        0
================================================================================
AV 63.6 31.4                              13.5 FASTST   M    M   0    MAX(MPH)
                                 MISC ---->  # 43 330               # 62  340
================================================================================
NOTES:
# LAST OF SEVERAL OCCURRENCES

COLUMN 17 PEAK WIND IN M.P.H.

PRELIMINARY LOCAL CLIMATOLOGICAL DATA (WS FORM: F-6) , PAGE 2

                                          STATION:  MEDICINE LODGE KS
                                          MONTH:    APRIL
                                          YEAR:     2018
                                          LATITUDE:   37 17 N
                                          LONGITUDE:  98 35 W

[TEMPERATURE DATA]      [PRECIPITATION DATA]       SYMBOLS USED IN COLUMN 16

AVERAGE MONTHLY: 47.5   TOTAL FOR MONTH:   0.18    1 = FOG OR MIST
DPTR FM NORMAL:  -6.6   DPTR FM NORMAL:   -1.11    2 = FOG REDUCING VISIBILITY
HIGHEST:    96 ON 12    GRTST 24HR  0.14 ON  6- 6      TO 1/4 MILE OR LESS
LOWEST:     19 ON  7, 4                            3 = THUNDER
                        SNOW, ICE PELLETS, HAIL    4 = ICE PELLETS
                        TOTAL MONTH:   0.0 INCH    5 = HAIL
                        GRTST 24HR     0.0         6 = FREEZING RAIN OR DRIZZLE
                        GRTST DEPTH:   0           7 = DUSTSTORM OR SANDSTORM:
                                                       VSBY 1/2 MILE OR LESS
                                                   8 = SMOKE OR HAZE
[NO. OF DAYS WITH]      [WEATHER - DAYS WITH]      9 = BLOWING SNOW
                                                   X = TORNADO
MAX 32 OR BELOW:   0    0.01 INCH OR MORE:   3
MAX 90 OR ABOVE:   2    0.10 INCH OR MORE:   1
MIN 32 OR BELOW:  11    0.50 INCH OR MORE:   0
MIN  0 OR BELOW:   0    1.00 INCH OR MORE:   0

[HDD (BASE 65) ]
TOTAL THIS MO.   329    CLEAR  (SCALE 0-3)  18
DPTR FM NORMAL   123    PTCLDY (SCALE 4-7)   0
TOTAL FM JUL 1  4199    CLOUDY (SCALE 8-10)  0
DPTR FM NORMAL  -104

[CDD (BASE 65) ]
TOTAL THIS MO.    17
DPTR FM NORMAL     7    [PRESSURE DATA]
TOTAL FM JAN 1    17    HIGHEST SLP M ON M
DPTR FM NORMAL     5    LOWEST  SLP 29.17 ON 13

[REMARKS]
