789
CXUS51 KRLX 230756
CF6PKB
PRELIMINARY LOCAL CLIMATOLOGICAL DATA (WS FORM: F-6)

                                          STATION:   PARKERSBURG WV
                                          MONTH:     MAY
                                          YEAR:      2018
                                          LATITUDE:   39 20 N
                                          LONGITUDE:  81 26 W

  TEMPERATURE IN F:       :PCPN:    SNOW:  WIND      :SUNSHINE: SKY     :PK WND
================================================================================
1   2   3   4   5  6A  6B    7    8   9   10  11  12  13   14  15   16   17  18
                                     12Z  AVG MX 2MIN
DY MAX MIN AVG DEP HDD CDD  WTR  SNW DPTH SPD SPD DIR MIN PSBL S-S WX    SPD DR
================================================================================

 1  82  35  59   0   6   0 0.00    M    M  4.6 17 210   M    M   0        23 200
 2  86  47  67   8   0   2 0.00    M    M  7.5 22 210   M    M   0        31 230
 3  86  66  76  17   0  11 0.02    M    M  8.5 22 240   M    M   2        31 240
 4  79  62  71  12   0   6 0.35    M    M  9.2 23 210   M    M   5 1      35 330
 5  66  56  61   1   4   0 0.39    M    M  2.9  9  40   M    M   6 12     12 100
 6  73  57  65   5   0   0 0.31    M    M  3.9  9  80   M    M   7 1      14  40
 7  77  52  65   5   0   0 0.00    M    M  4.3 13 350   M    M   4 12     16 290
 8  81  48  65   5   0   0 0.00    M    M  2.8  8 180   0    0   0         M  M
 9  84  51  68   8   0   3    T    M    M  6.2 17 220   M    M   2 3      25 220
10  83  56  70   9   0   5 0.20    M    M  9.2 25 290   M    M   3 38     37 290
11  84  53  69   8   0   4 0.00    M    M  3.0 13 270   M    M   2 1      19 280
12  87  66  77  16   0  12 0.04    M    M  8.4 22 270   M    M   2 1      28 260
13  87  61  74  13   0   9 0.01    M    M  6.2 20 260   M    M   4 13     27 260
14  87  64  76  14   0  11 0.58    M    M  3.6 26 330   M    M   1 135    35 330
15  90  63  77  15   0  12 0.74    M    M  5.7 22 320   M    M   4 13     32  20
16  75  64  70   8   0   5    T    M    M  2.0  7 110   M    M   7 1      11 130
17  81  63  72  10   0   7    T    M    M  5.8 15  70   M    M   8 12     23  60
18  77  64  71   8   0   6 0.11    M    M  9.5 18  80   M    M   7 18     24  80
19  80  64  72   9   0   7 0.12    M    M  8.2 24 210   M    M   5 13     33 220
20  85  65  75  12   0  10 0.00    M    M  5.1 13 300   M    M   5 18     18 290
21  85  62  74  10   0   9 0.59    M    M  4.7 36 300   M    M   3 123    55 280
22  80  65  73   9   0   8 0.71    M    M  5.1 21  30   M    M   7 13     26 330
================================================================================
SM 1795 1284        10 127  4.17    M    126.4            0     84
================================================================================
AV 81.6 58.4                               5.7 FASTST    0   0   4    MAX(MPH)
                                 MISC ---->  # 36 300               # 55  280
================================================================================
NOTES:
# LAST OF SEVERAL OCCURRENCES

COLUMN 17 PEAK WIND IN M.P.H.

PRELIMINARY LOCAL CLIMATOLOGICAL DATA (WS FORM: F-6) , PAGE 2

                                          STATION:  PARKERSBURG WV
                                          MONTH:    MAY
                                          YEAR:     2018
                                          LATITUDE:   39 20 N
                                          LONGITUDE:  81 26 W

[TEMPERATURE DATA]      [PRECIPITATION DATA]       SYMBOLS USED IN COLUMN 16

AVERAGE MONTHLY: 70.0   TOTAL FOR MONTH:   4.17    1 = FOG OR MIST
DPTR FM NORMAL:   8.8   DPTR FM NORMAL:    1.20    2 = FOG REDUCING VISIBILITY
HIGHEST:    90 ON 15    GRTST 24HR  0.74 ON 15-15      TO 1/4 MILE OR LESS
LOWEST:     35 ON  1                               3 = THUNDER
                        SNOW, ICE PELLETS, HAIL    4 = ICE PELLETS
                        TOTAL MONTH:    M          5 = HAIL
                        GRTST 24HR    M  ON   M    6 = FREEZING RAIN OR DRIZZLE
                        GRTST DEPTH:  M  ON   M    7 = DUSTSTORM OR SANDSTORM:
                                                       VSBY 1/2 MILE OR LESS
                                                   8 = SMOKE OR HAZE
[NO. OF DAYS WITH]      [WEATHER - DAYS WITH]      9 = BLOWING SNOW
                                                   X = TORNADO
MAX 32 OR BELOW:   0    0.01 INCH OR MORE:  13
MAX 90 OR ABOVE:   1    0.10 INCH OR MORE:  10
MIN 32 OR BELOW:   0    0.50 INCH OR MORE:   4
MIN  0 OR BELOW:   0    1.00 INCH OR MORE:   0

[HDD (BASE 65) ]
TOTAL THIS MO.    10    CLEAR  (SCALE 0-3)   9
DPTR FM NORMAL  -111    PTCLDY (SCALE 4-7)  13
TOTAL FM JUL 1  4937    CLOUDY (SCALE 8-10)  0
DPTR FM NORMAL    10

[CDD (BASE 65) ]
TOTAL THIS MO.   127
DPTR FM NORMAL    93    [PRESSURE DATA]
TOTAL FM JAN 1   153    HIGHEST SLP  0.00 ON  8
DPTR FM NORMAL    98    LOWEST  SLP 29.83 ON 15

[REMARKS]
