000
CXUS54 KOUN 230700
CF6PWA
PRELIMINARY LOCAL CLIMATOLOGICAL DATA (WS FORM: F-6)

                                          STATION:   BETHANY/WILEY POST
                                          MONTH:     APRIL
                                          YEAR:      2018
                                          LATITUDE:   35 31 N
                                          LONGITUDE:  97 38 W

  TEMPERATURE IN F:       :PCPN:    SNOW:  WIND      :SUNSHINE: SKY     :PK WND
================================================================================
1   2   3   4   5  6A  6B    7    8   9   10  11  12  13   14  15   16   17  18
                                     12Z  AVG MX 2MIN
DY MAX MIN AVG DEP HDD CDD  WTR  SNW DPTH SPD SPD DIR MIN PSBL S-S WX    SPD DR
================================================================================

 1  47  33  40 -15  25   0    T  0.0    0 16.1 23  40   M    M  10 1      28  30
 2  60  32  46 -10  19   0 0.00  0.0    0 13.3 29 180   M    M  10        37 180
 3  66  35  51  -5  14   0 0.00  0.0    0 23.1 35 360   M    M   4        46 350
 4  60  26  43 -13  22   0 0.00  0.0    0  9.2 20 160   M    M   0        24 180
 5  72  47  60   4   5   0 0.00  0.0    0 15.6 31 160   M    M   1        40 170
 6  60  31  46 -11  19   0 0.01  0.0    0 18.7 32  20   M    M  10 16     42  10
 7  46  24  35 -22  30   0    T    M    M 15.1 30  20   M    M   5 16     37  20
 8  50  32  41 -16  24   0 0.00  0.0    0 10.3 24 160   M    M   3        28 150
 9  67  35  51  -7  14   0 0.00  0.0    0  8.7 22 360   M    M   1        27  30
10  71  31  51  -7  14   0 0.00  0.0    0  9.8 22 190   M    M   0 18     28 180
11  83  54  69  11   0   4 0.00  0.0    0 24.0 38 190   M    M   0        47 190
12  89  64  77  19   0  12 0.00  0.0    0 26.0 36 160   M    M   0        48 160
13  88  46  67   8   0   2 0.00  0.0    0 23.5 37 250   M    M   3 38     45 240
14  49  32  41 -18  24   0 0.00  0.0    0 23.0 33 320   M    M   5        45 310
15  60  29  45 -14  20   0 0.00  0.0    0 14.6 25 330   M    M   0        35 330
16  75  33  54  -6  11   0 0.00  0.0    0 12.5 25 170   M    M   0        34 180
17  88  63  76  16   0  11 0.00  0.0    0 21.7 30 300   M    M   0 8      39 270
18  74  50  62   2   3   0 0.00  0.0    0 17.1 31 330   M    M   1 8      42 340
19  67  36  52  -8  13   0 0.00  0.0    0  9.5 17  10   M    M   0        23 360
20  69  42  56  -5   9   0    T  0.0    0 14.9 28 130   M    M   1        35 130
21  58  47  53  -8  12   0 1.64  0.0    0 11.5 28 100   M    M  10 13     35 100
22  65  44  55  -6  10   0 0.00  0.0    0 15.8 25 360   M    M   7 1      35 330
================================================================================
SM 1464  866       288  29  1.65     0.0 354.0          M       71
================================================================================
AV 66.6 39.4                              16.1 FASTST   M    M   3    MAX(MPH)
                                 MISC ---->  # 38 190               # 48  160
================================================================================
NOTES:
# LAST OF SEVERAL OCCURRENCES

COLUMN 17 PEAK WIND IN M.P.H.

PRELIMINARY LOCAL CLIMATOLOGICAL DATA (WS FORM: F-6) , PAGE 2

                                          STATION:  BETHANY/WILEY POST
                                          MONTH:    APRIL
                                          YEAR:     2018
                                          LATITUDE:   35 31 N
                                          LONGITUDE:  97 38 W

[TEMPERATURE DATA]      [PRECIPITATION DATA]       SYMBOLS USED IN COLUMN 16

AVERAGE MONTHLY: 53.0   TOTAL FOR MONTH:   1.65    1 = FOG OR MIST
DPTR FM NORMAL:  -5.3   DPTR FM NORMAL:   -0.70    2 = FOG REDUCING VISIBILITY
HIGHEST:    89 ON 12    GRTST 24HR  1.64 ON 21-21      TO 1/4 MILE OR LESS
LOWEST:     24 ON  7                               3 = THUNDER
                        SNOW, ICE PELLETS, HAIL    4 = ICE PELLETS
                        TOTAL MONTH:   0.0 INCH    5 = HAIL
                        GRTST 24HR     0.0         6 = FREEZING RAIN OR DRIZZLE
                        GRTST DEPTH:   0           7 = DUSTSTORM OR SANDSTORM:
                                                       VSBY 1/2 MILE OR LESS
                                                   8 = SMOKE OR HAZE
[NO. OF DAYS WITH]      [WEATHER - DAYS WITH]      9 = BLOWING SNOW
                                                   X = TORNADO
MAX 32 OR BELOW:   0    0.01 INCH OR MORE:   2
MAX 90 OR ABOVE:   0    0.10 INCH OR MORE:   1
MIN 32 OR BELOW:   8    0.50 INCH OR MORE:   1
MIN  0 OR BELOW:   0    1.00 INCH OR MORE:   1

[HDD (BASE 65) ]
TOTAL THIS MO.   288    CLEAR  (SCALE 0-3)  14
DPTR FM NORMAL   115    PTCLDY (SCALE 4-7)   4
TOTAL FM JUL 1  3358    CLOUDY (SCALE 8-10)  4
DPTR FM NORMAL  -203

[CDD (BASE 65) ]
TOTAL THIS MO.    29
DPTR FM NORMAL     1    [PRESSURE DATA]
TOTAL FM JAN 1    40    HIGHEST SLP M ON M
DPTR FM NORMAL     3    LOWEST  SLP 29.39 ON 13

[REMARKS]
