000
CXUS56 KLOX 281155
CF6SDB
PRELIMINARY LOCAL CLIMATOLOGICAL DATA (WS FORM: F-6)
STATION: SANDBERG CA
MONTH: MARCH
YEAR: 2024
LATITUDE: 34 45 N
LONGITUDE: 118 44 W
TEMPERATURE IN F: :PCPN: SNOW: WIND :SUNSHINE: SKY :PK WND
================================================================================
1 2 3 4 5 6A 6B 7 8 9 10 11 12 13 14 15 16 17 18
12Z AVG MX 2MIN
DY MAX MIN AVG DEP HDD CDD WTR SNW DPTH SPD SPD DIR MIN PSBL S-S WX SPD DR
================================================================================
1 47 38 43 -4 22 0 0.14 M M 17.3 25 190 M M 10 12 47 170
2 45 37 41 -6 24 0 0.04 M M 16.5 29 200 M M 10 128 48 240
3 46 35 41 -6 24 0 0.00 M M 14.8 28 300 M M 8 12 48 290
4 46 34 40 -8 25 0 0.00 M M 16.4 35 330 M M 4 12 47 330
5 56 35 46 -2 19 0 0.00 M M 10.2 26 330 M M 1 12 33 330
6 45 36 41 -7 24 0 0.48 M M 10.1 18 170 M M 10 12 28 210
7 44 38 41 -7 24 0 0.02 M M 17.0 30 330 M M 9 12 45 330
8 57 39 48 0 17 0 0.00 M M 9.1 21 330 M M 1 12 31 330
9 60 43 52 4 13 0 0.00 M M 6.3 12 310 M M 0 17 170
10 57 42 50 2 15 0 0.00 M M 11.1 17 130 M M 1 1 30 170
11 54 37 46 -2 19 0 0.00 M M 8.1 22 310 M M 3 18 28 310
12 56 40 48 -1 17 0 0.00 M M 16.1 25 320 M M 7 12 49 300
13 44 37 41 -8 24 0 0.05 M M 19.7 36 320 M M 8 12 52 320
14 53 34 44 -5 21 0 0.00 M M 25.0 43 70 M M 1 64 60
15 54 38 46 -3 19 0 0.00 M M 9.9 23 340 M M 3 43 340
16 56 39 48 -1 17 0 0.00 M M 8.5 15 320 M M 2 30 340
17 61 41 51 2 14 0 0.00 M M 7.9 15 320 M M 1 24 90
18 64 46 55 6 10 0 0.15 M M 9.1 25 330 M M 3 35 320
19 65 49 57 8 8 0 0.00 M M 9.7 28 330 M M 1 36 330
20 61 49 55 5 10 0 0.00 M M 14.1 28 330 M M 0 40 320
21 60 44 52 2 13 0 0.00 M M 13.9 26 320 M M 0 36 330
22 60 43 52 2 13 0 0.00 M M 11.7 21 160 M M 0 1 32 180
23 47 34 41 -9 24 0 0.20 M M 14.3 28 320 M M 8 12 41 290
24 44 33 39 -11 26 0 0.11 M M 18.1 37 330 M M 10 12 49 340
25 48 36 42 -8 23 0 0.00 M M 11.0 39 330 M M 8 12 51 340
26 54 38 46 -4 19 0 0.00 M M 11.9 26 340 M M 4 12 44 290
27 60 41 51 1 14 0 0.00 M M 12.4 22 330 M M 0 35 330
================================================================================
SM 1444 1056 498 0 1.19 M 350.0 M 113
================================================================================
AV 53.5 39.1 13.0 FASTST M M 4 MAX(MPH)
MISC ----> 43 70 64 60
================================================================================
NOTES:
# LAST OF SEVERAL OCCURRENCES
COLUMN 17 PEAK WIND IN M.P.H.
PRELIMINARY LOCAL CLIMATOLOGICAL DATA (WS FORM: F-6) , PAGE 2
STATION: SANDBERG CA
MONTH: MARCH
YEAR: 2024
LATITUDE: 34 45 N
LONGITUDE: 118 44 W
[TEMPERATURE DATA] [PRECIPITATION DATA] SYMBOLS USED IN COLUMN 16
AVERAGE MONTHLY: 46.3 TOTAL FOR MONTH: 1.19 1 = FOG OR MIST
DPTR FM NORMAL: -2.5 DPTR FM NORMAL: -0.56 2 = FOG REDUCING VISIBILITY
HIGHEST: 65 ON 19 GRTST 24HR 0.48 ON 6- 6 TO 1/4 MILE OR LESS
LOWEST: 33 ON 24 3 = THUNDER
SNOW, ICE PELLETS, HAIL 4 = ICE PELLETS
TOTAL MONTH: M 5 = HAIL
GRTST 24HR M ON M 6 = FREEZING RAIN OR DRIZZLE
GRTST DEPTH: M ON M 7 = DUSTSTORM OR SANDSTORM:
VSBY 1/2 MILE OR LESS
8 = SMOKE OR HAZE
[NO. OF DAYS WITH] [WEATHER - DAYS WITH] 9 = BLOWING SNOW
X = TORNADO
MAX 32 OR BELOW: 0 0.01 INCH OR MORE: 8
MAX 90 OR ABOVE: 0 0.10 INCH OR MORE: 5
MIN 32 OR BELOW: 0 0.50 INCH OR MORE: 0
MIN 0 OR BELOW: 0 1.00 INCH OR MORE: 0
[HDD (BASE 65) ]
TOTAL THIS MO. 498 CLEAR (SCALE 0-3) 13
DPTR FM NORMAL 57 PTCLDY (SCALE 4-7) 8
TOTAL FM JUL 1 2828 CLOUDY (SCALE 8-10) 6
DPTR FM NORMAL -11
[CDD (BASE 65) ]
TOTAL THIS MO. 0
DPTR FM NORMAL 0 [PRESSURE DATA]
TOTAL FM JAN 1 0 HIGHEST SLP M ON M
DPTR FM NORMAL 0 LOWEST SLP 29.74 ON 14
[REMARKS]