000
CXUS51 KBTV 260700
CF6SLK
PRELIMINARY LOCAL CLIMATOLOGICAL DATA (WS FORM: F-6)

                                          STATION:   SARANAC LAKE NY
                                          MONTH:     MAY
                                          YEAR:      2018
                                          LATITUDE:   44 23 N
                                          LONGITUDE:  74 12 W

  TEMPERATURE IN F:       :PCPN:    SNOW:  WIND      :SUNSHINE: SKY     :PK WND
================================================================================
1   2   3   4   5  6A  6B    7    8   9   10  11  12  13   14  15   16   17  18
                                     12Z  AVG MX 2MIN
DY MAX MIN AVG DEP HDD CDD  WTR  SNW DPTH SPD SPD DIR MIN PSBL S-S WX    SPD DR
================================================================================

 1  67  33  50   5  15   0 0.00  0.0    0  4.0 15 220   M    M   5 12     20 240
 2  79  32  56  11   9   0 0.02    M    0  8.9 25 250   M    M   4        47 240
 3  66  45  56  11   9   0 0.16    M    0  6.4 16 240   M    M   8 1      23 240
 4  73  51  62  16   3   0 0.60  0.0    0  7.8 24 210   M    M   9 123    38 220
 5  73  41  57  11   8   0 0.00  0.0    0 10.4 40 240   M    M   4 23     60 240
 6  69  43  56   9   9   0 0.00  0.0    0  4.3 15  70   M    M   5        19  30
 7  61  27  44  -3  21   0 0.00  0.0    0  3.8 14 250   M    M   2        20 240
 8  71  22  47   0  18   0 0.00  0.0    0  3.7 10 240   M    M   0        20 250
 9  78  27  53   5  12   0 0.00  0.0    0  3.8 14 210   M    M   2        20 270
10  68  42  55   7  10   0    T    M    0 13.2 29 200   M    M   7        38 200
11  52  26  39  -9  26   0 0.00  0.0    0  4.6 15 340   M    M   2        25 360
12  64  21  43  -6  22   0 0.00  0.0    0  2.8 13  50   M    M   0        17 250
13  70  24  47  -2  18   0 0.00  0.0    0  4.7 16 220   M    M   0        22 210
14  76  39  58   8   7   0 0.00  0.0    0  7.3 18 220   M    M   3        26 230
15  59  33  46  -4  19   0 0.56    M    0  2.7 14  20   M    M   7 1      22  40
16  73  30  52   2  13   0 0.00  0.0    0  6.8 17 220   M    M   1 12     23 210
17  70  38  54   3  11   0 0.00  0.0    0  6.4 12 360   M    M   2 1      19 290
18  64  30  47  -4  18   0 0.00  0.0    0  8.1 18  70   M    M   0        24  40
19  63  30  47  -4  18   0 0.15    M    0  6.6 16 230   M    M   5 1      24 140
20  60  33  47  -5  18   0 0.15    M    0  5.3 15 220   M    M   8 1      18 230
21  73  29  51  -1  14   0 0.00  0.0    0  4.6 15 240   M    M   2 12     23 290
22  62  41  52   0  13   0 0.54    M    0  2.4 22 210   M    M   7 1      26 210
23  71  37  54   1  11   0 0.00  0.0    0  4.7 14 300   M    M   5 1      23 290
24  73  30  52  -1  13   0 0.00  0.0    0  3.6 14 240   M    M   2        19 240
25  77  46  62   9   3   0 0.05    M    0  7.9 21 260   M    M   6 1      33 230
================================================================================
SM 1712  850       338   0  2.23     0.0 144.8          M       96
================================================================================
AV 68.5 34.0                               5.8 FASTST   M    M   4    MAX(MPH)
                                 MISC ---->  # 40 240               # 60  240
================================================================================
NOTES:
# LAST OF SEVERAL OCCURRENCES

COLUMN 17 PEAK WIND IN M.P.H.

PRELIMINARY LOCAL CLIMATOLOGICAL DATA (WS FORM: F-6) , PAGE 2

                                          STATION:  SARANAC LAKE NY
                                          MONTH:    MAY
                                          YEAR:     2018
                                          LATITUDE:   44 23 N
                                          LONGITUDE:  74 12 W

[TEMPERATURE DATA]      [PRECIPITATION DATA]       SYMBOLS USED IN COLUMN 16

AVERAGE MONTHLY: 51.2   TOTAL FOR MONTH:   2.23    1 = FOG OR MIST
DPTR FM NORMAL:   2.1   DPTR FM NORMAL:   -0.46    2 = FOG REDUCING VISIBILITY
HIGHEST:    79 ON  2    GRTST 24HR  0.60 ON  4- 4      TO 1/4 MILE OR LESS
LOWEST:     21 ON 12                               3 = THUNDER
                        SNOW, ICE PELLETS, HAIL    4 = ICE PELLETS
                        TOTAL MONTH:   0.0 INCH    5 = HAIL
                        GRTST 24HR     0.0         6 = FREEZING RAIN OR DRIZZLE
                        GRTST DEPTH:   0           7 = DUSTSTORM OR SANDSTORM:
                                                       VSBY 1/2 MILE OR LESS
                                                   8 = SMOKE OR HAZE
[NO. OF DAYS WITH]      [WEATHER - DAYS WITH]      9 = BLOWING SNOW
                                                   X = TORNADO
MAX 32 OR BELOW:   0    0.01 INCH OR MORE:   8
MAX 90 OR ABOVE:   0    0.10 INCH OR MORE:   6
MIN 32 OR BELOW:  12    0.50 INCH OR MORE:   3
MIN  0 OR BELOW:   0    1.00 INCH OR MORE:   0

[HDD (BASE 65) ]
TOTAL THIS MO.   338    CLEAR  (SCALE 0-3)  12
DPTR FM NORMAL   -60    PTCLDY (SCALE 4-7)  12
TOTAL FM JUL 1  8977    CLOUDY (SCALE 8-10)  1
DPTR FM NORMAL  -192

[CDD (BASE 65) ]
TOTAL THIS MO.     0
DPTR FM NORMAL     0    [PRESSURE DATA]
TOTAL FM JAN 1     0    HIGHEST SLP M ON M
DPTR FM NORMAL     0    LOWEST  SLP 29.65 ON 10

[REMARKS]
