000
CXUS55 KTBW 251149
CF6SRQ
PRELIMINARY LOCAL CLIMATOLOGICAL DATA (WS FORM: F-6)

                                          STATION:   Sarasota Bradenton
                                          MONTH:     APRIL
                                          YEAR:      2018
                                          LATITUDE:   27 23 N
                                          LONGITUDE:  82 33 W

  TEMPERATURE IN F:       :PCPN:    SNOW:  WIND      :SUNSHINE: SKY     :PK WND
================================================================================
1   2   3   4   5  6A  6B    7    8   9   10  11  12  13   14  15   16   17  18
                                     12Z  AVG MX 2MIN
DY MAX MIN AVG DEP HDD CDD  WTR  SNW DPTH SPD SPD DIR MIN PSBL S-S WX    SPD DR
================================================================================

 1  83  65  74   5   0   9 0.00  0.0    0  7.9 15 330   M    M   3        20 330
 2  80  65  73   4   0   8 0.00  0.0    0  7.8 13 310   M    M   2        18 230
 3  81  64  73   4   0   8 0.00  0.0    0  6.6 16 230   M    M   1 1      21 220
 4  80  62  71   2   0   6 0.00  0.0    0  5.6 17 330   M    M   2        22 330
 5  83  65  74   4   0   9 0.00  0.0    0  8.6 17 340   M    M   0        20 340
 6  83  60  72   2   0   7 0.00  0.0    0  7.6 15 230   M    M   0        19 230
 7  81  64  73   3   0   8 0.04  0.0    0 11.5 26 300   M    M   4 1      34 290
 8  80  69  75   5   0  10 0.03  0.0    0  6.4 17 310   M    M   8        23 320
 9  84  72  78   8   0  13 0.00  0.0    0 10.8 20 200   M    M   5        24 200
10  81  67  74   4   0   9 1.24  0.0    0  8.1 26 280   M    M   6 13     34 270
11  80  62  71   1   0   6 0.00  0.0    0 10.1 17  10   M    M   3        23  10
12  83  57  70   0   0   5 0.00  0.0    0  9.6 15 280   M    M   0        21 270
13  85  64  75   4   0  10 0.00  0.0    0  9.4 21 120   M    M   2        24 130
14  85  63  74   3   0   9 0.00  0.0    0 10.6 20 200   M    M   1        24 210
15  84  65  75   4   0  10 0.82  0.0    0 18.4 32 170   M    M   5 13     42 150
16  69  60  65  -6   0   0 0.00  0.0    0 16.5 26 330   M    M   3        35 320
17  79  52  66  -5   0   1 0.00  0.0    0  5.9 15 310   M    M   0        20 320
18  80  52  66  -6   0   1 0.00  0.0    0  4.9 14 300   M    M   0        17 290
19  79  59  69  -3   0   4 0.00  0.0    0  5.0 13 320   M    M   1 1      19 270
20  80  60  70  -2   0   5 0.00  0.0    0  7.3 16 290   M    M   2        19 290
21  87  68  78   6   0  13 0.31  0.0    0 10.3 18 100   M    M   3 13     23 130
22  87  70  79   7   0  14 0.00  0.0    0 10.3 16 110   M    M   5        21 100
23  83  70  77   5   0  12    T  0.0    0 10.5 21 210   M    M   4        26 200
24  79  67  73   1   0   8 0.08  0.0    0 10.4 17 300   M    M   4 1      22 280
================================================================================
SM 1956 1522         0 185  2.52     0.0 220.1          M       64
================================================================================
AV 81.5 63.4                               9.2 FASTST   M    M   3    MAX(MPH)
                                 MISC ---->  # 32 170               # 42  150
================================================================================
NOTES:
# LAST OF SEVERAL OCCURRENCES

COLUMN 17 PEAK WIND IN M.P.H.

PRELIMINARY LOCAL CLIMATOLOGICAL DATA (WS FORM: F-6) , PAGE 2

                                          STATION:  Sarasota Bradenton
                                          MONTH:    APRIL
                                          YEAR:     2018
                                          LATITUDE:   27 23 N
                                          LONGITUDE:  82 33 W

[TEMPERATURE DATA]      [PRECIPITATION DATA]       SYMBOLS USED IN COLUMN 16

AVERAGE MONTHLY: 72.5   TOTAL FOR MONTH:   2.52    1 = FOG OR MIST
DPTR FM NORMAL:   1.8   DPTR FM NORMAL:    0.47    2 = FOG REDUCING VISIBILITY
HIGHEST:    87 ON 22,21 GRTST 24HR  1.29 ON 31- 1      TO 1/4 MILE OR LESS
LOWEST:     52 ON 18,17                            3 = THUNDER
                        SNOW, ICE PELLETS, HAIL    4 = ICE PELLETS
                        TOTAL MONTH:   0.0 INCH    5 = HAIL
                        GRTST 24HR     0.0         6 = FREEZING RAIN OR DRIZZLE
                        GRTST DEPTH:   0           7 = DUSTSTORM OR SANDSTORM:
                                                       VSBY 1/2 MILE OR LESS
                                                   8 = SMOKE OR HAZE
[NO. OF DAYS WITH]      [WEATHER - DAYS WITH]      9 = BLOWING SNOW
                                                   X = TORNADO
MAX 32 OR BELOW:   0    0.01 INCH OR MORE:   6
MAX 90 OR ABOVE:   0    0.10 INCH OR MORE:   3
MIN 32 OR BELOW:   0    0.50 INCH OR MORE:   2
MIN  0 OR BELOW:   0    1.00 INCH OR MORE:   1

[HDD (BASE 65) ]
TOTAL THIS MO.     0    CLEAR  (SCALE 0-3)  16
DPTR FM NORMAL    -8    PTCLDY (SCALE 4-7)   7
TOTAL FM JUL 1   389    CLOUDY (SCALE 8-10)  1
DPTR FM NORMAL   -86

[CDD (BASE 65) ]
TOTAL THIS MO.   185
DPTR FM NORMAL    40    [PRESSURE DATA]
TOTAL FM JAN 1   509    HIGHEST SLP M ON M
DPTR FM NORMAL   160    LOWEST  SLP 29.80 ON  7

[REMARKS]
