000
CXUS53 KOAX 201000
CF6TQE
PRELIMINARY LOCAL CLIMATOLOGICAL DATA (WS FORM: F-6)

                                          STATION:   TEKAMAH  NE
                                          MONTH:     MAY
                                          YEAR:      2018
                                          LATITUDE:   41 46 N
                                          LONGITUDE:  96 11 W

  TEMPERATURE IN F:       :PCPN:    SNOW:  WIND      :SUNSHINE: SKY     :PK WND
================================================================================
1   2   3   4   5  6A  6B    7    8   9   10  11  12  13   14  15   16   17  18
                                     12Z  AVG MX 2MIN
DY MAX MIN AVG DEP HDD CDD  WTR  SNW DPTH SPD SPD DIR MIN PSBL S-S WX    SPD DR
================================================================================

 1  82  57  70  13   0   5 2.81    M    M 12.9 47 310   M    M   8 13     68 300
 2  60  51  56  -1   9   0 0.01    M    M 12.0 23 350   M    M   9 18     27 350
 3  66  49  58   1   7   0 0.64    M    M 12.3 28 360   M    M   8 13     36 350
 4  77  50  64   6   1   0 0.00    M    M  8.0 22 290   M    M   2        28 300
 5  82  50  66   8   0   1 0.01    M    M  8.1 23 330   M    M   2 3      32 300
 6  80  52  66   8   0   1 0.00    M    M  8.3 22  30   M    M   0        32 350
 7  81  46  64   5   1   0 0.00    M    M  9.6 22 150   M    M   0        30 170
 8  85  60  73  14   0   8 0.00    M    M  9.3 21 150   M    M   0        26 150
 9  82  56  69   9   0   4 0.00    M    M 12.7 31 320   M    M   2        41 320
10  76  51  64   4   1   0 0.00    M    M 13.3 24  50   M    M   1        33  60
11  71  47  59  -1   6   0 0.19    M    M 15.6 35  70   M    M   9 13     45  70
12  55  49  52  -9  13   0 0.01    M    M 13.0 24  30   M    M  10 1      30  30
13  65  52  59  -2   6   0 0.47    M    M 10.3 23 320   M    M  10 13     29 330
14  73  58  66   4   0   1 0.06    M    M  8.7 24 340   M    M   8 13     29 350
15  78  54  66   4   0   1 0.00    M    M  4.8 12  90   M    M   3 1      16  70
16  84  53  69   7   0   4 0.00    M    M  4.4 14 120   M    M   1 1      19 110
17  87  55  71   8   0   6 0.00    M    M 10.1 20 150   M    M   0        27 150
18  82  55  69   6   0   4 0.00    M    M 10.0 29 130   M    M   1        36 130
19  68  54  61  -2   4   0 0.43    M    M 15.8 28 360   M    M   8 1      35 360
================================================================================
SM 1434  999        48  35  4.63    M    199.2          M       82
================================================================================
AV 75.5 52.6                              10.5 FASTST   M    M   4    MAX(MPH)
                                 MISC ---->  # 47 310               # 68  300
================================================================================
NOTES:
# LAST OF SEVERAL OCCURRENCES

COLUMN 17 PEAK WIND IN M.P.H.

PRELIMINARY LOCAL CLIMATOLOGICAL DATA (WS FORM: F-6) , PAGE 2

                                          STATION:  TEKAMAH  NE
                                          MONTH:    MAY
                                          YEAR:     2018
                                          LATITUDE:   41 46 N
                                          LONGITUDE:  96 11 W

[TEMPERATURE DATA]      [PRECIPITATION DATA]       SYMBOLS USED IN COLUMN 16

AVERAGE MONTHLY: 64.0   TOTAL FOR MONTH:   4.63    1 = FOG OR MIST
DPTR FM NORMAL:   4.0   DPTR FM NORMAL:    2.06    2 = FOG REDUCING VISIBILITY
HIGHEST:    87 ON 17    GRTST 24HR  2.81 ON  1- 1      TO 1/4 MILE OR LESS
LOWEST:     46 ON  7                               3 = THUNDER
                        SNOW, ICE PELLETS, HAIL    4 = ICE PELLETS
                        TOTAL MONTH:    M          5 = HAIL
                        GRTST 24HR    M  ON   M    6 = FREEZING RAIN OR DRIZZLE
                        GRTST DEPTH:  M  ON   M    7 = DUSTSTORM OR SANDSTORM:
                                                       VSBY 1/2 MILE OR LESS
                                                   8 = SMOKE OR HAZE
[NO. OF DAYS WITH]      [WEATHER - DAYS WITH]      9 = BLOWING SNOW
                                                   X = TORNADO
MAX 32 OR BELOW:   0    0.01 INCH OR MORE:   9
MAX 90 OR ABOVE:   0    0.10 INCH OR MORE:   5
MIN 32 OR BELOW:   0    0.50 INCH OR MORE:   2
MIN  0 OR BELOW:   0    1.00 INCH OR MORE:   1

[HDD (BASE 65) ]
TOTAL THIS MO.    48    CLEAR  (SCALE 0-3)  11
DPTR FM NORMAL   -74    PTCLDY (SCALE 4-7)   4
TOTAL FM JUL 1  6454    CLOUDY (SCALE 8-10)  4
DPTR FM NORMAL     3

[CDD (BASE 65) ]
TOTAL THIS MO.    35
DPTR FM NORMAL     7    [PRESSURE DATA]
TOTAL FM JAN 1    44    HIGHEST SLP M ON M
DPTR FM NORMAL     8    LOWEST  SLP 29.54 ON  1

[REMARKS]
