000
CXUS54 KJAN 241414
CF6TVR
PRELIMINARY LOCAL CLIMATOLOGICAL DATA (WS FORM: F-6)

                                          STATION:   VICKSBURG
                                          MONTH:     MAY
                                          YEAR:      2018
                                          LATITUDE:   32 20 N
                                          LONGITUDE:  91  2 W

  TEMPERATURE IN F:       :PCPN:    SNOW:  WIND      :SUNSHINE: SKY     :PK WND
================================================================================
1   2   3   4   5  6A  6B    7    8   9   10  11  12  13   14  15   16   17  18
                                     12Z  AVG MX 2MIN
DY MAX MIN AVG DEP HDD CDD  WTR  SNW DPTH SPD SPD DIR MIN PSBL S-S WX    SPD DR
================================================================================

 1  83  56  70   1   0   5 0.02  0.0    0  7.2 18 170   M    M   4        22 170
 2  88  65  77   8   0  12 0.00  0.0    0  9.3 20 170   M    M   3 1      25 150
 3  86  63  75   6   0  10 0.00  0.0    M  7.9 16 170   M    M   0 1      22 170
 4  84  66  75   5   0  10 0.00  0.0    0  4.0 15 330   M    M   3 1      25 310
 5  77  63  70   0   0   5 0.50  0.0    0  2.8 12 320   M    M   6 1      15 340
 6  86  59  73   3   0   8 0.00  0.0    0  2.6  9  60   M    M   1 12     14  40
 7  88  58  73   3   0   8 0.00  0.0    0  2.1 12  50   M    M   1 13     14  60
 8  91  63  77   6   0  12 0.00  0.0    0  2.0 10 140   M    M   1        13 140
 9  90  64  77   6   0  12 0.00  0.0    0  3.0 13 170   M    M   0        18 160
10  88  64  76   5   0  11 0.00  0.0    0  2.4 16 170   M    M   0 1      22 160
11  87  63  75   3   0  10 0.00  0.0    M  6.0 16 170   M    M   0        21 170
12  88  64  76   4   0  11 0.00  0.0    0  4.8 13 160   M    M   1        15 160
13  89  66  78   6   0  13 0.00  0.0    0  2.5 13 170   M    M   0 1      17  M
14  94  68  81   9   0  16 0.00  0.0    0  2.0  8  50   M    M   0 1      11  80
15  95  69  82   9   0  17 0.02  0.0    0  3.0 20 300   M    M   1 13     29 300
16  92  68  80   7   0  15 0.00  0.0    0  2.0  8 350   M    M   1 1      12 300
17  86  68  77   4   0  12 0.11  0.0    0  4.2 16  10   M    M   2 13     22 360
18  91  65  78   5   0  13 0.00  0.0    0  2.7  9  60   M    M   1 12     11  60
19  91  69  80   6   0  15 0.00  0.0    0  3.0 15 170   M    M   0 1      19 180
20  91  70  81   7   0  16    T  0.0    0  4.5 14 150   M    M   2 13     16 150
21  89  69  79   5   0  14    T  0.0    0  3.6 15  90   M    M   2 13     19 100
22  92  68  80   6   0  15    T  0.0    0  2.3 14 120   M    M   3 13     17 120
23  93  70  82   7   0  17 0.64  0.0    0  3.5 17 140   M    M   1 13     21 140
================================================================================
SM 2039 1498         0 277  1.29     0.0  87.4          M       33
================================================================================
AV 88.7 65.1                               3.8 FASTST   M    M   1    MAX(MPH)
                                 MISC ---->  # 20 170               # 29  300
================================================================================
NOTES:
# LAST OF SEVERAL OCCURRENCES

COLUMN 17 PEAK WIND IN M.P.H.

PRELIMINARY LOCAL CLIMATOLOGICAL DATA (WS FORM: F-6) , PAGE 2

                                          STATION:  VICKSBURG
                                          MONTH:    MAY
                                          YEAR:     2018
                                          LATITUDE:   32 20 N
                                          LONGITUDE:  91  2 W

[TEMPERATURE DATA]      [PRECIPITATION DATA]       SYMBOLS USED IN COLUMN 16

AVERAGE MONTHLY: 76.9   TOTAL FOR MONTH:   1.29    1 = FOG OR MIST
DPTR FM NORMAL:   5.1   DPTR FM NORMAL:   -2.57    2 = FOG REDUCING VISIBILITY
HIGHEST:    95 ON 15    GRTST 24HR  0.64 ON 23-23      TO 1/4 MILE OR LESS
LOWEST:     56 ON  1                               3 = THUNDER
                        SNOW, ICE PELLETS, HAIL    4 = ICE PELLETS
                        TOTAL MONTH:   0.0 INCH    5 = HAIL
                        GRTST 24HR     0.0         6 = FREEZING RAIN OR DRIZZLE
                        GRTST DEPTH:   0           7 = DUSTSTORM OR SANDSTORM:
                                                       VSBY 1/2 MILE OR LESS
                                                   8 = SMOKE OR HAZE
[NO. OF DAYS WITH]      [WEATHER - DAYS WITH]      9 = BLOWING SNOW
                                                   X = TORNADO
MAX 32 OR BELOW:   0    0.01 INCH OR MORE:   5
MAX 90 OR ABOVE:  10    0.10 INCH OR MORE:   3
MIN 32 OR BELOW:   0    0.50 INCH OR MORE:   2
MIN  0 OR BELOW:   0    1.00 INCH OR MORE:   0

[HDD (BASE 65) ]
TOTAL THIS MO.     0    CLEAR  (SCALE 0-3)  20
DPTR FM NORMAL    -9    PTCLDY (SCALE 4-7)   3
TOTAL FM JUL 1  2205    CLOUDY (SCALE 8-10)  0
DPTR FM NORMAL  -145

[CDD (BASE 65) ]
TOTAL THIS MO.   277
DPTR FM NORMAL   110    [PRESSURE DATA]
TOTAL FM JAN 1   413    HIGHEST SLP M ON M
DPTR FM NORMAL   128    LOWEST  SLP 29.77 ON 17

[REMARKS]
