000
CXUS55 KBOI 281002
CF6TWF
PRELIMINARY LOCAL CLIMATOLOGICAL DATA (WS FORM: F-6)
STATION: TWIN FALLS ID
MONTH: MARCH
YEAR: 2024
LATITUDE: 42 28 N
LONGITUDE: 114 29 W
TEMPERATURE IN F: :PCPN: SNOW: WIND :SUNSHINE: SKY :PK WND
================================================================================
1 2 3 4 5 6A 6B 7 8 9 10 11 12 13 14 15 16 17 18
12Z AVG MX 2MIN
DY MAX MIN AVG DEP HDD CDD WTR SNW DPTH SPD SPD DIR MIN PSBL S-S WX SPD DR
================================================================================
1 48 34 41 4 24 0 0.20 M M 7.4 23 230 M M 9 18 31 220
2 39 23 31 -6 34 0 0.12 M M 16.0 32 260 M M 5 123 43 270
3 32 16 24 -14 41 0 0.06 M M 9.7 31 260 M M 6 128 43 250
4 34 19 27 -11 38 0 T M M 12.8 24 280 M M 7 128 32 240
5 43 24 34 -4 31 0 T M M 15.1 28 200 M M 9 128 39 200
6 34 28 31 -8 34 0 0.10 M M 7.2 16 300 M M 10 1 19 290
7 30 24 27 -12 38 0 T M M 6.9 16 310 M M 10 12 22 300
8 39 22 31 -8 34 0 0.00 M M 7.9 13 200 M M 2 17 200
9 42 19 31 -9 34 0 0.00 M M 10.5 16 200 M M 0 1 23 190
10 53 27 40 0 25 0 0.00 M M 11.2 24 190 M M 0 33 200
11 50 35 43 3 22 0 0.03 M M 9.2 17 190 M M 7 26 240
12 50 33 42 2 23 0 0.15 M M 10.5 31 310 M M 8 18 48 290
13 40 30 35 -6 30 0 T M M 17.6 36 280 M M 6 18 57 280
14 48 27 38 -3 27 0 0.00 M M 7.8 12 260 M M 3 M M
15 53 24 39 -2 26 0 0.00 M M 8.1 23 70 M M 0 32 70
16 58 24 41 0 24 0 0.00 M M 7.1 17 50 M M 0 8 24 80
17 62 29 46 4 19 0 0.00 M M 7.3 15 50 M M 0 23 100
18 66 36 51 9 14 0 0.00 M M 8.0 14 210 M M 0 19 200
19 67 37 52 10 13 0 0.00 M M 9.8 16 210 M M 0 8 21 200
20 70 39 55 13 10 0 0.00 M M 9.2 18 210 M M 0 26 220
21 60 40 50 8 15 0 0.00 M M 14.1 26 270 M M 1 38 320
22 66 35 51 9 14 0 T M M 7.4 15 190 M M 1 8 21 90
23 55 34 45 2 20 0 0.01 M M 9.6 36 280 M M 7 48 280
24 52 32 42 -1 23 0 0.00 M M 17.3 31 290 M M 3 52 290
25 50 31 41 -2 24 0 0.00 M M 19.4 31 290 M M 3 8 50 290
26 50 30 40 -3 25 0 T M M 17.8 29 280 M M 3 47 300
27 58 30 44 1 21 0 0.01 M M 11.6 30 210 M M 5 39 210
================================================================================
SM 1349 782 683 0 0.68 M 296.5 M 105
================================================================================
AV 50.0 29.0 11.0 FASTST M M 4 MAX(MPH)
MISC ----> # 36 280 57 280
================================================================================
NOTES:
# LAST OF SEVERAL OCCURRENCES
COLUMN 17 PEAK WIND IN M.P.H.
PRELIMINARY LOCAL CLIMATOLOGICAL DATA (WS FORM: F-6) , PAGE 2
STATION: TWIN FALLS ID
MONTH: MARCH
YEAR: 2024
LATITUDE: 42 28 N
LONGITUDE: 114 29 W
[TEMPERATURE DATA] [PRECIPITATION DATA] SYMBOLS USED IN COLUMN 16
AVERAGE MONTHLY: 39.5 TOTAL FOR MONTH: 0.68 1 = FOG OR MIST
DPTR FM NORMAL: -1.1 DPTR FM NORMAL: -0.16 2 = FOG REDUCING VISIBILITY
HIGHEST: 70 ON 20 GRTST 24HR 0.30 ON 1- 2 TO 1/4 MILE OR LESS
LOWEST: 16 ON 3 3 = THUNDER
SNOW, ICE PELLETS, HAIL 4 = ICE PELLETS
TOTAL MONTH: M 5 = HAIL
GRTST 24HR M ON M 6 = FREEZING RAIN OR DRIZZLE
GRTST DEPTH: M ON M 7 = DUSTSTORM OR SANDSTORM:
VSBY 1/2 MILE OR LESS
8 = SMOKE OR HAZE
[NO. OF DAYS WITH] [WEATHER - DAYS WITH] 9 = BLOWING SNOW
X = TORNADO
MAX 32 OR BELOW: 2 0.01 INCH OR MORE: 8
MAX 90 OR ABOVE: 0 0.10 INCH OR MORE: 4
MIN 32 OR BELOW: 18 0.50 INCH OR MORE: 0
MIN 0 OR BELOW: 0 1.00 INCH OR MORE: 0
[HDD (BASE 65) ]
TOTAL THIS MO. 683 CLEAR (SCALE 0-3) 13
DPTR FM NORMAL 23 PTCLDY (SCALE 4-7) 10
TOTAL FM JUL 1 4739 CLOUDY (SCALE 8-10) 4
DPTR FM NORMAL -586
[CDD (BASE 65) ]
TOTAL THIS MO. 0
DPTR FM NORMAL 0 [PRESSURE DATA]
TOTAL FM JAN 1 0 HIGHEST SLP M ON M
DPTR FM NORMAL 0 LOWEST SLP 29.36 ON 2
[REMARKS]