000
CDUS41 KBTV 240523
CLI1V4


CLIMATE REPORT
NATIONAL WEATHER SERVICE BURLINGTON VT
123 AM EDT THU MAY 24 2018


...................................

...THE ST. JOHNSBURY VT CLIMATE SUMMARY FOR MAY 23 2018...

CLIMATE NORMAL PERIOD 1981 TO 2010
CLIMATE RECORD PERIOD 1894 TO 2018


WEATHER ITEM   OBSERVED TIME   RECORD YEAR NORMAL DEPARTURE LAST
                VALUE   (LST)  VALUE       VALUE  FROM      YEAR
                                                  NORMAL
..................................................................
TEMPERATURE (F)
 YESTERDAY
  MAXIMUM         75        MM  92    1977  71      4       72
  MINIMUM         49        MM  27    1935  47      2       48
  AVERAGE         62                        59      3       60

PRECIPITATION (IN)
  YESTERDAY        0.03          1.23 1974   0.11  -0.08     0.00
  MONTH TO DATE    1.47                      2.43  -0.96     3.64
  SINCE MAR 1      8.41                      7.80   0.61     9.96
  SINCE JAN 1     13.99                     12.48   1.51    15.70

DEGREE DAYS
 HEATING
  YESTERDAY        3                         7     -4        5
  MONTH TO DATE  194                       237    -43      310
  SINCE MAR 1   2073                      1932    141     2104
  SINCE JUL 1   7590                      7656    -66     7117

 COOLING
  YESTERDAY        0                         1     -1        0
  MONTH TO DATE    0                         6     -6       12
  SINCE MAR 1      0                         7     -7       13
  SINCE JAN 1      0                         7     -7       13
..................................................................


WIND (MPH)
  HIGHEST WIND SPEED    MM   HIGHEST WIND DIRECTION    MM
  HIGHEST GUST SPEED    MM   HIGHEST GUST DIRECTION    MM
  AVERAGE WIND SPEED    MM


SKY COVER
  AVERAGE SKY COVER 0.0


WEATHER CONDITIONS
 THE FOLLOWING WEATHER WAS RECORDED YESTERDAY.
  NO SIGNIFICANT WEATHER WAS OBSERVED.


RELATIVE HUMIDITY (PERCENT)
 HIGHEST   100          1200 AM
 LOWEST     41           200 PM
 AVERAGE    71

..........................................................


THE ST. JOHNSBURY VT CLIMATE NORMALS FOR TODAY
                         NORMAL    RECORD    YEAR
 MAXIMUM TEMPERATURE (F)   71        91      1975
 MINIMUM TEMPERATURE (F)   47        24      1903


SUNRISE AND SUNSET
MAY 24 2018...........SUNRISE   512 AM EDT   SUNSET   818 PM EDT
MAY 25 2018...........SUNRISE   511 AM EDT   SUNSET   819 PM EDT


-  INDICATES NEGATIVE NUMBERS.
R  INDICATES RECORD WAS SET OR TIED.
MM INDICATES DATA IS MISSING.
T  INDICATES TRACE AMOUNT.




$$
