000
CDUS43 KABR 250735
CLI8D3


CLIMATE REPORT
NATIONAL WEATHER SERVICE ABERDEEN SD
230 AM CDT WED APR 25 2018


...................................

...THE SISSETON SD CLIMATE SUMMARY FOR APRIL 24 2018...

CLIMATE NORMAL PERIOD 1981 TO 2010
CLIMATE RECORD PERIOD 1900 TO 2018


WEATHER ITEM   OBSERVED TIME   RECORD YEAR NORMAL DEPARTURE LAST
                VALUE   (LST)  VALUE       VALUE  FROM      YEAR
                                                  NORMAL
..................................................................
TEMPERATURE (F)
 YESTERDAY
  MAXIMUM         54    444 PM  91    1962  61     -7       67
  MINIMUM         34   1156 PM  19    1956  36     -2       36
  AVERAGE         44                        49     -5       52

PRECIPITATION (IN)
  YESTERDAY        0.03          0.95 1948   0.12  -0.09     0.03
  MONTH TO DATE    0.62                      1.50  -0.88     1.52
  SINCE MAR 1      2.26                      2.62  -0.36     1.78
  SINCE JAN 1      3.36                      3.48  -0.12     2.98

SNOWFALL (IN)
  YESTERDAY        0.0
  MONTH TO DATE    7.5
  SINCE OCT 1     49.9
  SINCE JUL 1     49.9
  SNOW DEPTH       0

DEGREE DAYS
 HEATING
  YESTERDAY       21                        16      5       13
  MONTH TO DATE  775                       528    247      409
  SINCE MAR 1   1928                      1611    317     1489
  SINCE JUL 1   8025                      7870    155     6753

 COOLING
  YESTERDAY        0                         0      0        0
  MONTH TO DATE    0                         0      0        0
  SINCE MAR 1      0                         0      0        0
  SINCE JAN 1      0                         0      0        0
..................................................................


WIND (MPH)
  HIGHEST WIND SPEED    28   HIGHEST WIND DIRECTION     N (10)
  HIGHEST GUST SPEED    32   HIGHEST GUST DIRECTION     N (360)
  AVERAGE WIND SPEED    15.7


SKY COVER
  POSSIBLE SUNSHINE  MM
  AVERAGE SKY COVER 0.0


WEATHER CONDITIONS
 THE FOLLOWING WEATHER WAS RECORDED YESTERDAY.
  NO SIGNIFICANT WEATHER WAS OBSERVED.


RELATIVE HUMIDITY (PERCENT)
 HIGHEST    96          1000 AM
 LOWEST     46           500 PM
 AVERAGE    71

..........................................................


THE SISSETON SD CLIMATE NORMALS FOR TODAY
                         NORMAL    RECORD    YEAR
 MAXIMUM TEMPERATURE (F)   62        94      1962
 MINIMUM TEMPERATURE (F)   37        21      1958


SUNRISE AND SUNSET
APRIL 25 2018.........SUNRISE   625 AM CDT   SUNSET   828 PM CDT
APRIL 26 2018.........SUNRISE   623 AM CDT   SUNSET   829 PM CDT


-  INDICATES NEGATIVE NUMBERS.
R  INDICATES RECORD WAS SET OR TIED.
MM INDICATES DATA IS MISSING.
T  INDICATES TRACE AMOUNT.




$$
