000
CDUS46 KMFR 260041
CLIAAT


CLIMATE REPORT
NATIONAL WEATHER SERVICE MEDFORD, OR
540 PM PDT WED APR 25 2018


...................................

...THE ALTURAS CA CLIMATE SUMMARY FOR APRIL 25 2018...
VALID TODAY AS OF 0500 PM LOCAL TIME.

CLIMATE NORMAL PERIOD 1981 TO 2010
CLIMATE RECORD PERIOD 1905 TO 2018


WEATHER ITEM   OBSERVED TIME   RECORD YEAR NORMAL DEPARTURE LAST
                VALUE   (LST)  VALUE       VALUE  FROM      YEAR
                                                  NORMAL
..................................................................
TEMPERATURE (F)
 TODAY
  MAXIMUM         79    302 PM  84    1946  61     18       50
  MINIMUM         34    543 AM  15    1960  31      3       29
  AVERAGE         57                        46     11       40

PRECIPITATION (IN)
  TODAY            0.00          0.29 1975   0.05  -0.05      T
                                      1975
                                      2012
  MONTH TO DATE    2.18                      1.28   0.90     1.16
  SINCE OCT 1      8.49                     10.41  -1.92    12.58
  SINCE JAN 1      5.49                      5.90  -0.41     8.83

SNOWFALL (IN)
  TODAY           MM                        MM     MM       MM
  MONTH TO DATE   MM                        MM     MM       MM
  SINCE JUL 1     MM                        MM     MM       MM
  SNOW DEPTH      MM

DEGREE DAYS
 HEATING
  TODAY            8                        19    -11       25
  MONTH TO DATE  504                       560    -56      502
  SINCE MAR 1   1363                      1385    -22     1196
  SINCE JUL 1   5760                      6252   -492     5858

 COOLING
  TODAY            0                         0      0        0
  MONTH TO DATE    0                         0      0        0
  SINCE MAR 1      0                         0      0        0
  SINCE JAN 1      0                         0      0        0
..................................................................


WIND (MPH)
  HIGHEST WIND SPEED     9   HIGHEST WIND DIRECTION     W (290)
  HIGHEST GUST SPEED    13   HIGHEST GUST DIRECTION    NW (300)
  AVERAGE WIND SPEED     1.6


SKY COVER
  POSSIBLE SUNSHINE  MM
  AVERAGE SKY COVER 0.0


WEATHER CONDITIONS
 THE FOLLOWING WEATHER WAS RECORDED TODAY.
  NO SIGNIFICANT WEATHER WAS OBSERVED.


RELATIVE HUMIDITY (PERCENT)
 HIGHEST    82           300 AM
 LOWEST     12           100 PM
 AVERAGE    47

..........................................................


THE ALTURAS CA CLIMATE NORMALS FOR TOMORROW
                         NORMAL    RECORD    YEAR
 MAXIMUM TEMPERATURE (F)   61        83      1987
 MINIMUM TEMPERATURE (F)   31        17      1985


SUNRISE AND SUNSET
APRIL 25 2018.........SUNRISE   607 AM PDT   SUNSET   754 PM PDT
APRIL 26 2018.........SUNRISE   606 AM PDT   SUNSET   755 PM PDT


-  INDICATES NEGATIVE NUMBERS.
R  INDICATES RECORD WAS SET OR TIED.
MM INDICATES DATA IS MISSING.
T  INDICATES TRACE AMOUNT.




$$
