000
CDUS44 KSJT 250742
CLIABI


CLIMATE REPORT
NATIONAL WEATHER SERVICE SAN ANGELO TX
241 AM CDT WED APR 25 2018


...................................

...THE ABILENE CLIMATE SUMMARY FOR APRIL 24 2018...

CLIMATE NORMAL PERIOD 1981 TO 2010
CLIMATE RECORD PERIOD 1886 TO 2018


WEATHER ITEM   OBSERVED TIME   RECORD YEAR NORMAL DEPARTURE LAST
                VALUE   (LST)  VALUE       VALUE  FROM      YEAR
                                                  NORMAL
..................................................................
TEMPERATURE (F)
 YESTERDAY
  MAXIMUM         88    435 PM  96    1961  80      8       84
  MINIMUM         53    154 AM  33    2013  54     -1       50
  AVERAGE         71                        67      4       67

PRECIPITATION (IN)
  YESTERDAY        0.16          2.82 1890   0.07   0.09     0.00
  MONTH TO DATE    0.18                      1.22  -1.04     1.32
  SINCE MAR 1      1.65                      2.96  -1.31     1.74
  SINCE JAN 1      4.06                      5.34  -1.28     5.12

SNOWFALL (IN)
  YESTERDAY        0.0           0.0  2000   0.0    0.0      0.0
  MONTH TO DATE    0.0                       0.3   -0.3      0.0
  SINCE NOV 1      0.5                       4.7   -4.2       T
  SINCE JUL 1      0.5                       4.7   -4.2       T

DEGREE DAYS
 HEATING
  YESTERDAY        0                         2     -2        0
  MONTH TO DATE  148                       101     47       64
  SINCE MAR 1    359                       399    -40      210
  SINCE JUL 1   2560                      2532     28     1791

 COOLING
  YESTERDAY        6                         4      2        2
  MONTH TO DATE   49                        70    -21       77
  SINCE MAR 1     95                        99     -4      161
  SINCE JAN 1    107                       104      3      192
..................................................................


WIND (MPH)
  HIGHEST WIND SPEED    31   HIGHEST WIND DIRECTION     N (350)
  HIGHEST GUST SPEED    39   HIGHEST GUST DIRECTION     N (10)
  AVERAGE WIND SPEED    13.1


SKY COVER
  POSSIBLE SUNSHINE  MM
  AVERAGE SKY COVER 0.1


WEATHER CONDITIONS
 THE FOLLOWING WEATHER WAS RECORDED YESTERDAY.
  THUNDERSTORM
  RAIN
  LIGHT RAIN
  FOG


RELATIVE HUMIDITY (PERCENT)
 HIGHEST    78          1000 PM
 LOWEST     29           300 PM
 AVERAGE    54

..........................................................


THE ABILENE CLIMATE NORMALS FOR TODAY
                         NORMAL    RECORD    YEAR
 MAXIMUM TEMPERATURE (F)   80       104      2012
 MINIMUM TEMPERATURE (F)   55        38      1913
                                             1910
                                             1887


SUNRISE AND SUNSET
APRIL 25 2018.........SUNRISE   658 AM CDT   SUNSET   816 PM CDT
APRIL 26 2018.........SUNRISE   657 AM CDT   SUNSET   816 PM CDT


-  INDICATES NEGATIVE NUMBERS.
R  INDICATES RECORD WAS SET OR TIED.
MM INDICATES DATA IS MISSING.
T  INDICATES TRACE AMOUNT.




$$
