000
CDUS42 KFFC 230827
CLIAHN


CLIMATE REPORT
NATIONAL WEATHER SERVICE PEACHTREE CITY GA
427 AM EDT WED MAY 23 2018


...................................

...THE ATHENS CLIMATE SUMMARY FOR MAY 22 2018...

CLIMATE NORMAL PERIOD 1981 TO 2010
CLIMATE RECORD PERIOD 1898 TO 2018


WEATHER ITEM   OBSERVED TIME   RECORD YEAR NORMAL DEPARTURE LAST
                VALUE   (LST)  VALUE       VALUE  FROM      YEAR
                                                  NORMAL
..................................................................
TEMPERATURE (F)
 YESTERDAY
  MAXIMUM         84    248 PM  99    1941  83      1       81
  MINIMUM         67   1159 PM  45    1993  60      7       66
  AVERAGE         76                        72      4       74

PRECIPITATION (IN)
  YESTERDAY        1.08          2.84 1967   0.08   1.00     0.22
  MONTH TO DATE    4.82                      2.13   2.69     4.14
  SINCE MAR 1     13.49                      9.71   3.78    15.31
  SINCE JAN 1     23.90                     18.24   5.66    23.01

DEGREE DAYS
 COOLING
  YESTERDAY       11                         7      4        9
  MONTH TO DATE  170                       107     63      139
  SINCE MAR 1    184                       164     20      295
  SINCE JAN 1    218                       165     53      304
..................................................................


WIND (MPH)
  RESULTANT WIND SPEED   1   RESULTANT WIND DIRECTION   E (90)
  HIGHEST WIND SPEED    10   HIGHEST WIND DIRECTION     E (80)
  HIGHEST GUST SPEED    16   HIGHEST GUST DIRECTION     E (80)
  AVERAGE WIND SPEED     1.8


SKY COVER
  POSSIBLE SUNSHINE  MM
  AVERAGE SKY COVER 0.8


WEATHER CONDITIONS
 THE FOLLOWING WEATHER WAS RECORDED YESTERDAY.
  THUNDERSTORM
  HEAVY RAIN
  RAIN
  LIGHT RAIN
  FOG


RELATIVE HUMIDITY (PERCENT)
 HIGHEST   100           500 AM
 LOWEST     69           300 PM
 AVERAGE    85

..........................................................


THE ATHENS CLIMATE NORMALS FOR TODAY
                         NORMAL    RECORD    YEAR
 MAXIMUM TEMPERATURE (F)   84        99      1941
 MINIMUM TEMPERATURE (F)   60        45      2002


SUNRISE AND SUNSET
MAY 23 2018...........SUNRISE   627 AM EDT   SUNSET   833 PM EDT
MAY 24 2018...........SUNRISE   626 AM EDT   SUNSET   834 PM EDT


-  INDICATES NEGATIVE NUMBERS.
R  INDICATES RECORD WAS SET OR TIED.
MM INDICATES DATA IS MISSING.
T  INDICATES TRACE AMOUNT.




$$
