000
CDUS44 KAMA 230633
CLIAMA


CLIMATE REPORT
NATIONAL WEATHER SERVICE AMARILLO TX
132 AM CDT WED MAY 23 2018


...................................

...THE AMARILLO CLIMATE SUMMARY FOR MAY 22 2018...

CLIMATE NORMAL PERIOD 1981 TO 2010
CLIMATE RECORD PERIOD 1892 TO 2018


WEATHER ITEM   OBSERVED TIME   RECORD YEAR NORMAL DEPARTURE LAST
                VALUE   (LST)  VALUE       VALUE  FROM      YEAR
                                                  NORMAL
..................................................................
TEMPERATURE (F)
 YESTERDAY
  MAXIMUM         87    418 PM 101    1996  81      6       71
  MINIMUM         58    541 AM  37    1931  54      4       51
  AVERAGE         73                        67      6       61

PRECIPITATION (IN)
  YESTERDAY        0.03          1.81 1908   0.09  -0.06      T
  MONTH TO DATE    0.11                      1.41  -1.30     1.13
  SINCE MAR 1      0.95                      4.20  -3.25     4.45
  SINCE JAN 1      0.96                      5.48  -4.52     8.13

SNOWFALL (IN)
  YESTERDAY        0.0           T    1991   0.0    0.0      0.0
  MONTH TO DATE    0.0                       0.2   -0.2      0.0
  SINCE MAR 1      0.0                       3.8   -3.8      2.0
  SINCE JUL 1      T                        17.8  -17.8     10.0
  SNOW DEPTH       0

DEGREE DAYS
 HEATING
  YESTERDAY        0                         2     -2        4
  MONTH TO DATE   10                        72    -62       84
  SINCE MAR 1    715                       883   -168      669
  SINCE JUL 1   3621                      4160   -539     3227

 COOLING
  YESTERDAY        8                         4      4        0
  MONTH TO DATE  166                        57    109       47
  SINCE MAR 1    201                        78    123       96
  SINCE JAN 1    201                        78    123      101
..................................................................


WIND (MPH)
  RESULTANT WIND SPEED  11   RESULTANT WIND DIRECTION   S (170)
  HIGHEST WIND SPEED    26   HIGHEST WIND DIRECTION     S (160)
  HIGHEST GUST SPEED    32   HIGHEST GUST DIRECTION     S (160)
  AVERAGE WIND SPEED    13.4


SKY COVER
  AVERAGE SKY COVER 0.2


WEATHER CONDITIONS
 THE FOLLOWING WEATHER WAS RECORDED YESTERDAY.
  NO SIGNIFICANT WEATHER WAS OBSERVED.


RELATIVE HUMIDITY (PERCENT)
 HIGHEST    87           600 AM
 LOWEST     27           400 PM
 AVERAGE    57

..........................................................


THE AMARILLO CLIMATE NORMALS FOR TODAY
                         NORMAL    RECORD    YEAR
 MAXIMUM TEMPERATURE (F)   81       102      2000
 MINIMUM TEMPERATURE (F)   54        39      1893


SUNRISE AND SUNSET
MAY 23 2018...........SUNRISE   637 AM CDT   SUNSET   850 PM CDT
MAY 24 2018...........SUNRISE   637 AM CDT   SUNSET   851 PM CDT


-  INDICATES NEGATIVE NUMBERS.
R  INDICATES RECORD WAS SET OR TIED.
MM INDICATES DATA IS MISSING.
T  INDICATES TRACE AMOUNT.




$$
