000
CDUS42 KJAX 230529
CLIAMG


CLIMATE REPORT
NATIONAL WEATHER SERVICE JACKSONVILLE FL
129 AM EDT WED MAY 23 2018


...................................

...THE ALMA CLIMATE SUMMARY FOR MAY 22 2018...

CLIMATE NORMAL PERIOD 1981 TO 2010
CLIMATE RECORD PERIOD 1948 TO 2018


WEATHER ITEM   OBSERVED TIME   RECORD YEAR NORMAL DEPARTURE LAST
                VALUE   (LST)  VALUE       VALUE  FROM      YEAR
                                                  NORMAL
..................................................................
TEMPERATURE (F)
 YESTERDAY
  MAXIMUM         88    252 PM  99    2011  87      1       89
  MINIMUM         71   1035 PM  45    1981  64      7       69
  AVERAGE         80                        75      5       79

PRECIPITATION (IN)
  YESTERDAY        0.66          1.89 1967   0.09   0.57     0.04
  MONTH TO DATE    3.04                      1.54   1.50     1.82
  SINCE MAR 1      7.09                      9.10  -2.01     4.82
  SINCE JAN 1     10.60                     17.16  -6.56    12.95

SNOWFALL (IN)
  YESTERDAY        0.0           0.0    MM   0.0    0.0      0.0
  MONTH TO DATE    0.0                       0.0    0.0      0.0
  SINCE MAR 1      0.0                       0.0    0.0      0.0
  SINCE JUL 1      3.0                       0.1    2.9      0.0
  SNOW DEPTH       0

DEGREE DAYS
 HEATING
  YESTERDAY        0                         0      0        0
  MONTH TO DATE    0                         3     -3        3
  SINCE MAR 1    305                       255     50      227
  SINCE JUL 1   1551                      1656   -105     1083

 COOLING
  YESTERDAY       15                        10      5       14
  MONTH TO DATE  221                       171     50      200
  SINCE MAR 1    316                       309      7      439
  SINCE JAN 1    408                       325     83      494
..................................................................


WIND (MPH)
  HIGHEST WIND SPEED    24   HIGHEST WIND DIRECTION     S (190)
  HIGHEST GUST SPEED    31   HIGHEST GUST DIRECTION     S (200)
  AVERAGE WIND SPEED     6.2


SKY COVER
  POSSIBLE SUNSHINE  MM
  AVERAGE SKY COVER 0.7


WEATHER CONDITIONS
 THE FOLLOWING WEATHER WAS RECORDED YESTERDAY.
  THUNDERSTORM
  HEAVY RAIN
  RAIN
  LIGHT RAIN
  FOG


RELATIVE HUMIDITY (PERCENT)
 HIGHEST    93          1200 AM
 LOWEST     50          1200 PM
 AVERAGE    72

..........................................................


THE ALMA CLIMATE NORMALS FOR TODAY
                         NORMAL    RECORD    YEAR
 MAXIMUM TEMPERATURE (F)   87        97      2011
                                             1962
 MINIMUM TEMPERATURE (F)   64        48      2002


SUNRISE AND SUNSET
MAY 23 2018...........SUNRISE   629 AM EDT   SUNSET   825 PM EDT
MAY 24 2018...........SUNRISE   629 AM EDT   SUNSET   825 PM EDT


-  INDICATES NEGATIVE NUMBERS.
R  INDICATES RECORD WAS SET OR TIED.
MM INDICATES DATA IS MISSING.
T  INDICATES TRACE AMOUNT.




$$
