000
CDUS44 KBMX 190743
CLIANB


CLIMATE REPORT
NATIONAL WEATHER SERVICE BIRMINGHAM, AL
243 AM CDT THU APR 19 2018


...................................

...THE ANNISTON CLIMATE SUMMARY FOR APRIL 18 2018...

CLIMATE NORMAL PERIOD 1981 TO 2010
CLIMATE RECORD PERIOD 1903 TO 2018


WEATHER ITEM   OBSERVED TIME   RECORD YEAR NORMAL DEPARTURE LAST
                VALUE   (LST)  VALUE       VALUE  FROM      YEAR
                                                  NORMAL
..................................................................
TEMPERATURE (F)
 YESTERDAY
  MAXIMUM         81    347 PM  90    1955  75      6       83
  MINIMUM         50    540 AM  28    1905  50      0       61
  AVERAGE         66                        62      4       72

PRECIPITATION (IN)
  YESTERDAY        0.00          2.87 1943   0.13  -0.13      T
  MONTH TO DATE    2.33                      2.49  -0.16     4.46
  SINCE MAR 1      6.91                      7.45  -0.54     8.71
  SINCE JAN 1     16.76                     17.05  -0.29    19.23

SNOWFALL (IN)
  YESTERDAY        0.0                       0.0             0.0
  MONTH TO DATE    0.0                       0.2             0.0
  SINCE MAR 1      0.0                       0.9             0.0
  SINCE JUL 1      0.0                       2.0             0.0

DEGREE DAYS
 HEATING
  YESTERDAY        0
  MONTH TO DATE  135
  SINCE MAR 1    506
  SINCE JUL 1   2548
..................................................................


WIND (MPH)
  HIGHEST WIND SPEED    24   HIGHEST WIND DIRECTION    SW (230)
  HIGHEST GUST SPEED    31   HIGHEST GUST DIRECTION    SW (230)
  AVERAGE WIND SPEED    10.8


SKY COVER
  AVERAGE SKY COVER 0.2


WEATHER CONDITIONS
 THE FOLLOWING WEATHER WAS RECORDED YESTERDAY.
  NO SIGNIFICANT WEATHER WAS OBSERVED.


RELATIVE HUMIDITY (PERCENT)
 HIGHEST    89
 LOWEST     33
 AVERAGE    61

..........................................................


THE ANNISTON CLIMATE NORMALS FOR TODAY
                         NORMAL    RECORD    YEAR
 MAXIMUM TEMPERATURE (F)   75        90      1976
 MINIMUM TEMPERATURE (F)   50        33      1983


SUNRISE AND SUNSET
APRIL 19 2018.........SUNRISE   608 AM CDT   SUNSET   717 PM CDT
APRIL 20 2018.........SUNRISE   607 AM CDT   SUNSET   718 PM CDT


-  INDICATES NEGATIVE NUMBERS.
R  INDICATES RECORD WAS SET OR TIED.
MM INDICATES DATA IS MISSING.
T  INDICATES TRACE AMOUNT.




$$
