025
CDAK47 PAJK 221128
CLIANN
CLIMATE REPORT
NATIONAL WEATHER SERVICE JUNEAU, AK
326 AM AKDT SUN APR 22 2018


...................................

...THE ANNETTE ISLAND CLIMATE SUMMARY FOR APRIL 21 2018...

CLIMATE NORMAL PERIOD 1981 TO 2010
CLIMATE RECORD PERIOD 1941 TO 2018


WEATHER ITEM   OBSERVED RECORD YEAR NORMAL DEPARTURE LAST
                VALUE   VALUE       VALUE  FROM      YEAR
                                           NORMAL
...........................................................
TEMPERATURE (F)
 YESTERDAY
  MAXIMUM         48     73    1956  51     -3       58
  MINIMUM         36     30    2013  39     -3       43
                               1975
                               1972
  AVERAGE         42                 45     -3       51

PRECIPITATION (IN)
  YESTERDAY        0.10   1.34 1957   0.22  -0.12     0.01
  MONTH TO DATE    5.20               4.96   0.24     2.48
  SINCE JAN 1     17.48              31.05 -13.57    27.91

DEGREE DAYS
 HEATING
  YESTERDAY       23                 20      3       14
  MONTH TO DATE  428                452    -24      313
...........................................................


WIND (MPH)
  HIGHEST WIND SPEED    12   HIGHEST WIND DIRECTION     S (160)
  HIGHEST GUST SPEED    17   HIGHEST GUST DIRECTION     S (160)
  AVERAGE WIND SPEED     4.4


SKY COVER
  AVERAGE SKY COVER 0.9


WEATHER CONDITIONS
 THE FOLLOWING WEATHER WAS RECORDED YESTERDAY.
  RAIN
  LIGHT RAIN


..........................................................


THE ANNETTE ISLAND CLIMATE NORMALS FOR TODAY
                         NORMAL    RECORD    YEAR
 MAXIMUM TEMPERATURE (F)   51        69      2017
 MINIMUM TEMPERATURE (F)   39        30      2008
                                             1976
                                             1955


SUNRISE AND SUNSET
APRIL 22 2018.........SUNRISE   526 AM AKDT  SUNSET   805 PM AKDT
APRIL 23 2018.........SUNRISE   524 AM AKDT  SUNSET   807 PM AKDT


-  INDICATES NEGATIVE NUMBERS.
R  INDICATES RECORD WAS SET OR TIED.
MM INDICATES DATA IS MISSING.
T  INDICATES TRACE AMOUNT.




$$
--------------------------------------------------------------

AMOUNT OF DAYLIGHT TODAY (HOUR:MIN)......... 14 HOURS 39 MINUTES
GAIN/LOSS SINCE YESTERDAY (HOUR:MIN:SEC).... +0:04:17

$$
