000
CDUS41 KCTP 230625
CLIAOO


CLIMATE REPORT
NATIONAL WEATHER SERVICE STATE COLLEGE PA
225 AM EDT MON APR 23 2018


...................................

...THE ALTOONA CLIMATE SUMMARY FOR APRIL 22 2018...

CLIMATE NORMAL PERIOD 1981 TO 2010
CLIMATE RECORD PERIOD 1948 TO 2018


WEATHER ITEM   OBSERVED TIME   RECORD YEAR NORMAL DEPARTURE LAST
                VALUE   (LST)  VALUE       VALUE  FROM      YEAR
                                                  NORMAL
..................................................................
TEMPERATURE (F)
 YESTERDAY
  MAXIMUM         65    422 PM  85    1954  62      3       55
  MINIMUM         38    543 AM  27    1988  40     -2       42
  AVERAGE         52                        51      1       49

PRECIPITATION (IN)
  YESTERDAY        0.00          0.78 1999   0.11  -0.11     0.03
  MONTH TO DATE    3.09                      2.34   0.75     1.75
  SINCE MAR 1      5.24                      5.41  -0.17     6.08
  SINCE JAN 1     11.47                      9.62   1.85    10.71

DEGREE DAYS
 HEATING
  YESTERDAY       13                        14     -1       16
  MONTH TO DATE  491                       388    103      213
  SINCE MAR 1   1471                      1247    224     1049
  SINCE JUL 1   5557                      5817   -260     4716

 COOLING
  YESTERDAY        0                         0      0        0
  MONTH TO DATE   12                         0     12        8
  SINCE MAR 1     12                         1     11        8
  SINCE JAN 1     12                         1     11        8
..................................................................


WIND (MPH)
  HIGHEST WIND SPEED    13   HIGHEST WIND DIRECTION    SE (120)
  HIGHEST GUST SPEED    16   HIGHEST GUST DIRECTION     E (100)
  AVERAGE WIND SPEED     6.4


SKY COVER
  POSSIBLE SUNSHINE  MM
  AVERAGE SKY COVER 0.1


WEATHER CONDITIONS
 THE FOLLOWING WEATHER WAS RECORDED YESTERDAY.
  NO SIGNIFICANT WEATHER WAS OBSERVED.


RELATIVE HUMIDITY (PERCENT)
 HIGHEST    62          1200 AM
 LOWEST     25           200 PM
 AVERAGE    44

..........................................................


THE ALTOONA CLIMATE NORMALS FOR TODAY
                         NORMAL    RECORD    YEAR
 MAXIMUM TEMPERATURE (F)   63        86      1960
 MINIMUM TEMPERATURE (F)   40        27      1982


SUNRISE AND SUNSET
APRIL 23 2018.........SUNRISE   623 AM EDT   SUNSET   800 PM EDT
APRIL 24 2018.........SUNRISE   622 AM EDT   SUNSET   801 PM EDT


-  INDICATES NEGATIVE NUMBERS.
R  INDICATES RECORD WAS SET OR TIED.
MM INDICATES DATA IS MISSING.
T  INDICATES TRACE AMOUNT.




$$
