000
CDUS45 KBOU 200735
CLIAPA


CLIMATE REPORT
NATIONAL WEATHER SERVICE DENVER/BOULDER CO
131 AM MDT FRI APR 20 2018


...................................

...THE CENTENNIAL CO CLIMATE SUMMARY FOR APRIL 19 2018...

CLIMATE NORMAL PERIOD 1981 TO 2010
CLIMATE RECORD PERIOD 9999 TO 9999


WEATHER ITEM   OBSERVED RECORD YEAR NORMAL DEPARTURE LAST
                VALUE   VALUE       VALUE  FROM      YEAR
                                           NORMAL
...........................................................
TEMPERATURE (F)
 YESTERDAY
  MAXIMUM         65     MM      MM  60      5       71
  MINIMUM         31     MM      MM  34     -3       44
  AVERAGE         48                 47      1       58

PRECIPITATION (IN)
  YESTERDAY        0.00  MM      MM   0.07  -0.07     0.00
  MONTH TO DATE    0.38               1.23  -0.85     0.46
  SINCE MAR 1      1.68               2.36  -0.68     1.33
  SINCE JAN 1      2.14               3.29  -1.15     1.54

SNOWFALL (IN)
  YESTERDAY        0.0
  SNOW DEPTH       0

DEGREE DAYS
 HEATING
  YESTERDAY       17
  MONTH TO DATE  353

 COOLING
  YESTERDAY        0
  MONTH TO DATE    0
...........................................................


WIND (MPH)
  RESULTANT WIND SPEED  18   RESULTANT WIND DIRECTION   S (160)
  HIGHEST WIND SPEED    39   HIGHEST WIND DIRECTION     S (170)
  HIGHEST GUST SPEED    51   HIGHEST GUST DIRECTION     S (170)


SKY COVER
  POSSIBLE SUNSHINE  MM
  AVERAGE SKY COVER 0.5


WEATHER CONDITIONS
 THE FOLLOWING WEATHER WAS RECORDED YESTERDAY.
  NO SIGNIFICANT WEATHER WAS OBSERVED.


RELATIVE HUMIDITY (PERCENT)
 HIGHEST    49
 LOWEST     16
 AVERAGE    33

..........................................................


THE CENTENNIAL CO CLIMATE NORMALS FOR TODAY
                         NORMAL    RECORD    YEAR
 MAXIMUM TEMPERATURE (F)   60        MM        MM
 MINIMUM TEMPERATURE (F)   34        MM        MM


SUNRISE AND SUNSET
APRIL 20 2018.........SUNRISE   615 AM MDT   SUNSET   742 PM MDT
APRIL 21 2018.........SUNRISE   613 AM MDT   SUNSET   743 PM MDT


-  INDICATES NEGATIVE NUMBERS.
R  INDICATES RECORD WAS SET OR TIED.
MM INDICATES DATA IS MISSING.
T  INDICATES TRACE AMOUNT.




$$
