000
CDUS46 KPQR 261142
CLIAST


CLIMATE REPORT
NATIONAL WEATHER SERVICE PORTLAND OREGON
441 AM PDT THU APR 26 2018


...................................

...THE ASTORIA OR CLIMATE SUMMARY FOR APRIL 25 2018...

CLIMATE NORMAL PERIOD 1981 TO 2010
CLIMATE RECORD PERIOD 1892 TO 2018


WEATHER ITEM   OBSERVED TIME   RECORD YEAR NORMAL DEPARTURE LAST
                VALUE   (LST)  VALUE       VALUE  FROM      YEAR
                                                  NORMAL
..................................................................
TEMPERATURE (F)
 YESTERDAY
  MAXIMUM         64   1147 AM  83    1941  58      6       52
  MINIMUM         46    523 AM  29    1955  42      4       43
  AVERAGE         55                        50      5       48

PRECIPITATION (IN)
  YESTERDAY        0.00          1.24 1892   0.15  -0.15     0.67
  MONTH TO DATE    8.91                      4.50   4.41     8.32
  SINCE OCT 1     62.95                     56.36   6.59    84.52
  SINCE JAN 1     32.16                     29.34   2.82    40.65

DEGREE DAYS
 HEATING
  YESTERDAY       10                        15     -5       17
  MONTH TO DATE  382                       414    -32      391
  SINCE MAR 1   1002                       992     10      955
  SINCE JUL 1   4160                      4334   -174     3938

 COOLING
  YESTERDAY        0                         0      0        0
  MONTH TO DATE    1                         0      1        0
  SINCE MAR 1      1                         0      1        0
  SINCE JAN 1      1                         0      1        0
..................................................................


WIND (MPH)
  HIGHEST WIND SPEED    14   HIGHEST WIND DIRECTION     W (260)
  HIGHEST GUST SPEED    17   HIGHEST GUST DIRECTION     W (260)
  AVERAGE WIND SPEED     6.0


SKY COVER
  POSSIBLE SUNSHINE  MM
  AVERAGE SKY COVER 0.3


WEATHER CONDITIONS
 THE FOLLOWING WEATHER WAS RECORDED YESTERDAY.
  FOG
  FOG W/VISIBILITY <= 1/4 MILE


RELATIVE HUMIDITY (PERCENT)
 HIGHEST   100           500 AM
 LOWEST     67          1200 PM
 AVERAGE    84

..........................................................


THE ASTORIA OR CLIMATE NORMALS FOR TODAY
                         NORMAL    RECORD    YEAR
 MAXIMUM TEMPERATURE (F)   58        83      1987
 MINIMUM TEMPERATURE (F)   42        30      1943


SUNRISE AND SUNSET
APRIL 26 2018.........SUNRISE   610 AM PDT   SUNSET   818 PM PDT
APRIL 27 2018.........SUNRISE   608 AM PDT   SUNSET   819 PM PDT


-  INDICATES NEGATIVE NUMBERS.
R  INDICATES RECORD WAS SET OR TIED.
MM INDICATES DATA IS MISSING.
T  INDICATES TRACE AMOUNT.




$$
