000
CDUS42 KFFC 220041
CLIATL


CLIMATE REPORT
NATIONAL WEATHER SERVICE PEACHTREE CITY GA
838 PM EDT SAT APR 21 2018


...................................

...THE ATLANTA CLIMATE SUMMARY FOR APRIL 21 2018...
VALID AS OF 0800 PM LOCAL TIME.

CLIMATE NORMAL PERIOD 1981 TO 2010
CLIMATE RECORD PERIOD 1878 TO 2018


WEATHER ITEM   OBSERVED TIME   RECORD YEAR NORMAL DEPARTURE LAST
                VALUE   (LST)  VALUE       VALUE  FROM      YEAR
                                                  NORMAL
..................................................................
TEMPERATURE (F)
 TODAY
  MAXIMUM         72    354 PM  88    1987  74     -2       85
  MINIMUM         46    616 AM  33    1953  53     -7       64
  AVERAGE         59                        63     -4       75

PRECIPITATION (IN)
  TODAY            0.00          0.95 1995   0.11  -0.11     0.00
  MONTH TO DATE    1.49                      2.35  -0.86     4.82
  SINCE MAR 1      6.35                      7.16  -0.81     7.50
  SINCE JAN 1     15.72                     16.03  -0.31    17.55

SNOWFALL (IN)
  TODAY            0.0           0.0  2002   0.0    0.0      0.0
                                      2001
                                      2000
  MONTH TO DATE    0.0                       0.1   -0.1      0.0
  SINCE MAR 1      0.0                       0.9   -0.9       T
  SINCE JUL 1      4.7                       3.0    1.7       T
  SNOW DEPTH       0

DEGREE DAYS
 HEATING
  TODAY            6                         4      2        0
  MONTH TO DATE  141                       117     24       37
  SINCE MAR 1    493                       459     34      300
  SINCE JUL 1   2437                      2714   -277     1656

 COOLING
  TODAY            0                         2     -2       10
  MONTH TO DATE   19                        30    -11       83
  SINCE MAR 1     23                        42    -19      128
  SINCE JAN 1     50                        43      7      133
..................................................................


WIND (MPH)
  RESULTANT WIND SPEED   9   RESULTANT WIND DIRECTION   E (100)
  HIGHEST WIND SPEED    20   HIGHEST WIND DIRECTION     E (90)
  HIGHEST GUST SPEED    26   HIGHEST GUST DIRECTION     E (90)
  AVERAGE WIND SPEED     9.1


SKY COVER
  AVERAGE SKY COVER 0.5


WEATHER CONDITIONS
 THE FOLLOWING WEATHER WAS RECORDED TODAY.
  NO SIGNIFICANT WEATHER WAS OBSERVED.


RELATIVE HUMIDITY (PERCENT)
 HIGHEST    71           700 AM
 LOWEST     31           100 PM

..........................................................


THE ATLANTA CLIMATE NORMALS FOR TOMORROW
                         NORMAL    RECORD    YEAR
 MAXIMUM TEMPERATURE (F)   74        89      1987
 MINIMUM TEMPERATURE (F)   53        31      1978


SUNRISE AND SUNSET
APRIL 21 2018.........SUNRISE   700 AM EDT   SUNSET   813 PM EDT
APRIL 22 2018.........SUNRISE   659 AM EDT   SUNSET   814 PM EDT


-  INDICATES NEGATIVE NUMBERS.
R  INDICATES RECORD WAS SET OR TIED.
MM INDICATES DATA IS MISSING.
T  INDICATES TRACE AMOUNT.




$$
