276
CDUS44 KEWX 192226
CLIAUS


CLIMATE REPORT
NATIONAL WEATHER SERVICE AUSTIN/SAN ANTONIO, TX
526 PM CDT THU APR 19 2018


...................................

...THE AUSTIN BERGSTROM CLIMATE SUMMARY FOR APRIL 19 2018...
VALID TODAY AS OF 0500 PM LOCAL TIME.

CLIMATE NORMAL PERIOD 1981 TO 2010
CLIMATE RECORD PERIOD 1943 TO 2018


WEATHER ITEM   OBSERVED TIME   RECORD YEAR NORMAL DEPARTURE LAST
                VALUE   (LST)  VALUE       VALUE  FROM      YEAR
                                                  NORMAL
..................................................................
TEMPERATURE (F)
 TODAY
  MAXIMUM         77    325 PM  99    1951  81     -4       86
  MINIMUM         52    358 AM  40    2013  56     -4       67
  AVERAGE         65                        68     -3       77

PRECIPITATION (IN)
  TODAY            0.00          2.04 1949   0.07  -0.07      T
  MONTH TO DATE    0.41                      1.26  -0.85     0.99
  SINCE MAR 1      6.62                      4.04   2.58     4.32
  SINCE JAN 1      7.94                      8.55  -0.61    11.63

SNOWFALL (IN)
  TODAY            0.0
  MONTH TO DATE    0.0
  SINCE MAR 1      0.0
  SINCE JUL 1      1.3
  SNOW DEPTH       0

DEGREE DAYS
 HEATING
  TODAY            0                         2     -2        0
  MONTH TO DATE   61                        53      8       10
  SINCE MAR 1    168                       275   -107       83
  SINCE JUL 1   1694                      1890   -196      957

 COOLING
  TODAY            0                         5     -5       12
  MONTH TO DATE   58                        69    -11      105
  SINCE MAR 1    166                       111     55      258
  SINCE JAN 1    208                       127     81      367
..................................................................


WIND (MPH)
  HIGHEST WIND SPEED    23   HIGHEST WIND DIRECTION    NE (30)
  HIGHEST GUST SPEED    30   HIGHEST GUST DIRECTION    NE (40)
  AVERAGE WIND SPEED    13.5


SKY COVER
  AVERAGE SKY COVER 0.2


WEATHER CONDITIONS
 THE FOLLOWING WEATHER WAS RECORDED TODAY.
  NO SIGNIFICANT WEATHER WAS OBSERVED.


RELATIVE HUMIDITY (PERCENT)
 HIGHEST    64          1200 AM
 LOWEST     23           100 PM
 AVERAGE    44

..........................................................


THE AUSTIN BERGSTROM CLIMATE NORMALS FOR TOMORROW
                         NORMAL    RECORD    YEAR
 MAXIMUM TEMPERATURE (F)   81        93      1984
 MINIMUM TEMPERATURE (F)   56        33      2013


SUNRISE AND SUNSET
APRIL 19 2018.........SUNRISE   659 AM CDT   SUNSET   801 PM CDT
APRIL 20 2018.........SUNRISE   658 AM CDT   SUNSET   801 PM CDT


-  INDICATES NEGATIVE NUMBERS.
R  INDICATES RECORD WAS SET OR TIED.
MM INDICATES DATA IS MISSING.
T  INDICATES TRACE AMOUNT.




$$
