000
CDUS42 KGSP 272035
CLIAVL

CLIMATE REPORT
NATIONAL WEATHER SERVICE GREENVILLE-SPARTANBURG SC
435 PM EDT SUN MAY 27 2018


...................................

...THE ASHEVILLE NC CLIMATE SUMMARY FOR MAY 27 2018...
VALID TODAY AS OF 0435 PM LOCAL TIME.

CLIMATE NORMAL PERIOD 1981 TO 2010
CLIMATE RECORD PERIOD 1869 TO 2018


WEATHER ITEM   OBSERVED TIME   RECORD YEAR NORMAL DEPARTURE LAST
                VALUE   (LST)  VALUE       VALUE  FROM      YEAR
                                                  NORMAL
..................................................................
TEMPERATURE (F)
 TODAY
  MAXIMUM         80    122 PM  93    1890  77      3       81
  MINIMUM         64    336 AM  36    1961  55      9       54
  AVERAGE         72                        66      6       68

PRECIPITATION (IN)
  TODAY            T             4.39 1973   0.13  -0.13     0.06
  MONTH TO DATE   10.72                      3.15   7.57     6.92
  SINCE MAR 1     18.47                     10.31   8.16    18.49
  SINCE JAN 1     28.08                     17.74  10.34    22.91

SNOWFALL (IN)
  TODAY            0.0           0.0    MM   0.0    0.0      0.0
  MONTH TO DATE    0.0                       0.0    0.0      0.0
  SINCE MAR 1      1.2                       2.6   -1.4      2.1
  SINCE JUL 1     12.0                       9.9    2.1      9.4
  SNOW DEPTH       0

DEGREE DAYS
 HEATING
  TODAY            0                         2     -2        0
  MONTH TO DATE   13                       103    -90       70
  SINCE MAR 1    928                       958    -30      729
  SINCE JUL 1   3778                      4175   -397     3123

 COOLING
  TODAY            7                         3      4        3
  MONTH TO DATE  127                        41     86       51
  SINCE MAR 1    131                        49     82       79
  SINCE JAN 1    135                        49     86       79
..................................................................


WIND (MPH)
  HIGHEST WIND SPEED    13   HIGHEST WIND DIRECTION     S (180)
  HIGHEST GUST SPEED    17   HIGHEST GUST DIRECTION    SE (140)
  AVERAGE WIND SPEED     3.0


SKY COVER
  POSSIBLE SUNSHINE  MM
  AVERAGE SKY COVER 0.6


WEATHER CONDITIONS
 THE FOLLOWING WEATHER WAS RECORDED TODAY.
  LIGHT RAIN
  FOG
  HAZE


RELATIVE HUMIDITY (PERCENT)
 HIGHEST   100           300 AM
 LOWEST     67          1200 PM
 AVERAGE    84

..........................................................


THE ASHEVILLE NC CLIMATE NORMALS FOR TOMORROW
                         NORMAL    RECORD    YEAR
 MAXIMUM TEMPERATURE (F)   77        91      1941
                                             1914
 MINIMUM TEMPERATURE (F)   55        35      1961


SUNRISE AND SUNSET
MAY 27 2018...........SUNRISE   618 AM EDT   SUNSET   837 PM EDT
MAY 28 2018...........SUNRISE   618 AM EDT   SUNSET   837 PM EDT


-  INDICATES NEGATIVE NUMBERS.
R  INDICATES RECORD WAS SET OR TIED.
MM INDICATES DATA IS MISSING.
T  INDICATES TRACE AMOUNT.

$$

OUTLAW
