666
CDAK48 PAFC 260117
CLIBET


CLIMATE REPORT
NATIONAL WEATHER SERVICE ANCHORAGE, AK
516 PM AKDT WED APR 25 2018


...................................

...THE BETHEL CLIMATE SUMMARY FOR APRIL 25 2018...
VALID TODAY AS OF 0500 PM LOCAL TIME.

CLIMATE NORMAL PERIOD 1981 TO 2010
CLIMATE RECORD PERIOD 1948 TO 2018


WEATHER ITEM   OBSERVED TIME   RECORD YEAR NORMAL DEPARTURE LAST
                VALUE   (LST)  VALUE       VALUE  FROM      YEAR
                                                  NORMAL
..................................................................
TEMPERATURE (F)
 TODAY
  MAXIMUM         43        MM  59    2016  40      3       50
  MINIMUM         33        MM  -3    1964  25      8       31
                                      1960
  AVERAGE         38                        32      6       41

PRECIPITATION (IN)
  TODAY            0.04          0.35 1948   0.03   0.01     0.18
  MONTH TO DATE    0.78                      0.60   0.18     0.35
  SINCE MAR 1      1.29                      1.31  -0.02     0.65
  SINCE JAN 1      3.06                      2.81   0.25     2.54

SNOWFALL (IN)
  TODAY            T             1.0  1962   0.2   -0.2      0.0
  MONTH TO DATE    0.6                       5.1   -4.5      0.9
  SINCE MAR 1      5.7                      13.3   -7.6      3.8
  SINCE JUL 1     35.3                      59.1  -23.8     31.2
  SNOW DEPTH       0

DEGREE DAYS
 HEATING
  TODAY           27                        33     -6       24
  MONTH TO DATE  814                       986   -172      743
  SINCE MAR 1   2124                      2530   -406     2568
  SINCE JUL 1   9377                     11268  -1891    10828

 COOLING
  TODAY            0                         0      0        0
  MONTH TO DATE    0                         0      0        0
  SINCE MAR 1      0                         0      0        0
  SINCE JAN 1      0                         0      0        0
..................................................................


WIND (MPH)
  RESULTANT WIND SPEED  22   RESULTANT WIND DIRECTION   S (170)
  HIGHEST WIND SPEED    29   HIGHEST WIND DIRECTION     S (180)
  HIGHEST GUST SPEED    39   HIGHEST GUST DIRECTION     S (190)
  AVERAGE WIND SPEED    22.9



WEATHER CONDITIONS
 THE FOLLOWING WEATHER WAS RECORDED TODAY.
  LIGHT RAIN
  LIGHT SNOW
  FOG


RELATIVE HUMIDITY (PERCENT)
 HIGHEST    96
 LOWEST     70
 AVERAGE    83

..........................................................


THE BETHEL CLIMATE NORMALS FOR TOMORROW
                         NORMAL    RECORD    YEAR
 MAXIMUM TEMPERATURE (F)   41        58      1958
 MINIMUM TEMPERATURE (F)   25        -4      1964


SUNRISE AND SUNSET
APRIL 25 2018.........SUNRISE   657 AM AKDT  SUNSET  1035 PM AKDT
APRIL 26 2018.........SUNRISE   654 AM AKDT  SUNSET  1037 PM AKDT


-  INDICATES NEGATIVE NUMBERS.
R  INDICATES RECORD WAS SET OR TIED.
MM INDICATES DATA IS MISSING.
T  INDICATES TRACE AMOUNT.




$$
