000
CDUS44 KAMA 202128
CLIBGD


CLIMATE REPORT
NATIONAL WEATHER SERVICE AMARILLO TX
428 PM CDT SUN MAY 20 2018


...................................

...THE BORGER CLIMATE SUMMARY FOR MAY 20 2018...
VALID TODAY AS OF 0400 PM LOCAL TIME.

CLIMATE NORMAL PERIOD 1981 TO 2010
CLIMATE RECORD PERIOD 1949 TO 2018


WEATHER ITEM   OBSERVED TIME   RECORD YEAR NORMAL DEPARTURE LAST
                VALUE   (LST)  VALUE       VALUE  FROM      YEAR
                                                  NORMAL
..................................................................
TEMPERATURE (F)
 TODAY
  MAXIMUM         73    259 PM 101    2006  82     -9       72
  MINIMUM         51    724 AM  41    1981  57     -6       42
  AVERAGE         62                        69     -7       57

PRECIPITATION (IN)
  TODAY            0.00          1.08 1955   0.11  -0.11     0.00
  MONTH TO DATE    0.95                      1.51  -0.56     0.72
  SINCE MAR 1      2.02                      4.46  -2.44     7.23
  SINCE JAN 1      2.03                      5.67  -3.64    10.71

SNOWFALL (IN)
  TODAY            0.0           T    1950                   0.0
  MONTH TO DATE    0.0                                       0.0
  SINCE MAR 1      0.0                                       1.1
  SINCE JUL 1      2.0                                       4.7
  SNOW DEPTH       0

DEGREE DAYS
 HEATING
  TODAY            3                         1      2        8
  MONTH TO DATE    5                        53    -48       55
  SINCE MAR 1    611                       763   -152      562
  SINCE JUL 1   3272                      3756   -484     2897

 COOLING
  TODAY            0                         6     -6        0
  MONTH TO DATE  220                        78    142       79
  SINCE MAR 1    277                       122    155      180
  SINCE JAN 1    277                       122    155      194
..................................................................


WIND (MPH)
  RESULTANT WIND SPEED  13   RESULTANT WIND DIRECTION   N (10)
  HIGHEST WIND SPEED    22   HIGHEST WIND DIRECTION    NE (30)
  HIGHEST GUST SPEED    28   HIGHEST GUST DIRECTION    NE (30)
  AVERAGE WIND SPEED    13.4


SKY COVER
  AVERAGE SKY COVER 0.4


WEATHER CONDITIONS
 THE FOLLOWING WEATHER WAS RECORDED TODAY.
  NO SIGNIFICANT WEATHER WAS OBSERVED.


RELATIVE HUMIDITY (PERCENT)
 HIGHEST    77           400 AM
 LOWEST     38           300 PM
 AVERAGE    58

..........................................................


THE BORGER CLIMATE NORMALS FOR TOMORROW
                         NORMAL    RECORD    YEAR
 MAXIMUM TEMPERATURE (F)   82       102      1966
 MINIMUM TEMPERATURE (F)   57        43      2001


SUNRISE AND SUNSET
MAY 20 2018...........SUNRISE   637 AM CDT   SUNSET   848 PM CDT
MAY 21 2018...........SUNRISE   636 AM CDT   SUNSET   849 PM CDT


-  INDICATES NEGATIVE NUMBERS.
R  INDICATES RECORD WAS SET OR TIED.
MM INDICATES DATA IS MISSING.
T  INDICATES TRACE AMOUNT.




$$
