000
CDUS41 KCAR 202026
CLIBGR


CLIMATE REPORT
NATIONAL WEATHER SERVICE CARIBOU, ME
426 PM EDT SUN MAY 20 2018


...................................

...THE BANGOR ME CLIMATE SUMMARY FOR MAY 20 2018...
VALID TODAY AS OF 0400 PM LOCAL TIME.

CLIMATE NORMAL PERIOD 1981 TO 2010
CLIMATE RECORD PERIOD 1925 TO 2018


WEATHER ITEM   OBSERVED TIME   RECORD YEAR NORMAL DEPARTURE LAST
                VALUE   (LST)  VALUE       VALUE  FROM      YEAR
                                                  NORMAL
..................................................................
TEMPERATURE (F)
 TODAY
  MAXIMUM         72    252 PM  86    2003  67      5       65
                                      1996
  MINIMUM         50   1201 AM  30    1944  44      6       43
  AVERAGE         61                        55      6       54

PRECIPITATION (IN)
  TODAY            0.01          1.10 1996   0.12  -0.11     0.00
  MONTH TO DATE    1.96                      2.28  -0.32     4.93
  SINCE MAR 1      8.91                      9.28  -0.37    10.98
  SINCE JAN 1     17.43                     14.69   2.74    16.87

SNOWFALL (IN)
  TODAY            0.0           0.0  2002   0.0    0.0      0.0
                                      2001
  MONTH TO DATE    0.0                       0.1   -0.1      0.0
  SINCE MAR 1     35.3                      15.5   19.8     19.3
  SINCE JUL 1    111.3                      66.2   45.1     82.6
  SNOW DEPTH       0

DEGREE DAYS
 HEATING
  TODAY            4                        10     -6       11
  MONTH TO DATE  193                       263    -70      265
  SINCE MAR 1   1950                      2015    -65     2049
  SINCE JUL 1   7168                      7661   -493     7177

 COOLING
  TODAY            0                         0      0        0
  MONTH TO DATE    3                         0      3        7
  SINCE MAR 1      3                         0      3        7
  SINCE JAN 1      3                         0      3        7
..................................................................


WIND (MPH)
  HIGHEST WIND SPEED    18   HIGHEST WIND DIRECTION    NW (320)
  HIGHEST GUST SPEED    26   HIGHEST GUST DIRECTION    NW (330)
  AVERAGE WIND SPEED     7.5


SKY COVER
  POSSIBLE SUNSHINE  MM
  AVERAGE SKY COVER 0.9


WEATHER CONDITIONS
 THE FOLLOWING WEATHER WAS RECORDED TODAY.
  LIGHT RAIN


RELATIVE HUMIDITY (PERCENT)
 HIGHEST   100           200 AM
 LOWEST     61           300 PM
 AVERAGE    81

..........................................................


THE BANGOR ME CLIMATE NORMALS FOR TOMORROW
                         NORMAL    RECORD    YEAR
 MAXIMUM TEMPERATURE (F)   67        92      1992
 MINIMUM TEMPERATURE (F)   44        32      1939


SUNRISE AND SUNSET
MAY 20 2018...........SUNRISE   502 AM EDT   SUNSET   803 PM EDT
MAY 21 2018...........SUNRISE   501 AM EDT   SUNSET   804 PM EDT


-  INDICATES NEGATIVE NUMBERS.
R  INDICATES RECORD WAS SET OR TIED.
MM INDICATES DATA IS MISSING.
T  INDICATES TRACE AMOUNT.




$$
