000
CDUS41 KRLX 260735
CLIBKW


CLIMATE REPORT
NATIONAL WEATHER SERVICE CHARLESTON WV
335 AM EDT SAT MAY 26 2018


...................................

...THE BECKLEY WV CLIMATE SUMMARY FOR MAY 25 2018...

CLIMATE NORMAL PERIOD 1981 TO 2010
CLIMATE RECORD PERIOD 1963 TO 2018


WEATHER ITEM   OBSERVED TIME   RECORD YEAR NORMAL DEPARTURE LAST
                VALUE   (LST)  VALUE       VALUE  FROM      YEAR
                                                  NORMAL
..................................................................
TEMPERATURE (F)
 YESTERDAY
  MAXIMUM         79    553 PM  86    1953  72      7       56
                                      1914
                                      1911
  MINIMUM         60    419 AM  28    1956  52      8       52
  AVERAGE         70                        62      8       54

PRECIPITATION (IN)
  YESTERDAY        T             0.83 1902   0.16  -0.16     0.43
  MONTH TO DATE    4.07                      3.73   0.34     6.49
  SINCE JAN 1     21.23                     16.23   5.00    20.25

SNOWFALL (IN)
  YESTERDAY        0.0           0.0  2017   0.0    0.0      0.0
  MONTH TO DATE    0.0                       0.1   -0.1      0.0
  SINCE SEP 1     54.5                      62.0   -7.5     26.0
  SNOW DEPTH       0

DEGREE DAYS
 HEATING
  YESTERDAY        0                         5     -5       11
  MONTH TO DATE   33                       170   -137      164
  SINCE MAR 1   1382                      1278    104     1080
  SINCE JUL 1   5072                      5279   -207     4214

 COOLING
  YESTERDAY        5                         1      4        0
  MONTH TO DATE   83                        19     64       29
  SINCE MAR 1     94                        29     65       60
  SINCE JAN 1     95                        29     66       60
..................................................................


WIND (MPH)
  HIGHEST WIND SPEED    13   HIGHEST WIND DIRECTION    SE (150)
  HIGHEST GUST SPEED    16   HIGHEST GUST DIRECTION    SE (140)
  AVERAGE WIND SPEED     5.5


SKY COVER
  POSSIBLE SUNSHINE  MM
  AVERAGE SKY COVER 0.5


WEATHER CONDITIONS
 THE FOLLOWING WEATHER WAS RECORDED YESTERDAY.
  NO SIGNIFICANT WEATHER WAS OBSERVED.


RELATIVE HUMIDITY (PERCENT)
 HIGHEST    84           400 AM
 LOWEST     54           400 PM
 AVERAGE    69

..........................................................


THE BECKLEY WV CLIMATE NORMALS FOR TODAY
                         NORMAL    RECORD    YEAR
 MAXIMUM TEMPERATURE (F)   72        90      1926
 MINIMUM TEMPERATURE (F)   52        30      1934
                                             1897


SUNRISE AND SUNSET
MAY 26 2018...........SUNRISE   607 AM EDT   SUNSET   836 PM EDT
MAY 27 2018...........SUNRISE   606 AM EDT   SUNSET   837 PM EDT


-  INDICATES NEGATIVE NUMBERS.
R  INDICATES RECORD WAS SET OR TIED.
MM INDICATES DATA IS MISSING.
T  INDICATES TRACE AMOUNT.




$$
