836
CDUS46 KSEW 200836
CLIBLI


CLIMATE REPORT
NATIONAL WEATHER SERVICE SEATTLE WA
135 AM PDT FRI APR 20 2018


...................................

...THE BELLINGHAM WA AIRPORT CLIMATE SUMMARY FOR APRIL 19 2018...

CLIMATE NORMAL PERIOD 1981 TO 2010
CLIMATE RECORD PERIOD 1949 TO 2018


WEATHER ITEM   OBSERVED TIME   RECORD YEAR NORMAL DEPARTURE LAST
                VALUE   (LST)  VALUE       VALUE  FROM      YEAR
                                                  NORMAL
..................................................................
TEMPERATURE (F)
 YESTERDAY
  MAXIMUM         59    425 PM  74    2016  57      2       57
  MINIMUM         36    450 AM  28    1951  40     -4       44
  AVERAGE         48                        49     -1       51

PRECIPITATION (IN)
  YESTERDAY        0.00          1.02 2012   0.09  -0.09      T
  MONTH TO DATE    2.99                      1.81   1.18     2.68
  SINCE OCT 1     33.08                     26.42   6.66    33.66
  SINCE JAN 1     15.46                     12.72   2.74    14.54

DEGREE DAYS
 HEATING
  YESTERDAY       17                        16      1       14
  MONTH TO DATE  320                       329     -9      287
  SINCE MAR 1    983                       972     11      893

 COOLING
  YESTERDAY        0                         0      0        0
  MONTH TO DATE    0                         0      0        0
  SINCE MAR 1      0                         0      0        0
  SINCE JAN 1      0                         0      0        0
..................................................................


WIND (MPH)
  RESULTANT WIND SPEED   3   RESULTANT WIND DIRECTION   S (170)
  HIGHEST WIND SPEED     9   HIGHEST WIND DIRECTION     S (180)
  HIGHEST GUST SPEED    12   HIGHEST GUST DIRECTION     S (170)
  AVERAGE WIND SPEED     3.3


SKY COVER
  AVERAGE SKY COVER 0.2


WEATHER CONDITIONS
 THE FOLLOWING WEATHER WAS RECORDED YESTERDAY.
  NO SIGNIFICANT WEATHER WAS OBSERVED.


RELATIVE HUMIDITY (PERCENT)
 HIGHEST   100          1200 AM
 LOWEST     43           300 PM
 AVERAGE    72

..........................................................


THE BELLINGHAM WA AIRPORT CLIMATE NORMALS FOR TODAY
                         NORMAL    RECORD    YEAR
 MAXIMUM TEMPERATURE (F)   58        78      2016
 MINIMUM TEMPERATURE (F)   40        24      1951


SUNRISE AND SUNSET
APRIL 20 2018.........SUNRISE   609 AM PDT   SUNSET   810 PM PDT
APRIL 21 2018.........SUNRISE   608 AM PDT   SUNSET   811 PM PDT


-  INDICATES NEGATIVE NUMBERS.
R  INDICATES RECORD WAS SET OR TIED.
MM INDICATES DATA IS MISSING.
T  INDICATES TRACE AMOUNT.




$$
