000
CDUS45 KBOI 240120
CLIBNO


CLIMATE REPORT
NATIONAL WEATHER SERVICE BOISE ID
720 PM MDT MON APR 23 2018


...................................

...THE BURNS OR CLIMATE SUMMARY FOR APRIL 23 2018...
VALID TODAY AS OF 0600 PM LOCAL TIME.

CLIMATE NORMAL PERIOD 1981 TO 2010
CLIMATE RECORD PERIOD 1938 TO 2018


WEATHER ITEM   OBSERVED TIME   RECORD YEAR NORMAL DEPARTURE LAST
                VALUE   (LST)  VALUE       VALUE  FROM      YEAR
                                                  NORMAL
..................................................................
TEMPERATURE (F)
 TODAY
  MAXIMUM         62    417 PM  82    2012  59      3       57
  MINIMUM         19    515 AM  13    2013  30    -11       41
  AVERAGE         41                        45     -4       49

PRECIPITATION (IN)
  TODAY            0.00          0.49 2005   0.04  -0.04      T
  MONTH TO DATE    0.53                      0.72  -0.19     0.80
  SINCE OCT 1      5.93                      7.52  -1.59    11.01
  SINCE JAN 1      3.27                      4.02  -0.75     7.50

DEGREE DAYS
 HEATING
  TODAY           24                        20      4       16
  MONTH TO DATE  518                       520     -2      530
  SINCE MAR 1   1396                      1377     19     1325
  SINCE JUL 1   6669                      6905   -236     7199

 COOLING
  TODAY            0                         0      0        0
  MONTH TO DATE    0                         0      0        0
  SINCE MAR 1      0                         0      0        0
  SINCE JAN 1      0                         0      0        0
..................................................................


WIND (MPH)
  HIGHEST WIND SPEED    17   HIGHEST WIND DIRECTION     W (270)
  HIGHEST GUST SPEED    20   HIGHEST GUST DIRECTION     W (280)
  AVERAGE WIND SPEED     5.4



WEATHER CONDITIONS
 THE FOLLOWING WEATHER WAS RECORDED TODAY.
  NO SIGNIFICANT WEATHER WAS OBSERVED.


RELATIVE HUMIDITY (PERCENT)
 HIGHEST    77           500 AM
 LOWEST     17           100 PM
 AVERAGE    47

..........................................................


THE BURNS OR CLIMATE NORMALS FOR TOMORROW
                         NORMAL    RECORD    YEAR
 MAXIMUM TEMPERATURE (F)   59        84      1977
 MINIMUM TEMPERATURE (F)   31        17      2002


SUNRISE AND SUNSET
APRIL 23 2018.........SUNRISE   600 AM PDT   SUNSET   749 PM PDT
APRIL 24 2018.........SUNRISE   559 AM PDT   SUNSET   750 PM PDT


-  INDICATES NEGATIVE NUMBERS.
R  INDICATES RECORD WAS SET OR TIED.
MM INDICATES DATA IS MISSING.
T  INDICATES TRACE AMOUNT.




$$
