931
CDUS45 KBOI 250938
CLIBOI


CLIMATE REPORT
NATIONAL WEATHER SERVICE BOISE ID
337 AM MDT FRI MAY 25 2018


...................................

...THE BOISE ID CLIMATE SUMMARY FOR MAY 24 2018...

CLIMATE NORMAL PERIOD 1981 TO 2010
CLIMATE RECORD PERIOD 1875 TO 2018


WEATHER ITEM   OBSERVED TIME   RECORD YEAR NORMAL DEPARTURE LAST
                VALUE   (LST)  VALUE       VALUE  FROM      YEAR
                                                  NORMAL
..................................................................
TEMPERATURE (F)
 YESTERDAY
  MAXIMUM         85    351 PM  97    2003  74     11       73
                                      2001
  MINIMUM         56    536 AM  33    1975  49      7       52
                                      1893
  AVERAGE         71                        61     10       63

PRECIPITATION (IN)
  YESTERDAY        0.00          1.09 1962   0.04  -0.04     0.00
  MONTH TO DATE    1.61                      1.09   0.52     0.74
  SINCE OCT 1      9.82                      9.59   0.23    13.29
  SINCE JAN 1      6.43                      5.94   0.49     9.79

SNOWFALL (IN)
  YESTERDAY        0.0           0.0  2007   0.0    0.0      0.0
  MONTH TO DATE    0.0                       0.0    0.0      0.0
  SINCE OCT 1     20.1                      19.2    0.9     39.1
  SINCE JUL 1     20.1                      19.2    0.9     39.1
  SNOW DEPTH       0

DEGREE DAYS
 HEATING
  YESTERDAY        0                         5     -5        2
  MONTH TO DATE   77                       193   -116      201
  SINCE MAR 1   1092                      1258   -166     1153
  SINCE JUL 1   5093                      5417   -324     5440

 COOLING
  YESTERDAY        6                         2      4        0
  MONTH TO DATE   33                        27      6       26
  SINCE MAR 1     38                        30      8       26
  SINCE JAN 1     38                        30      8       26
..................................................................


WIND (MPH)
  HIGHEST WIND SPEED    21   HIGHEST WIND DIRECTION     E (90)
  HIGHEST GUST SPEED    27   HIGHEST GUST DIRECTION     E (110)
  AVERAGE WIND SPEED     6.1


SKY COVER
  POSSIBLE SUNSHINE  MM
  AVERAGE SKY COVER 0.1


WEATHER CONDITIONS
 THE FOLLOWING WEATHER WAS RECORDED YESTERDAY.
  NO SIGNIFICANT WEATHER WAS OBSERVED.


RELATIVE HUMIDITY (PERCENT)
 HIGHEST    93           200 AM
 LOWEST     28           600 PM
 AVERAGE    61

..........................................................


THE BOISE ID CLIMATE NORMALS FOR TODAY
                         NORMAL    RECORD    YEAR
 MAXIMUM TEMPERATURE (F)   74        96      1961
 MINIMUM TEMPERATURE (F)   49        30      1975
                                             1918


SUNRISE AND SUNSET
MAY 25 2018...........SUNRISE   611 AM MDT   SUNSET   913 PM MDT
MAY 26 2018...........SUNRISE   610 AM MDT   SUNSET   914 PM MDT


-  INDICATES NEGATIVE NUMBERS.
R  INDICATES RECORD WAS SET OR TIED.
MM INDICATES DATA IS MISSING.
T  INDICATES TRACE AMOUNT.




$$
