000
CDUS45 KRIW 230755
CLIBPI


CLIMATE REPORT
NATIONAL WEATHER SERVICE RIVERTON WY
154 AM MDT MON APR 23 2018


...................................

...THE BIG PINEY WY CLIMATE SUMMARY FOR APRIL 22 2018...

CLIMATE NORMAL PERIOD 1981 TO 2010
CLIMATE RECORD PERIOD 1976 TO 2018


WEATHER ITEM   OBSERVED TIME   RECORD YEAR NORMAL DEPARTURE LAST
                VALUE   (LST)  VALUE       VALUE  FROM      YEAR
                                                  NORMAL
..................................................................
TEMPERATURE (F)
 YESTERDAY
  MAXIMUM         67    318 PM  75    2012  54     13       54
  MINIMUM         20    544 AM  10    2008  23     -3       20
  AVERAGE         44                        39      5       37

PRECIPITATION (IN)
  YESTERDAY        0.00          0.66 2010   0.01  -0.01     0.00
  MONTH TO DATE    0.22                      0.35  -0.13     0.84
  SINCE MAR 1      0.49                      0.79  -0.30     2.29
  SINCE JAN 1      0.54                      1.45  -0.91     4.03

DEGREE DAYS
 HEATING
  YESTERDAY       21                        26     -5       28
  MONTH TO DATE  649                       636     13      617
  SINCE MAR 1   1774                      1808    -34     1728
  SINCE JUL 1   8271                      9331  -1060     9158

 COOLING
  YESTERDAY        0                         0      0        0
  MONTH TO DATE    0                         0      0        0
  SINCE MAR 1      0                         0      0        0
  SINCE JAN 1      0                         0      0        0
..................................................................


WIND (MPH)
  HIGHEST WIND SPEED    16   HIGHEST WIND DIRECTION     W (270)
  HIGHEST GUST SPEED    19   HIGHEST GUST DIRECTION     W (270)
  AVERAGE WIND SPEED     4.9


SKY COVER
  POSSIBLE SUNSHINE  MM
  AVERAGE SKY COVER 0.1


WEATHER CONDITIONS
 THE FOLLOWING WEATHER WAS RECORDED YESTERDAY.
  NO SIGNIFICANT WEATHER WAS OBSERVED.


RELATIVE HUMIDITY (PERCENT)
 HIGHEST    84           600 AM
 LOWEST     16           400 PM
 AVERAGE    50

..........................................................


THE BIG PINEY WY CLIMATE NORMALS FOR TODAY
                         NORMAL    RECORD    YEAR
 MAXIMUM TEMPERATURE (F)   55        77      2012
 MINIMUM TEMPERATURE (F)   24        -5      2013


SUNRISE AND SUNSET
APRIL 23 2018.........SUNRISE   627 AM MDT   SUNSET   812 PM MDT
APRIL 24 2018.........SUNRISE   625 AM MDT   SUNSET   813 PM MDT


-  INDICATES NEGATIVE NUMBERS.
R  INDICATES RECORD WAS SET OR TIED.
MM INDICATES DATA IS MISSING.
T  INDICATES TRACE AMOUNT.




$$
