000
CDUS43 KDVN 260940
CLIBRL


CLIMATE REPORT
NATIONAL WEATHER SERVICE QUAD CITIES IA IL
438 AM CDT SAT MAY 26 2018


...................................

...THE BURLINGTON IA CLIMATE SUMMARY FOR MAY 25 2018...

CLIMATE NORMAL PERIOD 1981 TO 2010
CLIMATE RECORD PERIOD 1897 TO 2018


WEATHER ITEM   OBSERVED TIME   RECORD YEAR NORMAL DEPARTURE LAST
                VALUE   (LST)  VALUE       VALUE  FROM      YEAR
                                                  NORMAL
..................................................................
TEMPERATURE (F)
 YESTERDAY
  MAXIMUM         84    423 PM  95    1911  77      7       72
  MINIMUM         65   1152 PM  35    1925  56      9       48
  AVERAGE         75                        66      9       60

PRECIPITATION (IN)
  YESTERDAY        0.04         MM      MM   0.15  -0.11     0.00
  MONTH TO DATE    2.14                      3.96  -1.82     3.02
  SINCE MAR 1      5.63                     10.51  -4.88    11.99
  SINCE JAN 1      9.72                     13.37  -3.65    13.85

DEGREE DAYS
 HEATING
  YESTERDAY        0                         2     -2        5
  MONTH TO DATE   10                       114   -104      134
  SINCE MAR 1   1444                      1198    246     1112
  SINCE JUL 1   5937                      5576    361     4806

 COOLING
  YESTERDAY       10                         4      6        0
  MONTH TO DATE  120                        56     64       48
  SINCE MAR 1    122                        76     46       68
  SINCE JAN 1    122                        76     46       68
..................................................................


WIND (MPH)
  HIGHEST WIND SPEED    15   HIGHEST WIND DIRECTION    SW (220)
  HIGHEST GUST SPEED    18   HIGHEST GUST DIRECTION    SW (230)
  AVERAGE WIND SPEED     5.8


SKY COVER
  POSSIBLE SUNSHINE  MM
  AVERAGE SKY COVER 0.1


WEATHER CONDITIONS
 THE FOLLOWING WEATHER WAS RECORDED YESTERDAY.
  THUNDERSTORM
  LIGHT RAIN
  FOG
  HAZE


RELATIVE HUMIDITY (PERCENT)
 HIGHEST    90          1100 PM
 LOWEST     58          1200 PM
 AVERAGE    74

..........................................................


THE BURLINGTON IA CLIMATE NORMALS FOR TODAY
                         NORMAL    RECORD    YEAR
 MAXIMUM TEMPERATURE (F)   78        96      1926
 MINIMUM TEMPERATURE (F)   56        37      1901


SUNRISE AND SUNSET
MAY 26 2018...........SUNRISE   538 AM CDT   SUNSET   825 PM CDT
MAY 27 2018...........SUNRISE   538 AM CDT   SUNSET   826 PM CDT


-  INDICATES NEGATIVE NUMBERS.
R  INDICATES RECORD WAS SET OR TIED.
MM INDICATES DATA IS MISSING.
T  INDICATES TRACE AMOUNT.




$$
