000
CDUS44 KLIX 232118
CLIBTR


CLIMATE REPORT
NATIONAL WEATHER SERVICE NEW ORLEANS
NATIONAL WEATHER SERVICE NEW ORL
416 PM CDT MON APR 23 2018


...................................

...THE BATON ROUGE  ASOS CLIMATE SUMMARY FOR APRIL 23 2018...
VALID TODAY AS OF 0400 PM LOCAL TIME.

CLIMATE NORMAL PERIOD 1981 TO 2010
CLIMATE RECORD PERIOD 1894 TO 2018


WEATHER ITEM   OBSERVED TIME   RECORD YEAR NORMAL DEPARTURE LAST
                VALUE   (LST)  VALUE       VALUE  FROM      YEAR
                                                  NORMAL
..................................................................
TEMPERATURE (F)
 TODAY
  MAXIMUM         72    259 PM  90    1999  81     -9       67
                                      1958
  MINIMUM         52    556 AM  42    1927  59     -7       52
  AVERAGE         62

PRECIPITATION (IN)
  TODAY            0.00          3.20 1900   0.13  -0.13     0.00
  MONTH TO DATE    5.16                      3.49   1.67     4.54
  SINCE MAR 1     10.24                      7.90   2.34     8.28
  SINCE JAN 1     21.43                     18.66   2.77    19.71

SNOWFALL (IN)
  TODAY            0.0
  MONTH TO DATE    0.0
  SINCE MAR 1      0.0
  SINCE JUL 1      4.0
  SNOW DEPTH       0

DEGREE DAYS
 HEATING
  TODAY            3                         1      2        5
  MONTH TO DATE   73                        47     26       11
  SINCE MAR 1    203                       214    -11       95
  SINCE JUL 1   1488                      1549    -61      799

 COOLING
  TODAY            0                         6     -6        0
  MONTH TO DATE   33                        97    -64      143
  SINCE MAR 1    114                       155    -41      281
  SINCE JAN 1    233                       186     47      424
..................................................................


WIND (MPH)
  HIGHEST WIND SPEED    17   HIGHEST WIND DIRECTION     W (270)
  HIGHEST GUST SPEED    21   HIGHEST GUST DIRECTION     W (260)
  AVERAGE WIND SPEED     7.3


SKY COVER
  POSSIBLE SUNSHINE  MM
  AVERAGE SKY COVER 0.3


WEATHER CONDITIONS
 THE FOLLOWING WEATHER WAS RECORDED TODAY.
  NO SIGNIFICANT WEATHER WAS OBSERVED.


RELATIVE HUMIDITY (PERCENT)
 HIGHEST    96           500 AM
 LOWEST     53           200 PM
 AVERAGE    75

..........................................................


THE BATON ROUGE  ASOS CLIMATE NORMALS FOR TOMORROW
                         NORMAL    RECORD    YEAR
 MAXIMUM TEMPERATURE (F)   81        91      1999
                                             1958
 MINIMUM TEMPERATURE (F)   59        44      2012


SUNRISE AND SUNSET
APRIL 23 2018.........SUNRISE   629 AM CDT   SUNSET   738 PM CDT
APRIL 24 2018.........SUNRISE   628 AM CDT   SUNSET   738 PM CDT


-  INDICATES NEGATIVE NUMBERS.
R  INDICATES RECORD WAS SET OR TIED.
MM INDICATES DATA IS MISSING.
T  INDICATES TRACE AMOUNT.




$$
