000
CDUS46 KLOX 200902
CLIBUR


CLIMATE REPORT
NATIONAL WEATHER SERVICE LOS ANGELES/OXNARD CA
202 AM PDT SUN MAY 20 2018


...................................

...THE BOB HOPE AIRPORT (BURBANK) CA CLIMATE SUMMARY FOR MAY 19 2018...

CLIMATE NORMAL PERIOD 1981 TO 2010
CLIMATE RECORD PERIOD 1939 TO 2018


WEATHER ITEM   OBSERVED TIME   RECORD YEAR NORMAL DEPARTURE LAST
                VALUE   (LST)  VALUE       VALUE  FROM      YEAR
                                                  NORMAL
..................................................................
TEMPERATURE (F)
 YESTERDAY
  MAXIMUM         69    354 PM 100    1942  76     -7       86
  MINIMUM         56    453 AM  43    1945  55      1       57
  AVERAGE         63                        66     -3       72

PRECIPITATION (IN)
  YESTERDAY        0.00          0.11 1949   0.01  -0.01     0.00
  MONTH TO DATE    0.03                      0.26  -0.23     0.13
  SINCE OCT 1      6.26                     16.79 -10.53    13.83
  SINCE JAN 1      6.18                     12.35  -6.17     9.57

SNOWFALL (IN)
  YESTERDAY        0.0
  MONTH TO DATE    0.0
  SINCE MAR 1      0.0
  SINCE JUL 1      0.0

DEGREE DAYS
 HEATING
  YESTERDAY        2                         2      0        0
  MONTH TO DATE   41                        43     -2       55
  SINCE MAR 1    302                       399    -97      181
  SINCE JUL 1    808                      1540   -732     1174

 COOLING
  YESTERDAY        0                         2     -2        7
  MONTH TO DATE   47                        38      9       39
  SINCE MAR 1    107                        83     24      186
  SINCE JAN 1    141                        89     52      187
..................................................................


WIND (MPH)
  HIGHEST WIND SPEED    13   HIGHEST WIND DIRECTION     S (190)
  HIGHEST GUST SPEED    18   HIGHEST GUST DIRECTION     S (160)
  AVERAGE WIND SPEED     4.5


SKY COVER
  POSSIBLE SUNSHINE  MM
  AVERAGE SKY COVER 0.6


WEATHER CONDITIONS
 THE FOLLOWING WEATHER WAS RECORDED YESTERDAY.
  NO SIGNIFICANT WEATHER WAS OBSERVED.


RELATIVE HUMIDITY (PERCENT)
 HIGHEST   100           400 AM
 LOWEST     63           300 PM
 AVERAGE    82

..........................................................


THE BOB HOPE AIRPORT (BURBANK) CA CLIMATE NORMALS FOR TODAY
                         NORMAL    RECORD    YEAR
 MAXIMUM TEMPERATURE (F)   76       105      1942
 MINIMUM TEMPERATURE (F)   55        40      1948


SUNRISE AND SUNSET
MAY 20 2018...........SUNRISE   548 AM PDT   SUNSET   752 PM PDT
MAY 21 2018...........SUNRISE   548 AM PDT   SUNSET   753 PM PDT


-  INDICATES NEGATIVE NUMBERS.
R  INDICATES RECORD WAS SET OR TIED.
MM INDICATES DATA IS MISSING.
T  INDICATES TRACE AMOUNT.




$$
