000
CDUS41 KLWX 200526
CLIBWI


CLIMATE REPORT
NATIONAL WEATHER SERVICE BALTIMORE MD/WASHINGTON DC
125 AM EDT FRI APR 20 2018


...................................

...THE BALTIMORE MD CLIMATE SUMMARY FOR APRIL 19 2018...

CLIMATE NORMAL PERIOD 1981 TO 2010
CLIMATE RECORD PERIOD 1871 TO 2018


WEATHER ITEM   OBSERVED TIME   RECORD YEAR NORMAL DEPARTURE LAST
                VALUE   (LST)  VALUE       VALUE  FROM      YEAR
                                                  NORMAL
..................................................................
TEMPERATURE (F)
 YESTERDAY
  MAXIMUM         61    958 AM  93    1896  66     -5       62
  MINIMUM         37   1116 PM  24    1875  44     -7       48
  AVERAGE         49                        55     -6       55

PRECIPITATION (IN)
  YESTERDAY        T             1.46 1943   0.10  -0.10     0.00
  MONTH TO DATE    1.65                      2.05  -0.40     2.15
  SINCE MAR 1      3.90                      5.95  -2.05     5.97
  SINCE JAN 1     10.20                     11.90  -1.70    10.12

SNOWFALL (IN)
  YESTERDAY        0.0           T    1983   0.0    0.0
                                      1907
  MONTH TO DATE    0.0                       0.0    0.0
  SINCE JUL 1     15.4                      20.1   -4.7
  SNOW DEPTH       0

DEGREE DAYS
 HEATING
  YESTERDAY       16                        11      5       10
  MONTH TO DATE  285                       255     30      135
  SINCE MAR 1   1045                       921    124      782
  SINCE JUL 1   4357                      4516   -159     3673

 COOLING
  YESTERDAY        0                         1     -1        0
  MONTH TO DATE   21                         1     20       20
  SINCE MAR 1     21                         2     19       20
  SINCE JAN 1     22                         2     20       20
..................................................................


WIND (MPH)
  HIGHEST WIND SPEED    31   HIGHEST WIND DIRECTION    NW (300)
  HIGHEST GUST SPEED    42   HIGHEST GUST DIRECTION     W (280)
  AVERAGE WIND SPEED    12.5


SKY COVER
  POSSIBLE SUNSHINE  MM
  AVERAGE SKY COVER 0.7


WEATHER CONDITIONS
 THE FOLLOWING WEATHER WAS RECORDED YESTERDAY.
  LIGHT RAIN


RELATIVE HUMIDITY (PERCENT)
 HIGHEST    80           100 AM
 LOWEST     42           500 PM
 AVERAGE    61

..........................................................


THE BALTIMORE MD CLIMATE NORMALS FOR TODAY
                         NORMAL    RECORD    YEAR
 MAXIMUM TEMPERATURE (F)   66        94      1941
 MINIMUM TEMPERATURE (F)   44        27      1904


SUNRISE AND SUNSET
APRIL 20 2018.........SUNRISE   623 AM EDT   SUNSET   749 PM EDT
APRIL 21 2018.........SUNRISE   621 AM EDT   SUNSET   750 PM EDT


-  INDICATES NEGATIVE NUMBERS.
R  INDICATES RECORD WAS SET OR TIED.
MM INDICATES DATA IS MISSING.
T  INDICATES TRACE AMOUNT.




$$
