000
CDUS45 KTFX 210733
CLIBZN


CLIMATE REPORT
NATIONAL WEATHER SERVICE GREAT FALLS MT
132 AM MDT MON MAY 21 2018


...................................

...THE BOZEMAN/GALLATIN FIELD MT CLIMATE SUMMARY FOR MAY 20 2018...

CLIMATE NORMAL PERIOD 1981 TO 2010
CLIMATE RECORD PERIOD 1935 TO 2018


WEATHER ITEM   OBSERVED TIME   RECORD YEAR NORMAL DEPARTURE LAST
                VALUE   (LST)  VALUE       VALUE  FROM      YEAR
                                                  NORMAL
..................................................................
TEMPERATURE (F)
 YESTERDAY
  MAXIMUM         73    440 PM  87    1964  70      3       65
  MINIMUM         36    456 AM  24    1989  40     -4       36
  AVERAGE         55                        55      0       51

PRECIPITATION (IN)
  YESTERDAY        0.00          0.97 1957   0.09  -0.09     0.07
  MONTH TO DATE    0.95                      1.44  -0.49     1.67
  SINCE OCT 1      9.83                      7.27   2.56     8.83
  SINCE JAN 1      6.85                      4.89   1.96     5.50

SNOWFALL (IN)
  YESTERDAY        0.0           3.0  1957   0.1   -0.1      0.0
  MONTH TO DATE    0.0                       1.9   -1.9      1.0
  SINCE MAR 1     15.3                      17.1   -1.8      5.3
  SINCE JUL 1     67.6                      39.4   28.2     44.5
  SNOW DEPTH       0

DEGREE DAYS
 HEATING
  YESTERDAY       10                        10      0       14
  MONTH TO DATE  236                       258    -22      296
  SINCE MAR 1   2006                      1739    267     1664
  SINCE JUL 1   8326                      7319   1007     7857

 COOLING
  YESTERDAY        0                         0      0        0
  MONTH TO DATE    0                         0      0        0
  SINCE MAR 1      0                         0      0        0
  SINCE JAN 1      0                         0      0        0
..................................................................


WIND (MPH)
  HIGHEST WIND SPEED    16   HIGHEST WIND DIRECTION    SE (150)
  HIGHEST GUST SPEED    21   HIGHEST GUST DIRECTION    SE (150)
  AVERAGE WIND SPEED     4.0


SKY COVER
  AVERAGE SKY COVER 0.1


WEATHER CONDITIONS
 THE FOLLOWING WEATHER WAS RECORDED YESTERDAY.
  FOG


RELATIVE HUMIDITY (PERCENT)
 HIGHEST   100
 LOWEST     44
 AVERAGE    72

..........................................................


THE BOZEMAN/GALLATIN FIELD MT CLIMATE NORMALS FOR TODAY
                         NORMAL    RECORD    YEAR
 MAXIMUM TEMPERATURE (F)   70        88      1980
 MINIMUM TEMPERATURE (F)   41        22      2001


SUNRISE AND SUNSET
MAY 21 2018...........SUNRISE   547 AM MDT   SUNSET   856 PM MDT
MAY 22 2018...........SUNRISE   546 AM MDT   SUNSET   857 PM MDT


-  INDICATES NEGATIVE NUMBERS.
R  INDICATES RECORD WAS SET OR TIED.
MM INDICATES DATA IS MISSING.
T  INDICATES TRACE AMOUNT.




$$
