000
CDUS45 KABQ 200828
CLICAO


CLIMATE REPORT
NATIONAL WEATHER SERVICE ALBUQUERQUE NM
228 AM MDT FRI APR 20 2018


...................................

...THE CLAYTON  NM CLIMATE SUMMARY FOR APRIL 19 2018...

CLIMATE NORMAL PERIOD 1981 TO 2010
CLIMATE RECORD PERIOD 1896 TO 2018


WEATHER ITEM   OBSERVED TIME   RECORD YEAR NORMAL DEPARTURE
                VALUE   (LST)  VALUE       VALUE  FROM
                                                  NORMAL
...............................................................
TEMPERATURE (F)
 YESTERDAY
  MAXIMUM         67    320 PM  85    2017  68     -1
                                      2001
  MINIMUM         33    538 AM  21    1953  39     -6
  AVERAGE         50                        53     -3

PRECIPITATION (IN)
  YESTERDAY        0.00          1.85 1942   0.04  -0.04
  MONTH TO DATE    0.02                      0.53  -0.51
  SINCE MAR 1      0.09                      1.48  -1.39
  SINCE JAN 1      0.12                      2.10  -1.98

SNOWFALL (IN)
  YESTERDAY        0.0
  MONTH TO DATE    T
  SINCE MAR 1      T
  SINCE JUL 1      0.8

DEGREE DAYS
 HEATING
  YESTERDAY       15                        12      3
  MONTH TO DATE  313                       273     40
  SINCE MAR 1    880                       917    -37
  SINCE JUL 1   4260                      4594   -334

 COOLING
  YESTERDAY        0                         0      0
  MONTH TO DATE    6                         0      6
  SINCE MAR 1      6                         1      5
  SINCE JAN 1      6                         1      5
...............................................................


WIND (MPH)
  HIGHEST WIND SPEED    33   HIGHEST WIND DIRECTION     S (170)
  HIGHEST GUST SPEED    44   HIGHEST GUST DIRECTION     S (160)
  AVERAGE WIND SPEED    17.5


SKY COVER
  AVERAGE SKY COVER 0.0


WEATHER CONDITIONS
 THE FOLLOWING WEATHER WAS RECORDED YESTERDAY.
  NO SIGNIFICANT WEATHER WAS OBSERVED.


RELATIVE HUMIDITY (PERCENT)
 HIGHEST    41          1100 PM
 LOWEST     15           300 PM
 AVERAGE    28

..........................................................


THE CLAYTON  NM CLIMATE NORMALS FOR TODAY
                         NORMAL    RECORD    YEAR
 MAXIMUM TEMPERATURE (F)   68        90      1989
 MINIMUM TEMPERATURE (F)   39        20      1966


SUNRISE AND SUNSET
APRIL 20 2018.........SUNRISE   612 AM MDT   SUNSET   731 PM MDT
APRIL 21 2018.........SUNRISE   611 AM MDT   SUNSET   732 PM MDT


-  INDICATES NEGATIVE NUMBERS.
R  INDICATES RECORD WAS SET OR TIED.
MM INDICATES DATA IS MISSING.
T  INDICATES TRACE AMOUNT.




$$
