000
CDAK48 PAFC 230059
CLICDB


CLIMATE REPORT
NATIONAL WEATHER SERVICE ANCHORAGE, AK
458 PM AKDT TUE MAY 22 2018


...................................

...THE COLD BAY CLIMATE SUMMARY FOR MAY 22 2018...
VALID TODAY AS OF 0400 PM LOCAL TIME.

CLIMATE NORMAL PERIOD 1981 TO 2010
CLIMATE RECORD PERIOD 1942 TO 2018


WEATHER ITEM   OBSERVED TIME   RECORD YEAR NORMAL DEPARTURE LAST
                VALUE   (LST)  VALUE       VALUE  FROM      YEAR
                                                  NORMAL
..................................................................
TEMPERATURE (F)
 TODAY
  MAXIMUM         48        MM  58    2003  47      1       51
  MINIMUM         38        MM  18    1973  36      2       39
  AVERAGE         43                        42      1       45

PRECIPITATION (IN)
  TODAY            T             0.61 2004   0.09  -0.09      T
  MONTH TO DATE    2.38                      1.76   0.62     1.34
  SINCE MAR 1      8.71                      6.88   1.83     2.39
  SINCE JAN 1     14.56                     13.02   1.54     9.37

SNOWFALL (IN)
  TODAY            0.0           1.4  1970   0.0    0.0     MM
  MONTH TO DATE    T                         1.2   -1.2      0.0
  SINCE MAR 1      6.2                      20.8  -14.6      2.9
  SINCE JUL 1     41.4                      73.0  -31.6     39.5
  SNOW DEPTH       0

DEGREE DAYS
 HEATING
  TODAY           22                        24     -2       20
  MONTH TO DATE  543                       562    -19      514
  SINCE MAR 1   2261                      2574   -313     2569
  SINCE JUL 1   7804                      8792   -988     8129

 COOLING
  TODAY            0                         0      0        0
  MONTH TO DATE    0                         0      0        0
  SINCE MAR 1      0                         0      0        0
  SINCE JAN 1      0                         0      0        0
..................................................................


WIND (MPH)
  RESULTANT WIND SPEED   7   RESULTANT WIND DIRECTION  NW (310)
  HIGHEST WIND SPEED    18   HIGHEST WIND DIRECTION     W (290)
  HIGHEST GUST SPEED    MM   HIGHEST GUST DIRECTION    MM
  AVERAGE WIND SPEED    11.0



WEATHER CONDITIONS
 THE FOLLOWING WEATHER WAS RECORDED TODAY.
  LIGHT RAIN
  FOG


RELATIVE HUMIDITY (PERCENT)
 HIGHEST   100
 LOWEST     76
 AVERAGE    88

..........................................................


THE COLD BAY CLIMATE NORMALS FOR TOMORROW
                         NORMAL    RECORD    YEAR
 MAXIMUM TEMPERATURE (F)   47        59      1992
 MINIMUM TEMPERATURE (F)   36        27      1966


SUNRISE AND SUNSET
MAY 22 2018...........SUNRISE   630 AM AKDT  SUNSET  1106 PM AKDT
MAY 23 2018...........SUNRISE   629 AM AKDT  SUNSET  1108 PM AKDT


-  INDICATES NEGATIVE NUMBERS.
R  INDICATES RECORD WAS SET OR TIED.
MM INDICATES DATA IS MISSING.
T  INDICATES TRACE AMOUNT.




$$
