000
CDUS41 KCLE 230545
CLICLE


CLIMATE REPORT
NATIONAL WEATHER SERVICE CLEVELAND OH
145 AM EDT WED MAY 23 2018


...................................

...THE CLEVELAND OH CLIMATE SUMMARY FOR MAY 22 2018...

CLIMATE NORMAL PERIOD 1981 TO 2010
CLIMATE RECORD PERIOD 1871 TO 2018


WEATHER ITEM   OBSERVED TIME   RECORD YEAR NORMAL DEPARTURE LAST
                VALUE   (LST)  VALUE       VALUE  FROM      YEAR
                                                  NORMAL
..................................................................
TEMPERATURE (F)
 YESTERDAY
  MAXIMUM         79   1215 PM  89    1911  71      8       71
  MINIMUM         59   1159 PM  35    2002  52      7       54
  AVERAGE         69                        62      7       63

PRECIPITATION (IN)
  YESTERDAY        0.96                      0.12   0.84     0.00
  MONTH TO DATE    5.55                      2.54   3.01     2.94
  SINCE MAR 1     13.94                      8.96   4.98    11.45
  SINCE JAN 1     19.46                     14.02   5.44    18.91

SNOWFALL (IN)
  YESTERDAY        0.0                       0.0    0.0      0.0
  MONTH TO DATE    0.0                       0.1   -0.1      0.0
  SINCE MAR 1     16.0                      16.0    0.0     12.1
  SINCE JUL 1     53.1                      68.2  -15.1     37.3
  SNOW DEPTH       0

DEGREE DAYS
 HEATING
  YESTERDAY        0                         5     -5        2
  MONTH TO DATE   60                       171   -111      190
  SINCE MAR 1   1635                      1465    170     1234
  SINCE JUL 1   5622                      5682    -60     4545

 COOLING
  YESTERDAY        4                         2      2        0
  MONTH TO DATE   43                        28     15       39
  SINCE MAR 1     43                        39      4       70
  SINCE JAN 1     46                        39      7       70
..................................................................


WIND (MPH)
  HIGHEST WIND SPEED    17   HIGHEST WIND DIRECTION     N (350)
  HIGHEST GUST SPEED    22   HIGHEST GUST DIRECTION     S (200)
  AVERAGE WIND SPEED     8.4


SKY COVER
  POSSIBLE SUNSHINE  MM
  AVERAGE SKY COVER 0.9


WEATHER CONDITIONS
 THE FOLLOWING WEATHER WAS RECORDED YESTERDAY.
  THUNDERSTORM
  HEAVY RAIN
  RAIN
  LIGHT RAIN
  FOG


RELATIVE HUMIDITY (PERCENT)
 HIGHEST    93          1200 AM
 LOWEST     69          1200 PM
 AVERAGE    81

..........................................................


THE CLEVELAND OH CLIMATE NORMALS FOR TODAY
                         NORMAL    RECORD    YEAR
 MAXIMUM TEMPERATURE (F)   72        90      1991
 MINIMUM TEMPERATURE (F)   52        34      1961


SUNRISE AND SUNSET
MAY 23 2018...........SUNRISE   602 AM EDT   SUNSET   847 PM EDT
MAY 24 2018...........SUNRISE   601 AM EDT   SUNSET   848 PM EDT


-  INDICATES NEGATIVE NUMBERS.
R  INDICATES RECORD WAS SET OR TIED.
MM INDICATES DATA IS MISSING.
T  INDICATES TRACE AMOUNT.




$$
